{"id":980,"date":"2023-09-08T11:10:12","date_gmt":"2023-09-08T14:10:12","guid":{"rendered":"https:\/\/www2.uepg.br\/ppgh\/?page_id=980"},"modified":"2023-09-08T11:10:12","modified_gmt":"2023-09-08T14:10:12","slug":"edital-ppgh-uepg-15-2023","status":"publish","type":"page","link":"https:\/\/www2.uepg.br\/ppgh\/edital-ppgh-uepg-15-2023\/","title":{"rendered":"EDITAL PPGH UEPG 15\/2023"},"content":{"rendered":"<p><strong>EDITAL PPGH 15 2023 &#8211; Candidata aprovada para est\u00e1gio p\u00f3s-doutoral modalidade sem bolsa<\/strong><\/p>\n<p>A Coordena\u00e7\u00e3o do Programa de P\u00f3s-Gradua\u00e7\u00e3o em Hist\u00f3ria (PPGH) da Universidade Estadual de Ponta Grossa, no uso de suas atribui\u00e7\u00f5es, considerando o que prev\u00ea o Edital PPGH 13\/2023 e em aten\u00e7\u00e3o \u00e0 delibera\u00e7\u00e3o do Colegiado, torna p\u00fablico o candidato aprovados no processo seletivo para o est\u00e1gio p\u00f3s-doutoral junto a este Programa<\/p>\n<p style=\"text-align: center\"><strong>Talita Gon\u00e7alves Medeiros<\/strong><\/p>\n<p>&nbsp;<\/p>\n<p style=\"text-align: right\">Ponta Grossa, 30 de agosto de 2023<\/p>\n<p style=\"text-align: right\">A coordena\u00e7\u00e3o<\/p>\n","protected":false},"excerpt":{"rendered":"<p>EDITAL PPGH 15 2023 &#8211; Candidata aprovada para est\u00e1gio p\u00f3s-doutoral modalidade sem bolsa A Coordena\u00e7\u00e3o do Programa de P\u00f3s-Gradua\u00e7\u00e3o em Hist\u00f3ria (PPGH) da Universidade Estadual de Ponta Grossa, no uso de suas atribui\u00e7\u00f5es, considerando o que prev\u00ea o Edital PPGH 13\/2023 e em aten\u00e7\u00e3o \u00e0 delibera\u00e7\u00e3o do Colegiado, torna p\u00fablico o candidato aprovados no processo&nbsp;&hellip;<\/p>\n","protected":false},"author":188,"featured_media":0,"parent":0,"menu_order":0,"comment_status":"closed","ping_status":"closed","template":"","meta":[],"_links":{"self":[{"href":"https:\/\/www2.uepg.br\/ppgh\/wp-json\/wp\/v2\/pages\/980"}],"collection":[{"href":"https:\/\/www2.uepg.br\/ppgh\/wp-json\/wp\/v2\/pages"}],"about":[{"href":"https:\/\/www2.uepg.br\/ppgh\/wp-json\/wp\/v2\/types\/page"}],"author":[{"embeddable":true,"href":"https:\/\/www2.uepg.br\/ppgh\/wp-json\/wp\/v2\/users\/188"}],"replies":[{"embeddable":true,"href":"https:\/\/www2.uepg.br\/ppgh\/wp-json\/wp\/v2\/comments?post=980"}],"version-history":[{"count":1,"href":"https:\/\/www2.uepg.br\/ppgh\/wp-json\/wp\/v2\/pages\/980\/revisions"}],"predecessor-version":[{"id":981,"href":"https:\/\/www2.uepg.br\/ppgh\/wp-json\/wp\/v2\/pages\/980\/revisions\/981"}],"wp:attachment":[{"href":"https:\/\/www2.uepg.br\/ppgh\/wp-json\/wp\/v2\/media?parent=980"}],"curies":[{"name":"wp","href":"https:\/\/api.w.org\/{rel}","templated":true}]}}