{"id":1783,"date":"2023-05-05T14:50:45","date_gmt":"2023-05-05T17:50:45","guid":{"rendered":"https:\/\/www2.uepg.br\/ppgjor\/?page_id=1783"},"modified":"2025-05-30T10:15:42","modified_gmt":"2025-05-30T13:15:42","slug":"research-groups","status":"publish","type":"page","link":"https:\/\/www2.uepg.br\/ppgjor\/en\/research-groups\/","title":{"rendered":"RESEARCH GROUPS"},"content":{"rendered":"<p><a href=\"http:\/\/dgp.cnpq.br\/dgp\/espelhogrupo\/4428174589644778\">News Production and Consumption Logic\u00a0<\/a>: This group proposes a broad discussion about the journalistic field in several communication spaces, the journalistic activity historical and technological changes, and its relation with society. The team also seeks to identify the operational logic of productive circuits and to contribute to the creation of knowledge in this knowledge area, by promoting research and scientific activities involving professors and students (at the undergraduate and graduate levels).<\/p>\n<p><strong>Advisors:<\/strong>\u00a0PhD Marcelo Engel Bronosky; PhD C\u00edntia Xavier; PhD Rafael Schoenherr.<\/p>\n<p><a href=\"http:\/\/dgp.cnpq.br\/dgp\/espelhogrupo\/1044615973465841\">Digital Media Study and Research Group (GEMIDI) <\/a>: The main aim of this group is the implementation of studies and research on the following areas: media convergence, technological appropriation, cyber-activism, and hypermedia journalism. Its specific objectives include: a) to systematize elements of the civil society\/hypermedia relationship; b) to be a space for the development of activities of the research line \u201cJournalistic processes, representations and sociocultural practices\u201d; c)to offer support to individual research projects; and d) to foster the elaboration of papers for publication and\/or presentation in scientific events.<\/p>\n<p><strong>Advisors:<\/strong> PhD. Graziela Soares Bianchi; PhD Ivan Elizeu Bomfim Pereira.<\/p>\n<p><a href=\"http:\/\/dgp.cnpq.br\/dgp\/espelhogrupo\/3289559958954010\">Journalism and Gender Research Group\u00a0<\/a>: This group develops reflections upon gender issues in journalism, from studies on women in the journalism job market and on the production of representations of male and female in communicational processes. By proposing media analysis focused on gender, the group contributes to the development of studies on women participation in the journalistic field and the representation produced by the media over time, shedding some light on the implications of the journalism daily routine in the construction of reality and production of subjectivities. This team carries out research on gender-related themes, focusing on the following aspects: \u2013 Gender representations in the media; &#8211; Women in the journalism job market; and &#8211; Social movements, gender and alternative media. The group has organized the annual Symposium Women and Society since 2012, an event that seeks to promote some dialogue between the academy and some civil society sectors.<\/p>\n<p><strong>Advisors:<\/strong> PhD Karina Janz Woitowicz; PhD Paula Melani Rocha.<\/p>\n<p><a href=\"http:\/\/dgp.cnpq.br\/dgp\/espelhogrupo\/3599897752335302\">Cultural Journalism and Folkcommunication\u00a0<\/a>: The Cultural Journalism and Folkcommunication research group, linked to the UEPG continuous research \u201cJournalistic processes, representations and sociocultural practices\u201d, develops studies based on the folkcommunication theoretical background, focusing on the cultural journalistic production and folkmedia studies. Based on the perspective introduced by Luiz Beltr\u00e3o, the group analyzes journalistic processes that involve both popular demonstrations and mediaticproductions in the communication market, observing their regional variations. The group also incentivizes journalistic production whose theme and concept framework regard popular culture. The teamworks in partnership with the <em>Cultura Plural<\/em> [Plural Culture] university outreach project (\u00a0<a href=\"http:\/\/www.culturaplural.com.br\/\">www.culturaplural.com.br\u00a0<\/a>) and takes part in the actions proposed by the Folkcommunication Study and Research Network. The group also takes part in the Revista Internacional de Folkcomunica\u00e7\u00e3o [Folkcommunication International Journal], published in partnership with the Folkcom Network, C\u00e1tedra Unesco\/Umesp, and the UEPG Journalism Master\u2019s Program.<\/p>\n<p><strong>Advisors:<\/strong> PhD S\u00e9rgio Lu\u00eds Gadini; PhD Karina Janz Woitowicz; PhD Rafael Schoenherr.<\/p>\n<p><a href=\"http:\/\/dgp.cnpq.br\/dgp\/espelhogrupo\/6916392461354988\">Journalism and Politics: representations and social actors\u00a0<\/a>: This group was formed in 2006, when their research on the political journalism production started, mainly during electoral campaigns. The members of this group have taken part in scientific initiation events; and regional, national and international congresses, by disseminating partial results of the works developed up to that point. Based on quantitative and qualitative methodological perspectives, the team develops broad research involving the observation of political representations and electoral disputes printed coverage in several municipalities of the state of Paran\u00e1. It also analyzes the Hor\u00e1rio Gratuito de Propaganda Eleitoral (HGPE) [Free airtime for political campaign advertisements]. The group also created a graduate course (at the level of specialization) in \u201cMedia, Politics, and Social Actors\u201d, which had three classes in UEPG (2008, 2010 and 2012). The team collaborated with the creation of the UEPG Journalism Master\u2019s Program, aligned with the research line\u201cJournalistic processesand social practices\u201d.<\/p>\n<p><strong>Advisors:<\/strong>\u00a0PhD S\u00e9rgio Luis Gadini; PhD Hebe Gon\u00e7alves.<\/p>\n<p><a href=\"http:\/\/dgp.cnpq.br\/dgp\/espelhogrupo\/2406607222145508\">Journalism, Knowledge and Professional Qualification (\u201cKnowledge in Journalism\u201d)\u00a0<\/a>: This group aims to promote a broad discussion on the journalistic field in several communication spaces, historical and technological transformations in journalism, and the profession and its relation with society. It also seeks to identify the operational logic of productive circuits, and contribute to the formation of knowledge in this knowledge area. The group promotes research and scientific dissemination involving teachers and students (at the undergraduate and graduate levels).<\/p>\n<p><strong>Advisors:<\/strong> PhD Felipe Pontes; PhD Paula Melani Rocha.<\/p>\n","protected":false},"excerpt":{"rendered":"<p>News Production and Consumption Logic\u00a0: This group proposes a broad discussion about the journalistic field in several communication spaces, the journalistic activity historical and technological changes, and its relation with society. The team also seeks to identify the operational logic of productive circuits and to contribute to the creation of knowledge in this knowledge area,&nbsp;&hellip;<\/p>\n","protected":false},"author":423,"featured_media":0,"parent":0,"menu_order":0,"comment_status":"closed","ping_status":"closed","template":"","meta":[],"_links":{"self":[{"href":"https:\/\/www2.uepg.br\/ppgjor\/wp-json\/wp\/v2\/pages\/1783"}],"collection":[{"href":"https:\/\/www2.uepg.br\/ppgjor\/wp-json\/wp\/v2\/pages"}],"about":[{"href":"https:\/\/www2.uepg.br\/ppgjor\/wp-json\/wp\/v2\/types\/page"}],"author":[{"embeddable":true,"href":"https:\/\/www2.uepg.br\/ppgjor\/wp-json\/wp\/v2\/users\/423"}],"replies":[{"embeddable":true,"href":"https:\/\/www2.uepg.br\/ppgjor\/wp-json\/wp\/v2\/comments?post=1783"}],"version-history":[{"count":2,"href":"https:\/\/www2.uepg.br\/ppgjor\/wp-json\/wp\/v2\/pages\/1783\/revisions"}],"predecessor-version":[{"id":1786,"href":"https:\/\/www2.uepg.br\/ppgjor\/wp-json\/wp\/v2\/pages\/1783\/revisions\/1786"}],"wp:attachment":[{"href":"https:\/\/www2.uepg.br\/ppgjor\/wp-json\/wp\/v2\/media?parent=1783"}],"curies":[{"name":"wp","href":"https:\/\/api.w.org\/{rel}","templated":true}]}}