{"id":2437,"date":"2024-12-03T15:44:29","date_gmt":"2024-12-03T18:44:29","guid":{"rendered":"https:\/\/www2.uepg.br\/ppgjor\/?page_id=2437"},"modified":"2025-05-14T19:04:29","modified_gmt":"2025-05-14T22:04:29","slug":"corpo-discente","status":"publish","type":"page","link":"https:\/\/www2.uepg.br\/ppgjor\/corpo-discente\/","title":{"rendered":"Corpo discente"},"content":{"rendered":"<p><em><strong>ATUAIS<\/strong><\/em><\/p>\n<p><strong>2025<\/strong><\/p>\n<ul>\n<li><a href=\"http:\/\/www2.uepg.br\/ppgjor\/wp-content\/uploads\/sites\/26\/2025\/05\/Amata-Te-1.pdf\">Amata T\u00e9<\/a><\/li>\n<li><a href=\"http:\/\/www2.uepg.br\/ppgjor\/wp-content\/uploads\/sites\/26\/2025\/05\/douglas.pdf\">Douglas Arnaud Kahl Santos<\/a><\/li>\n<li><a href=\"http:\/\/www2.uepg.br\/ppgjor\/wp-content\/uploads\/sites\/26\/2025\/05\/gabriel-1.pdf\">Gabriel Gustavo Ip\u00f3lito Ribeiro\u00a0<\/a><\/li>\n<li><a href=\"http:\/\/www2.uepg.br\/ppgjor\/wp-content\/uploads\/sites\/26\/2025\/05\/gustavo.pdf\">Gustavo Almeida Camargo<\/a><\/li>\n<li><a href=\"http:\/\/www2.uepg.br\/ppgjor\/wp-content\/uploads\/sites\/26\/2025\/05\/jessica.pdf\">J\u00e9ssica Allana Grossi<\/a><\/li>\n<li><a href=\"http:\/\/www2.uepg.br\/ppgjor\/wp-content\/uploads\/sites\/26\/2025\/05\/julia.pdf\">Jul\u00eda Sansana<\/a><\/li>\n<li><a href=\"http:\/\/www2.uepg.br\/ppgjor\/wp-content\/uploads\/sites\/26\/2025\/05\/maria-eduarda.pdf\">Maria Eduarda Kobilarz Silva<\/a><\/li>\n<li><a href=\"http:\/\/www2.uepg.br\/ppgjor\/wp-content\/uploads\/sites\/26\/2025\/05\/veridiane.pdf\">Veridiane Parize<\/a><\/li>\n<li><a href=\"http:\/\/www2.uepg.br\/ppgjor\/wp-content\/uploads\/sites\/26\/2025\/05\/vitor.pdf\">Vitor Almeida dos Santos<\/a><\/li>\n<li><a href=\"http:\/\/www2.uepg.br\/ppgjor\/wp-content\/uploads\/sites\/26\/2025\/05\/stiven.pdf\">Stiven de Souza Almeida<\/a><\/li>\n<li><a href=\"http:\/\/www2.uepg.br\/ppgjor\/wp-content\/uploads\/sites\/26\/2025\/05\/tierri.pdf\">Tierri Rafael Ribeiro Angeluci<\/a><\/li>\n<\/ul>\n<p><strong>2024<\/strong><\/p>\n<ul>\n<li><a href=\"http:\/\/www2.uepg.br\/ppgjor\/wp-content\/uploads\/sites\/26\/2025\/05\/Catharina-Iavorski.pdf\" target=\"_blank\" rel=\"noopener\">Catharina Iavorski<\/a><\/li>\n<li><a href=\"http:\/\/www2.uepg.br\/ppgjor\/wp-content\/uploads\/sites\/26\/2025\/05\/Debora-Chacarski-de-Mello.pdf\"><span style=\"font-weight: 400\">Debora Chacarski de Mello<\/span><\/a><\/li>\n<li><a href=\"http:\/\/www2.uepg.br\/ppgjor\/wp-content\/uploads\/sites\/26\/2025\/05\/Elaine-Barcellos-de-Araujo.pdf\"><span style=\"font-weight: 400\">Elaine Barcellos de Ara\u00fajo<\/span><\/a><\/li>\n<li><a href=\"http:\/\/www2.uepg.br\/ppgjor\/wp-content\/uploads\/sites\/26\/2025\/05\/Jessica-dos-Santos-Nadal.pdf\"><span style=\"font-weight: 400\">J\u00e9ssica dos Santos Natal<\/span><\/a><\/li>\n<li><a href=\"http:\/\/www2.uepg.br\/ppgjor\/wp-content\/uploads\/sites\/26\/2025\/05\/Leriany-Barbosa-Tizon.pdf\">Leriany Barbosa Tizon<\/a><\/li>\n<li><a href=\"http:\/\/www2.uepg.br\/ppgjor\/wp-content\/uploads\/sites\/26\/2025\/05\/Lilian-Ferreira-Magalhaes.pdf\"><span style=\"font-weight: 400\">Lilian Ferreira Magalh\u00e3es<\/span><\/a><\/li>\n<li><a href=\"http:\/\/www2.uepg.br\/ppgjor\/wp-content\/uploads\/sites\/26\/2025\/05\/Maria-Helena-Denck.pdf\"><span style=\"font-weight: 400\">Maria Helena Denck Almeida<\/span><\/a><\/li>\n<li><a href=\"http:\/\/www2.uepg.br\/ppgjor\/wp-content\/uploads\/sites\/26\/2025\/05\/Pablino-Caceres-Paredes-1.pdf\">Pablino C\u00e1ceres Paredes<\/a><\/li>\n<li><a href=\"http:\/\/www2.uepg.br\/ppgjor\/wp-content\/uploads\/sites\/26\/2025\/05\/Tamires-Limurci-dos-Santos-1.pdf\">Tamires Limurci dos Santos<\/a><\/li>\n<li><a href=\"http:\/\/www2.uepg.br\/ppgjor\/wp-content\/uploads\/sites\/26\/2025\/05\/Sofia-Villagra.pdf\">Sof\u00eda Villagra<\/a><\/li>\n<\/ul>\n<p><strong>2023<\/strong><\/p>\n<ul>\n<li><a href=\"http:\/\/www2.uepg.br\/ppgjor\/wp-content\/uploads\/sites\/26\/2025\/05\/Alana-Bittencourt.pdf\"><span style=\"font-weight: 400\">Alana Bittencourt Silva<\/span><\/a><\/li>\n<li><a href=\"http:\/\/www2.uepg.br\/ppgjor\/wp-content\/uploads\/sites\/26\/2025\/05\/Antonio-Joao-Damiao.pdf\"><span style=\"font-weight: 400\">Ant\u00f3nio Jo\u00e3o Dami\u00e3o<\/span><\/a><\/li>\n<li><a href=\"http:\/\/www2.uepg.br\/ppgjor\/wp-content\/uploads\/sites\/26\/2025\/05\/Kethlyn-Taina-Lemes.pdf\">Kethlyn Tain\u00e1 Lemes<\/a><\/li>\n<li><a href=\"http:\/\/www2.uepg.br\/ppgjor\/wp-content\/uploads\/sites\/26\/2025\/05\/David-Candido-dos-Santos.pdf\"><span style=\"font-weight: 400\">David Candido dos Santos<\/span><\/a><\/li>\n<li><a href=\"http:\/\/www2.uepg.br\/ppgjor\/wp-content\/uploads\/sites\/26\/2025\/05\/Paulo-Pessoa-de-Andrade-Neto.pdf\"><span style=\"font-weight: 400\">Paulo Pess\u00f4a de Andrade Neto<\/span><\/a><\/li>\n<li><a href=\"http:\/\/www2.uepg.br\/ppgjor\/wp-content\/uploads\/sites\/26\/2025\/05\/Yago-Raphael-Massuqueto-Rocha.pdf\"><span style=\"font-weight: 400\">Yago Raphael Massuqueto Rocha<\/span><\/a><\/li>\n<\/ul>\n<p>&nbsp;<\/p>\n<p><strong><em>ANTERIORES A 2023<\/em><\/strong><\/p>\n<p>&nbsp;<\/p>\n<ul>\n<li><a href=\"http:\/\/www2.uepg.br\/ppgjor\/wp-content\/uploads\/sites\/26\/2025\/05\/Abrahao-Italo-Moraes-Silva.pdf\">Abrah\u00e3o \u00cdtalo Moraes Silva<\/a><\/li>\n<li><a href=\"http:\/\/www2.uepg.br\/ppgjor\/wp-content\/uploads\/sites\/26\/2025\/05\/Amanda-Cristine-Lima-Crissi.pdf\">Amanda Cristine Lima Crissi<\/a><\/li>\n<li><a href=\"http:\/\/www2.uepg.br\/ppgjor\/wp-content\/uploads\/sites\/26\/2025\/05\/Augusto-Martins-de-Jesus.pdf\">Augusto Martins de Jesus<\/a><\/li>\n<li><a href=\"http:\/\/www2.uepg.br\/ppgjor\/wp-content\/uploads\/sites\/26\/2025\/05\/Carina-dos-Reis.pdf\"><span style=\"font-weight: 400\">Carina dos Reis<\/span><\/a><\/li>\n<li><a href=\"http:\/\/www2.uepg.br\/ppgjor\/wp-content\/uploads\/sites\/26\/2025\/05\/Daniely-Neiverth.pdf\">Daniely Neiverth<\/a><\/li>\n<li><a href=\"http:\/\/www2.uepg.br\/ppgjor\/wp-content\/uploads\/sites\/26\/2025\/05\/Eder-Carlos-Wehrholdt.pdf\">Eder Carlos Wehrholdt<\/a><\/li>\n<li><a href=\"http:\/\/www2.uepg.br\/ppgjor\/wp-content\/uploads\/sites\/26\/2025\/05\/Enaira-Schoemberger.pdf\">Enaira Schoemberger<\/a><\/li>\n<li><a href=\"http:\/\/www2.uepg.br\/ppgjor\/wp-content\/uploads\/sites\/26\/2025\/05\/Nara-Lia-dos-Santos-Souza.pdf\">Nara Lia dos Santos Souza<\/a><\/li>\n<li><a href=\"http:\/\/www2.uepg.br\/ppgjor\/wp-content\/uploads\/sites\/26\/2025\/05\/Vanessa-Calvo-Guerra.pdf\">Vanessa Calvo Guerra<\/a><\/li>\n<\/ul>\n<p>&nbsp;<\/p>\n<p><em><strong>EGRESSOS<\/strong><\/em><\/p>\n<p>&nbsp;<\/p>\n<p><strong>2024<\/strong><\/p>\n<ul>\n<li><a href=\"http:\/\/www2.uepg.br\/ppgjor\/wp-content\/uploads\/sites\/26\/2025\/05\/Jessica-Danielle-de-Carvalho.pdf\">Jessica Danielle de Carvalho<\/a><\/li>\n<li><a href=\"http:\/\/www2.uepg.br\/ppgjor\/wp-content\/uploads\/sites\/26\/2025\/05\/Gabriella-Vasco-de-Barros-1.pdf\">Gabriella Vasco de Barros<\/a><\/li>\n<li><a href=\"http:\/\/www2.uepg.br\/ppgjor\/wp-content\/uploads\/sites\/26\/2025\/05\/Anelize-Giroldo-Moreno-1-1.pdf\">Anelize Giroldo Moreno<\/a><\/li>\n<li><a href=\"http:\/\/www2.uepg.br\/ppgjor\/wp-content\/uploads\/sites\/26\/2025\/05\/Luiza-Zanotti-Moro-1.pdf\">Luiza Zanotti Moro<\/a><\/li>\n<li><a href=\"http:\/\/www2.uepg.br\/ppgjor\/wp-content\/uploads\/sites\/26\/2025\/05\/Wilton-Correia-Paz-2-1.pdf\">Wilton Correia Paz<\/a><\/li>\n<li><a href=\"http:\/\/www2.uepg.br\/ppgjor\/wp-content\/uploads\/sites\/26\/2025\/05\/Jaqueline-Andriolli-Silva-1.pdf\">Jaqueline Andriolli Silva<\/a><\/li>\n<\/ul>\n<p><strong>2023<\/strong><\/p>\n<ul>\n<li><a href=\"http:\/\/www2.uepg.br\/ppgjor\/wp-content\/uploads\/sites\/26\/2025\/05\/Adriele-Jose-da-Silva-1.pdf\">Adriele Jos\u00e9 da Silva<\/a><\/li>\n<li><a href=\"http:\/\/www2.uepg.br\/ppgjor\/wp-content\/uploads\/sites\/26\/2025\/05\/Petronilio-Filipe-Costa-Ferreira-1-1.pdf\">Petron\u00edlio Filipe Costa Ferreira<\/a><\/li>\n<li><a href=\"http:\/\/www2.uepg.br\/ppgjor\/wp-content\/uploads\/sites\/26\/2025\/05\/Camila-Maurer-1.pdf\">Camila Maurer Luiz<\/a><\/li>\n<li><a href=\"http:\/\/www2.uepg.br\/ppgjor\/wp-content\/uploads\/sites\/26\/2025\/05\/Carla-Andrea-Mazzochin-1.pdf\">Carla Andr\u00e9a Mazzochin<\/a><\/li>\n<li><a href=\"http:\/\/www2.uepg.br\/ppgjor\/wp-content\/uploads\/sites\/26\/2025\/05\/Jessica-Gradin.pdf\">J\u00e9ssica Gradin<\/a><\/li>\n<\/ul>\n<p><strong>2022<\/strong><\/p>\n<ul>\n<li><a href=\"http:\/\/www2.uepg.br\/ppgjor\/wp-content\/uploads\/sites\/26\/2025\/05\/Lucas-Santos-Carmo-Cabral-1.pdf\">Lucas Santos Carmo Cabral<\/a><\/li>\n<li><a href=\"http:\/\/www2.uepg.br\/ppgjor\/wp-content\/uploads\/sites\/26\/2025\/05\/Paula-Cabrera-Claro-1.pdf\">Paula Cabrera Claro<\/a><\/li>\n<\/ul>\n<p><strong>2021<\/strong><\/p>\n<ul>\n<li><a href=\"http:\/\/www2.uepg.br\/ppgjor\/wp-content\/uploads\/sites\/26\/2025\/05\/Aline-de-Oliveira-Rios.pdf\">Aline de Oliveira Rios<\/a><\/li>\n<li><a href=\"http:\/\/www2.uepg.br\/ppgjor\/wp-content\/uploads\/sites\/26\/2025\/05\/Angelo-Eduardo-Rocha.pdf\">Angelo Eduardo Rocha<\/a><\/li>\n<li><a href=\"http:\/\/www2.uepg.br\/ppgjor\/wp-content\/uploads\/sites\/26\/2025\/05\/Anna-Vitoria-Cuimachowicz-Vieira.pdf\">Anna Vitoria Cuimachowicz Vieira<\/a><\/li>\n<li><a href=\"http:\/\/www2.uepg.br\/ppgjor\/wp-content\/uploads\/sites\/26\/2025\/05\/Dyepeson-Martins-da-Silva.pdf\">Dyepeson Martins da Silva<\/a><\/li>\n<li><a href=\"http:\/\/www2.uepg.br\/ppgjor\/wp-content\/uploads\/sites\/26\/2025\/05\/Felipe-Collar-Berni.pdf\">Felipe Collar Berni<\/a><\/li>\n<\/ul>\n<p><strong>2020<\/strong><\/p>\n<ul>\n<li><a href=\"http:\/\/www2.uepg.br\/ppgjor\/wp-content\/uploads\/sites\/26\/2025\/05\/Andre-Luiz-Lucas-da-Luz.pdf\">Andr\u00e9 Luiz Lucas da Luz<\/a><\/li>\n<li><a href=\"http:\/\/www2.uepg.br\/ppgjor\/wp-content\/uploads\/sites\/26\/2025\/05\/Felipe-Adam.pdf\">Felipe Adam<\/a><\/li>\n<li><a href=\"http:\/\/www2.uepg.br\/ppgjor\/wp-content\/uploads\/sites\/26\/2025\/05\/Larissa-Lucena-Cantuaria.pdf\">Larissa Lucena Cantu\u00e1ria<\/a><\/li>\n<li><a href=\"http:\/\/www2.uepg.br\/ppgjor\/wp-content\/uploads\/sites\/26\/2025\/05\/Ligia-Tesser-Pereira.pdf\">Ligia Tesser Pereira<\/a><\/li>\n<li><a href=\"http:\/\/www2.uepg.br\/ppgjor\/wp-content\/uploads\/sites\/26\/2025\/05\/Regilson-Furtado-Borges.pdf\">Regilson Furtado Borges<\/a><\/li>\n<\/ul>\n<p><strong>2019<\/strong><\/p>\n<ul>\n<li><a href=\"http:\/\/www2.uepg.br\/ppgjor\/wp-content\/uploads\/sites\/26\/2025\/05\/Abinoan-Santiago-dos-Santos.pdf\">Abinoan Santiago dos Santos<\/a><\/li>\n<li><a href=\"http:\/\/www2.uepg.br\/ppgjor\/wp-content\/uploads\/sites\/26\/2025\/05\/Daniela-Borcezi.pdf\">Daniela Borcezi<\/a><\/li>\n<li><a href=\"http:\/\/www2.uepg.br\/ppgjor\/wp-content\/uploads\/sites\/26\/2025\/05\/Edilene-dos-Santos-Ogura.pdf\">Edilene dos Santos Ogura<\/a><\/li>\n<li><a href=\"http:\/\/www2.uepg.br\/ppgjor\/wp-content\/uploads\/sites\/26\/2025\/05\/Fernando-Lopes.pdf\">Fernando Lopes<\/a><\/li>\n<li><a href=\"http:\/\/www2.uepg.br\/ppgjor\/wp-content\/uploads\/sites\/26\/2025\/05\/Mariana-Fraga-da-Fonseca.pdf\">Mariana Fraga da Fonseca<\/a><\/li>\n<li><a href=\"http:\/\/www2.uepg.br\/ppgjor\/wp-content\/uploads\/sites\/26\/2025\/05\/Mauri-Konig.pdf\">Mauri K\u00f6nig<\/a><\/li>\n<li><a href=\"http:\/\/www2.uepg.br\/ppgjor\/wp-content\/uploads\/sites\/26\/2025\/05\/Naiara-Namma-Perdigao-Persegona.pdf\">Naiara Namma Perdig\u00e3o Persegona<\/a><\/li>\n<li><a href=\"http:\/\/www2.uepg.br\/ppgjor\/wp-content\/uploads\/sites\/26\/2025\/05\/Paula-Evelyn-Silveira-Barbosa.pdf\">Paula \u00c9velyn Silveira Barbosa<\/a><\/li>\n<li><a href=\"http:\/\/www2.uepg.br\/ppgjor\/wp-content\/uploads\/sites\/26\/2025\/05\/Vanessa-Cristina-de-Abreu-Torres-Hrenechen.pdf\">Vanessa Cristina de Abreu Torres Hrenechen<\/a><\/li>\n<li><a href=\"http:\/\/www2.uepg.br\/ppgjor\/wp-content\/uploads\/sites\/26\/2025\/05\/Vanessa-Cristina-de-Abreu-Torres-Hrenechen.pdf\">Vin\u00edcius Jos\u00e9 Biazotti Sabino<\/a><\/li>\n<\/ul>\n<p><strong>2018<\/strong><\/p>\n<ul>\n<li><a href=\"http:\/\/www2.uepg.br\/ppgjor\/wp-content\/uploads\/sites\/26\/2025\/05\/Andre-Packer-dos-Santos.pdf\">Andr\u00e9 Packer dos Santos<\/a><\/li>\n<li><a href=\"http:\/\/www2.uepg.br\/ppgjor\/wp-content\/uploads\/sites\/26\/2025\/05\/Gabriela-Cavalcanti-Carneiro-de-Almeida.pdf\">Gabriela Cavalcanti Carneiro de Almeida<\/a><\/li>\n<li><a href=\"http:\/\/www2.uepg.br\/ppgjor\/wp-content\/uploads\/sites\/26\/2025\/05\/Ligiane-Malfatti.pdf\">Ligiane Malfatti<\/a><\/li>\n<li><a href=\"http:\/\/www2.uepg.br\/ppgjor\/wp-content\/uploads\/sites\/26\/2025\/05\/Luana-Sandra-de-Souza.pdf\">Luana Sandra de Souza<\/a><\/li>\n<li><a href=\"http:\/\/www2.uepg.br\/ppgjor\/wp-content\/uploads\/sites\/26\/2025\/05\/Marcio-Barbosa-Norberto.pdf\">M\u00e1rcio Barbosa Norberto<\/a><\/li>\n<li><a href=\"http:\/\/www2.uepg.br\/ppgjor\/wp-content\/uploads\/sites\/26\/2025\/05\/Matheus-Manoel-Lobo-Pismel.pdf\">Matheus Manoel Lobo Pismel<\/a><\/li>\n<\/ul>\n<p><strong>2017<\/strong><\/p>\n<ul>\n<li><a href=\"http:\/\/www2.uepg.br\/ppgjor\/wp-content\/uploads\/sites\/26\/2025\/05\/Afonso-Ferreira-Verner.pdf\">Afonso Ferreira Verner<\/a><\/li>\n<li><a href=\"http:\/\/www2.uepg.br\/ppgjor\/wp-content\/uploads\/sites\/26\/2025\/05\/Andrea-Morais.pdf\">Andr\u00e9a Morais<\/a><\/li>\n<li><a href=\"http:\/\/www2.uepg.br\/ppgjor\/wp-content\/uploads\/sites\/26\/2025\/05\/Elaine-Schmitt.pdf\">Elaine Schmitt<\/a><\/li>\n<li><a href=\"http:\/\/www2.uepg.br\/ppgjor\/wp-content\/uploads\/sites\/26\/2025\/05\/Gustavo-Panacioni-Ribas.pdf\">Gustavo Panacioni Ribas<\/a><\/li>\n<li><a href=\"http:\/\/www2.uepg.br\/ppgjor\/wp-content\/uploads\/sites\/26\/2025\/05\/Mariana-Galvao-Noronha.pdf\">Mariana Galv\u00e3o Noronha<\/a><\/li>\n<li><a href=\"http:\/\/www2.uepg.br\/ppgjor\/wp-content\/uploads\/sites\/26\/2025\/05\/Matheus-Henrique-de-Lara.pdf\">Matheus Henrique de Lara<\/a><\/li>\n<li><a href=\"http:\/\/www2.uepg.br\/ppgjor\/wp-content\/uploads\/sites\/26\/2025\/05\/Nayane-Cristina-Rodrigues-Brito.pdf\">Nayane Cristina Rodrigues Brito<\/a><\/li>\n<li><a href=\"http:\/\/www2.uepg.br\/ppgjor\/wp-content\/uploads\/sites\/26\/2025\/05\/Rodrigo-Nascimento-Reis.pdf\">Rodrigo Nascimento Reis<\/a><\/li>\n<li><a href=\"http:\/\/www2.uepg.br\/ppgjor\/wp-content\/uploads\/sites\/26\/2025\/05\/Rodrigo-Nascimento-Reis.pdf\">Thays Assun\u00e7\u00e3o Reis<\/a><\/li>\n<\/ul>\n<p><strong>2016<\/strong><\/p>\n<ul>\n<li><a href=\"http:\/\/www2.uepg.br\/ppgjor\/wp-content\/uploads\/sites\/26\/2025\/05\/Alexsandro-Teixeira-Ribeiro-2.pdf\">Alexsandro Teixeira Ribeiro<\/a><\/li>\n<li><a href=\"http:\/\/www2.uepg.br\/ppgjor\/wp-content\/uploads\/sites\/26\/2025\/05\/Aline-Jasper-1-1.pdf\">Aline Jasper<\/a><\/li>\n<li><a href=\"http:\/\/www2.uepg.br\/ppgjor\/wp-content\/uploads\/sites\/26\/2025\/05\/Cleber-Moletta-Gomes-1.pdf\">Cl\u00e9ber Moletta Gomes<\/a><\/li>\n<li><a href=\"http:\/\/www2.uepg.br\/ppgjor\/wp-content\/uploads\/sites\/26\/2025\/05\/Guilherme-de-Paula-Pires-1.pdf\">Guilherme de Paula Pires<\/a><\/li>\n<li><a href=\"http:\/\/www2.uepg.br\/ppgjor\/wp-content\/uploads\/sites\/26\/2025\/05\/Luan-Jose-Vaz-Chagas-1.pdf\">Lu\u00e3n Jos\u00e9 Vaz Chagas<\/a><\/li>\n<li><a href=\"http:\/\/www2.uepg.br\/ppgjor\/wp-content\/uploads\/sites\/26\/2025\/05\/Thais-Helena-Ferreira-Neto-Oliveira-1.pdf\">Tha\u00eds Helena Ferreira Neto Oliveira<\/a><\/li>\n<li><a href=\"http:\/\/www2.uepg.br\/ppgjor\/wp-content\/uploads\/sites\/26\/2025\/05\/Vanessa-Rumor-1.pdf\">Vanessa Rumor<\/a><\/li>\n<\/ul>\n<p><strong>2015<\/strong><\/p>\n<ul>\n<li><a href=\"http:\/\/www2.uepg.br\/ppgjor\/wp-content\/uploads\/sites\/26\/2025\/05\/Andressa-Kaliberda-1.pdf\">Andressa Kaliberda<\/a><\/li>\n<li><a href=\"http:\/\/www2.uepg.br\/ppgjor\/wp-content\/uploads\/sites\/26\/2025\/05\/Andressa-Kikuti-Dancosky-1.pdf\">Andressa Kikuti Dancosky<\/a><\/li>\n<li><a href=\"http:\/\/www2.uepg.br\/ppgjor\/wp-content\/uploads\/sites\/26\/2025\/05\/Edson-Gil-Santos-Junior-1.pdf\">Edson Gil Santos J\u00fanior<\/a><\/li>\n<li><a href=\"http:\/\/www2.uepg.br\/ppgjor\/wp-content\/uploads\/sites\/26\/2025\/05\/Gisele-Barao-da-Silva-1.pdf\">Gisele Bar\u00e3o da Silva<\/a><\/li>\n<li><a href=\"http:\/\/www2.uepg.br\/ppgjor\/wp-content\/uploads\/sites\/26\/2025\/05\/Karine-Arminda-de-Fatima-Segatto-1.pdf\">Karine Arminda de F\u00e1tima Segatto<\/a><\/li>\n<li><a href=\"http:\/\/www2.uepg.br\/ppgjor\/wp-content\/uploads\/sites\/26\/2025\/05\/Luciane-Justus-dos-Santos-1.pdf\">Luciane Justus dos Santos<\/a><\/li>\n<li><a href=\"http:\/\/www2.uepg.br\/ppgjor\/wp-content\/uploads\/sites\/26\/2025\/05\/Manoel-Moabis-Pereira-dos-Anjos-1-1.pdf\">Manoel Moabis Pereira dos Anjos<\/a><\/li>\n<\/ul>\n","protected":false},"excerpt":{"rendered":"<p>ATUAIS 2025 Amata T\u00e9 Douglas Arnaud Kahl Santos Gabriel Gustavo Ip\u00f3lito Ribeiro\u00a0 Gustavo Almeida Camargo J\u00e9ssica Allana Grossi Jul\u00eda Sansana Maria Eduarda Kobilarz Silva Veridiane Parize Vitor Almeida dos Santos Stiven de Souza Almeida Tierri Rafael Ribeiro Angeluci 2024 Catharina Iavorski Debora Chacarski de Mello Elaine Barcellos de Ara\u00fajo J\u00e9ssica dos Santos Natal Leriany Barbosa&nbsp;&hellip;<\/p>\n","protected":false},"author":768,"featured_media":0,"parent":0,"menu_order":0,"comment_status":"closed","ping_status":"closed","template":"","meta":[],"_links":{"self":[{"href":"https:\/\/www2.uepg.br\/ppgjor\/wp-json\/wp\/v2\/pages\/2437"}],"collection":[{"href":"https:\/\/www2.uepg.br\/ppgjor\/wp-json\/wp\/v2\/pages"}],"about":[{"href":"https:\/\/www2.uepg.br\/ppgjor\/wp-json\/wp\/v2\/types\/page"}],"author":[{"embeddable":true,"href":"https:\/\/www2.uepg.br\/ppgjor\/wp-json\/wp\/v2\/users\/768"}],"replies":[{"embeddable":true,"href":"https:\/\/www2.uepg.br\/ppgjor\/wp-json\/wp\/v2\/comments?post=2437"}],"version-history":[{"count":23,"href":"https:\/\/www2.uepg.br\/ppgjor\/wp-json\/wp\/v2\/pages\/2437\/revisions"}],"predecessor-version":[{"id":3123,"href":"https:\/\/www2.uepg.br\/ppgjor\/wp-json\/wp\/v2\/pages\/2437\/revisions\/3123"}],"wp:attachment":[{"href":"https:\/\/www2.uepg.br\/ppgjor\/wp-json\/wp\/v2\/media?parent=2437"}],"curies":[{"name":"wp","href":"https:\/\/api.w.org\/{rel}","templated":true}]}}