{"id":2558,"date":"2025-02-20T10:00:26","date_gmt":"2025-02-20T13:00:26","guid":{"rendered":"https:\/\/www2.uepg.br\/ppgjor\/?page_id=2558"},"modified":"2025-04-16T08:31:28","modified_gmt":"2025-04-16T11:31:28","slug":"bolsas-de-estudos","status":"publish","type":"page","link":"https:\/\/www2.uepg.br\/ppgjor\/bolsas-de-estudos\/","title":{"rendered":"Bolsas de estudos"},"content":{"rendered":"<p style=\"text-align: left\"><span style=\"font-weight: 400\">O PPGJor possui v\u00ednculo com as seguintes ag\u00eancias\/institui\u00e7\u00f5es de fomento \u00e0 pesquisa cient\u00edfica: UEPG, Capes, CNPq, Funda\u00e7\u00e3o Arauc\u00e1ria, ZicoSur, Bolsa Carrefour.\u00a0<\/span><\/p>\n<p style=\"text-align: left\"><span style=\"font-weight: 400\">A sele\u00e7\u00e3o dos bolsistas \u00e9 realizada pela Comiss\u00e3o de Bolsas do PPGJor, mediante edital publicado no site do programa. Al\u00e9m das normas relativas a cada ag\u00eancia de fomento, o(a) candidato(a) deve atender aos seguintes crit\u00e9rios de elegibilidade:\u00a0<\/span><\/p>\n<p style=\"text-align: left\">\n<p style=\"text-align: left\"><span style=\"font-weight: 400\">1) Ser estudante regular do PPGJor.<\/span><\/p>\n<p style=\"text-align: left\"><span style=\"font-weight: 400\">2) Atender as orienta\u00e7\u00f5es da Ag\u00eancia de Fomento respons\u00e1vel pela manuten\u00e7\u00e3o da bolsa<\/span><\/p>\n<p style=\"text-align: left\"><span style=\"font-weight: 400\">3) Se tiver v\u00ednculo empregat\u00edcio no per\u00edodo em que for contemplado(a), conseguir cumprir perman\u00eancia presencial de no m\u00ednimo 12h e no m\u00e1ximo 20h semanais no PPGJor, no hor\u00e1rio de funcionamento da secretaria do Programa (8h \u00e0s 12h; 13:30h \u00e0s 17:30h).\u00a0<\/span><\/p>\n<p style=\"text-align: left\"><span style=\"font-weight: 400\">4) Desempenhar atividades de pesquisa (a partir dos grupos organizados em\u00a0<\/span><span style=\"font-weight: 400\">funcionamento), apoio na organiza\u00e7\u00e3o o de eventos, aux\u00edlio na gest\u00e3o de projetos e editais de financiamento, apoio em produ\u00e7\u00f5es editoriais (livros ou revistas), auxiliar na organiza\u00e7\u00e3o dos dados\/informa\u00e7\u00f5es do sistema de avalia\u00e7\u00e3o o da p\u00f3s-gradua\u00e7\u00e3o o e outras a\u00e7\u00f5es de\u00a0<\/span><span style=\"font-weight: 400\">produ\u00e7\u00e3o cient\u00edfica ou acad\u00eamica no PPGJor.\u00a0<\/span><\/p>\n<p style=\"text-align: left\"><span style=\"font-weight: 400\">5) Compromisso de submeter ao menos um artigo cient\u00edfico em revista acad\u00eamica\u00a0<\/span><\/p>\n<p style=\"text-align: left\"><span style=\"font-weight: 400\">indexada e apresenta\u00e7\u00e3o o de trabalho em ao menos um evento cient\u00edfico da \u00e1rea no per\u00edodo em que for bolsista, em parceria com professores do PPGJor.<\/span><\/p>\n<p style=\"text-align: left\"><span style=\"font-weight: 400\">6) Compromisso de manuten\u00e7\u00e3o do curr\u00edculo lattes atualizado durante todo o per\u00edodo de <\/span><span style=\"font-weight: 400\">vig\u00eancia da bolsa.<\/span><\/p>\n<p style=\"text-align: left\"><span style=\"font-weight: 400\">7) Disposi\u00e7\u00e3o (em carga hor\u00e1ria presencial\/regular no PPG Jor UEPG) para realizar\u00a0<\/span><span style=\"font-weight: 400\">as atividades acad\u00eamicas e de pesquisa.<\/span><\/p>\n<p style=\"text-align: left\"><span style=\"font-weight: 400\">8) Cumprimento dos prazos regulamentares para realiza\u00e7\u00e3o dos cr\u00e9ditos necess\u00e1rios, qualifica\u00e7\u00e3o e defesa da disserta\u00e7\u00e3o.<\/span><\/p>\n<p style=\"text-align: left\">\n<p style=\"text-align: left\"><strong>Observa\u00e7\u00f5es:\u00a0<\/strong><\/p>\n<p style=\"text-align: left\"><span style=\"font-weight: 400\">&#8211; A manuten\u00e7\u00e3o\/perman\u00eancia da bolsa est\u00e1 vinculada \u00e0 avalia\u00e7\u00e3o do(a) mestrando(a) ao aproveitamento nas disciplinas cursadas e ao desempenho em atividades de produ\u00e7\u00e3o cient\u00edfica, a partir de parecer do(a) orientador(a)<\/span><\/p>\n<p style=\"text-align: left\"><span style=\"font-weight: 400\">&#8211; O n\u00e3o cumprimento dos compromissos assumidos, a qualquer tempo, ser\u00e1 objeto de avalia\u00e7\u00e3o e pela Comiss\u00e3o de Bolsas do PPGJor, podendo resultar no perd\u00e3o da bolsa.<\/span><\/p>\n<p style=\"text-align: left\">\n<p style=\"text-align: left\"><strong>COMISS\u00c3O DE BOLSAS\u00a0<\/strong><\/p>\n<p style=\"text-align: left\"><span style=\"font-weight: 400\">No per\u00edodo de 2025\/2027, a Comiss\u00e3o \u00e9 composta por:<\/span><\/p>\n<p style=\"text-align: left\"><span style=\"font-weight: 400\">Felipe Sim\u00e3o Pontes (Presidente)<\/span><\/p>\n<p style=\"text-align: left\"><span style=\"font-weight: 400\">Cintia Xavier (Representante da Linha 1)<\/span><\/p>\n<p style=\"text-align: left\"><span style=\"font-weight: 400\">Karina Janz Woitowicz (Representante da Linha 2)<\/span><\/p>\n<p style=\"text-align: left\"><span style=\"font-weight: 400\">D\u00e9bora Chacarski (Representante Discente)<\/span><\/p>\n","protected":false},"excerpt":{"rendered":"<p>O PPGJor possui v\u00ednculo com as seguintes ag\u00eancias\/institui\u00e7\u00f5es de fomento \u00e0 pesquisa cient\u00edfica: UEPG, Capes, CNPq, Funda\u00e7\u00e3o Arauc\u00e1ria, ZicoSur, Bolsa Carrefour.\u00a0 A sele\u00e7\u00e3o dos bolsistas \u00e9 realizada pela Comiss\u00e3o de Bolsas do PPGJor, mediante edital publicado no site do programa. Al\u00e9m das normas relativas a cada ag\u00eancia de fomento, o(a) candidato(a) deve atender aos seguintes&nbsp;&hellip;<\/p>\n","protected":false},"author":768,"featured_media":0,"parent":0,"menu_order":0,"comment_status":"closed","ping_status":"closed","template":"","meta":[],"_links":{"self":[{"href":"https:\/\/www2.uepg.br\/ppgjor\/wp-json\/wp\/v2\/pages\/2558"}],"collection":[{"href":"https:\/\/www2.uepg.br\/ppgjor\/wp-json\/wp\/v2\/pages"}],"about":[{"href":"https:\/\/www2.uepg.br\/ppgjor\/wp-json\/wp\/v2\/types\/page"}],"author":[{"embeddable":true,"href":"https:\/\/www2.uepg.br\/ppgjor\/wp-json\/wp\/v2\/users\/768"}],"replies":[{"embeddable":true,"href":"https:\/\/www2.uepg.br\/ppgjor\/wp-json\/wp\/v2\/comments?post=2558"}],"version-history":[{"count":3,"href":"https:\/\/www2.uepg.br\/ppgjor\/wp-json\/wp\/v2\/pages\/2558\/revisions"}],"predecessor-version":[{"id":2821,"href":"https:\/\/www2.uepg.br\/ppgjor\/wp-json\/wp\/v2\/pages\/2558\/revisions\/2821"}],"wp:attachment":[{"href":"https:\/\/www2.uepg.br\/ppgjor\/wp-json\/wp\/v2\/media?parent=2558"}],"curies":[{"name":"wp","href":"https:\/\/api.w.org\/{rel}","templated":true}]}}