{"id":2578,"date":"2025-02-20T10:11:39","date_gmt":"2025-02-20T13:11:39","guid":{"rendered":"https:\/\/www2.uepg.br\/ppgjor\/?page_id=2578"},"modified":"2025-04-25T15:19:54","modified_gmt":"2025-04-25T18:19:54","slug":"descomemorar-golpes-edicao-atual","status":"publish","type":"page","link":"https:\/\/www2.uepg.br\/ppgjor\/descomemorar-golpes-edicao-atual\/","title":{"rendered":"Descomemorar golpes &#8211; Edi\u00e7\u00e3o atual"},"content":{"rendered":"<p><b>Descomemorar Golpes<\/b><\/p>\n<p>O Ciclo Descomemorar Golpes, que teve sua primeira edi\u00e7\u00e3o em 2019 com o t\u00edtulo de \u201cDesafios da Universidade P\u00fablica na Defesa dos Direitos Humanos: Descomemorar Golpes!\u201d \u00e9 uma iniciativa conjunta de programas de p\u00f3s-gradua\u00e7\u00e3o da Universidade Estadual de Ponta Grossa &#8211; UEPG (Educa\u00e7\u00e3o, Estudos da Linguagem, Ci\u00eancias Sociais Aplicadas, Jornalismo, Hist\u00f3ria Profissional), N\u00facleo de Tecnologia e Educa\u00e7\u00e3o Aberta e \u00e0 Dist\u00e2ncia, Sindicato dos Docentes da UEPG e Ag\u00eancia de Jornalismo da UEPG.<\/p>\n<p>Nasceu com o objetivo de pautar os desafios das condi\u00e7\u00f5es que caracterizam as rela\u00e7\u00f5es democr\u00e1ticas, o estado democr\u00e1tico, a educa\u00e7\u00e3o e os direitos humanos, com o intuito de cumprir com uma das tarefas da Universidade P\u00fablica, que \u00e9 refletir o presente em busca de an\u00e1lises sobre problemas sociais que marcam o atual contexto nacional e internacional. Os questionamentos contempor\u00e2neos sobre a manuten\u00e7\u00e3o ou retirada de direitos sociais, conquistas constitucionais de cidadania e direitos humanos, em diversos pa\u00edses do mundo, aliados a uma crescente crise estrutural nos modelos de gest\u00e3o do estado de direito, impulsionaram o debate, a reflex\u00e3o profissional e busca de alternativas a um cen\u00e1rio de incertezas, que afeta a grande maioria da popula\u00e7\u00e3o em todo o Brasil. Esta perspectiva \u00e9 associada ao desafio de descomemorar golpes aos sistemas democr\u00e1ticos (sendo principalmente o de 31\/03\/1964, que instaurou uma ditadura militar de 21 anos no Brasil).<\/p>\n<p>Tendo sido interrompido devido \u00e0 pandemia da COVID-19 e as medidas cautelares implementadas pelo sistema de sa\u00fade, ordem p\u00fablica e educa\u00e7\u00e3o, o Ciclo contou com duas edi\u00e7\u00f5es ainda em formato remoto e h\u00edbrido at\u00e9 sua retomada presencial em 2023 na UEPG. No ano de 2024, a quinta edi\u00e7\u00e3o do evento n\u00e3o somente prop\u00f4s a descomemora\u00e7\u00e3o dos 60 anos do Golpe Militar de 1964, mas tamb\u00e9m comemorar os 40 anos da Campanhas Diretas J\u00e1 (1984) e o 2 de Mar\u00e7o &#8211; UEPG (2004). Para isso, a edi\u00e7\u00e3o contou com palestras e confer\u00eancias de profissionais e pesquisadores especialistas nos respectivos eixos tem\u00e1ticos que possibilitaram um amplo e aberto debate p\u00fablico. Os pain\u00e9is foram realizados no Grande Audit\u00f3rio do Campus Central da UEPG. O evento ainda contou com uma exposi\u00e7\u00e3o fotogr\u00e1fica e exibi\u00e7\u00e3o (com debate) de document\u00e1rios atuais sobre o tema do Ciclo.<\/p>\n<p>Programa\u00e7\u00e3o da \u00daltima Edi\u00e7\u00e3o: <a href=\"https:\/\/www2.uepg.br\/ppgjor\/v-ciclo-descomemorar-golpes-em-defesa-da-democracia-e-dhs\/\">V Ciclo Descomemorar Golpes (Em Defesa da Democracia e DHs) \u2013 Programa de P\u00f3s-gradua\u00e7\u00e3o em Jornalismo (uepg.br)<\/a><\/p>\n","protected":false},"excerpt":{"rendered":"<p>Descomemorar Golpes O Ciclo Descomemorar Golpes, que teve sua primeira edi\u00e7\u00e3o em 2019 com o t\u00edtulo de \u201cDesafios da Universidade P\u00fablica na Defesa dos Direitos Humanos: Descomemorar Golpes!\u201d \u00e9 uma iniciativa conjunta de programas de p\u00f3s-gradua\u00e7\u00e3o da Universidade Estadual de Ponta Grossa &#8211; UEPG (Educa\u00e7\u00e3o, Estudos da Linguagem, Ci\u00eancias Sociais Aplicadas, Jornalismo, Hist\u00f3ria Profissional), N\u00facleo&nbsp;&hellip;<\/p>\n","protected":false},"author":768,"featured_media":0,"parent":0,"menu_order":0,"comment_status":"closed","ping_status":"closed","template":"","meta":[],"_links":{"self":[{"href":"https:\/\/www2.uepg.br\/ppgjor\/wp-json\/wp\/v2\/pages\/2578"}],"collection":[{"href":"https:\/\/www2.uepg.br\/ppgjor\/wp-json\/wp\/v2\/pages"}],"about":[{"href":"https:\/\/www2.uepg.br\/ppgjor\/wp-json\/wp\/v2\/types\/page"}],"author":[{"embeddable":true,"href":"https:\/\/www2.uepg.br\/ppgjor\/wp-json\/wp\/v2\/users\/768"}],"replies":[{"embeddable":true,"href":"https:\/\/www2.uepg.br\/ppgjor\/wp-json\/wp\/v2\/comments?post=2578"}],"version-history":[{"count":3,"href":"https:\/\/www2.uepg.br\/ppgjor\/wp-json\/wp\/v2\/pages\/2578\/revisions"}],"predecessor-version":[{"id":2866,"href":"https:\/\/www2.uepg.br\/ppgjor\/wp-json\/wp\/v2\/pages\/2578\/revisions\/2866"}],"wp:attachment":[{"href":"https:\/\/www2.uepg.br\/ppgjor\/wp-json\/wp\/v2\/media?parent=2578"}],"curies":[{"name":"wp","href":"https:\/\/api.w.org\/{rel}","templated":true}]}}