{"id":2597,"date":"2025-02-20T10:19:17","date_gmt":"2025-02-20T13:19:17","guid":{"rendered":"https:\/\/www2.uepg.br\/ppgjor\/?page_id=2597"},"modified":"2025-04-23T17:14:44","modified_gmt":"2025-04-23T20:14:44","slug":"rif","status":"publish","type":"page","link":"https:\/\/www2.uepg.br\/ppgjor\/rif\/","title":{"rendered":"Revista Internacional de Folkcomunica\u00e7\u00e3o"},"content":{"rendered":"<p><img loading=\"lazy\" class=\" wp-image-2843 aligncenter\" src=\"http:\/\/www2.uepg.br\/ppgjor\/wp-content\/uploads\/sites\/26\/2025\/04\/rif.jpg\" alt=\"\" width=\"431\" height=\"610\" \/><\/p>\n<p><span style=\"font-weight: 400\">ISSN eletr\u00f4nico: 1807-4960<\/span><\/p>\n<p><span style=\"font-weight: 400\">Portal: <\/span><a href=\"https:\/\/revistas.uepg.br\/index.php\/folkcom\/issue\/view\/934\"><span style=\"font-weight: 400\">https:\/\/revistas.uepg.br\/index.php\/folkcom\/issue\/view\/934<\/span><\/a><\/p>\n<p><span style=\"font-weight: 400\">A Revista Internacional de Folkcomunica\u00e7\u00e3o tem como objetivos promover a divulga\u00e7\u00e3o da produ\u00e7\u00e3o cient\u00edfica na \u00e1rea de folkcomunica\u00e7\u00e3o, explorar novas dire\u00e7\u00f5es de pesquisa e metodologias, fortalecer o di\u00e1logo entre conceitos te\u00f3ricos e pesquisa emp\u00edrica e proporcionar conhecimento para professores, pesquisadores e estudantes de Comunica\u00e7\u00e3o. A revista \u00e9 patrocinada pela Funda\u00e7\u00e3o Arauc\u00e1ria e tem como institui\u00e7\u00f5es associadas o Programa de P\u00f3s-Gradua\u00e7\u00e3o em Jornalismo da Universidade Estadual de Ponta Grossa, a Editora Universidade Estadual de Ponta Grossa, a C\u00e1tedra Unesco\/Umesp de Comunica\u00e7\u00e3o para o Desenvolvimento Regional e a Rede Folkcom. A revista \u00e9 publicada semestralmente e oferece acesso livre imediato ao seu conte\u00fado para promover a democratiza\u00e7\u00e3o do conhecimento.<\/span><\/p>\n<p><span style=\"font-weight: 400\">RIF est\u00e1 indexada nas seguintes bases: Directory of Open Access Journals (DOAJ), Latindex, Red Iberoamericana de Innovaci\u00f3n y Conocimiento Cient\u00edfico \u2013 REDIB, Citas Latinoamericanas en Ciencias Sociales y Humanidades &#8211; CLASE, Google Scholar, Sherpa\/Romeo, Red Latinoamericana de Revistas &#8211; LatinRev, Diadorim\/IBICT, Sumarios, Portal de la Comunicaci\u00f3n, Portal LivRe!, Portal Peri\u00f3dicos da CAPES, Reviscom, Oasisbr, Bibliograf\u00eda Latinoamericana em Revistas de Investigaci\u00f3n Cient\u00edfica y Social &#8211; BIBLAT, European Reference Index for the Humanities and Social Sciences \u2013 ERIH PLUS, Mir@bel, Journals for Free.<\/span><\/p>\n","protected":false},"excerpt":{"rendered":"<p>ISSN eletr\u00f4nico: 1807-4960 Portal: https:\/\/revistas.uepg.br\/index.php\/folkcom\/issue\/view\/934 A Revista Internacional de Folkcomunica\u00e7\u00e3o tem como objetivos promover a divulga\u00e7\u00e3o da produ\u00e7\u00e3o cient\u00edfica na \u00e1rea de folkcomunica\u00e7\u00e3o, explorar novas dire\u00e7\u00f5es de pesquisa e metodologias, fortalecer o di\u00e1logo entre conceitos te\u00f3ricos e pesquisa emp\u00edrica e proporcionar conhecimento para professores, pesquisadores e estudantes de Comunica\u00e7\u00e3o. A revista \u00e9 patrocinada pela Funda\u00e7\u00e3o&nbsp;&hellip;<\/p>\n","protected":false},"author":768,"featured_media":0,"parent":0,"menu_order":0,"comment_status":"closed","ping_status":"closed","template":"","meta":[],"_links":{"self":[{"href":"https:\/\/www2.uepg.br\/ppgjor\/wp-json\/wp\/v2\/pages\/2597"}],"collection":[{"href":"https:\/\/www2.uepg.br\/ppgjor\/wp-json\/wp\/v2\/pages"}],"about":[{"href":"https:\/\/www2.uepg.br\/ppgjor\/wp-json\/wp\/v2\/types\/page"}],"author":[{"embeddable":true,"href":"https:\/\/www2.uepg.br\/ppgjor\/wp-json\/wp\/v2\/users\/768"}],"replies":[{"embeddable":true,"href":"https:\/\/www2.uepg.br\/ppgjor\/wp-json\/wp\/v2\/comments?post=2597"}],"version-history":[{"count":2,"href":"https:\/\/www2.uepg.br\/ppgjor\/wp-json\/wp\/v2\/pages\/2597\/revisions"}],"predecessor-version":[{"id":2844,"href":"https:\/\/www2.uepg.br\/ppgjor\/wp-json\/wp\/v2\/pages\/2597\/revisions\/2844"}],"wp:attachment":[{"href":"https:\/\/www2.uepg.br\/ppgjor\/wp-json\/wp\/v2\/media?parent=2597"}],"curies":[{"name":"wp","href":"https:\/\/api.w.org\/{rel}","templated":true}]}}