{"id":2604,"date":"2025-02-20T10:23:08","date_gmt":"2025-02-20T13:23:08","guid":{"rendered":"https:\/\/www2.uepg.br\/ppgjor\/?page_id=2604"},"modified":"2025-05-23T15:06:23","modified_gmt":"2025-05-23T18:06:23","slug":"grupos-de-extensao","status":"publish","type":"page","link":"https:\/\/www2.uepg.br\/ppgjor\/grupos-de-extensao\/","title":{"rendered":"Grupos de extens\u00e3o"},"content":{"rendered":"<p>O curso de Jornalismo e o PPGJor possui tradi\u00e7\u00e3o na extens\u00e3o universit\u00e1ria, com projetos que permitem aos estudantes da gradua\u00e7\u00e3o e da p\u00f3s-gradua\u00e7\u00e3o ampliar suas experi\u00eancias em atividades aplicadas e de pertin\u00eancia social. Parte significativa dessa hist\u00f3ria foi registrada no livro \u201c<a href=\"https:\/\/www2.uepg.br\/ppgjor\/wp-content\/uploads\/sites\/26\/2021\/08\/Extensao-universitaria-e-jornalismo-UEPG.pdf\">Extens\u00e3o Universit\u00e1ria &amp; Jornalismo: caminhos poss\u00edveis<\/a>\u201d, publicado pelos professores Muriel Em\u00eddio Pessoa do Amaral (ent\u00e3o p\u00f3s-doutorando do PPGJor), Marcelo Engel Bronosky e Ivan Bomfim (professores permanentes do PPGJor).<\/p>\n<p>&nbsp;<\/p>\n<h2><b>Ag\u00eancia de Jornalismo<\/b><\/h2>\n<p>A Ag\u00eancia tem como foco dar visibilidade para as atividades de grupos e movimentos sociais que fazem parceria com o projeto. Ativo desde 2003 no Departamento de Jornalismo da UEPG, tem como objetivo utilizar o poder da comunica\u00e7\u00e3o de forma estrat\u00e9gica aos diferentes segmentos sociais que precisam de algum tipo de aux\u00edlio ou apoio.<\/p>\n<p>Esta comunica\u00e7\u00e3o se d\u00e1 a partir de uma intera\u00e7\u00e3o realizada com a R\u00e1dio Comunit\u00e1ria Nova R\u00fassia (R\u00e1dio Princesa FM 89,7) e a Associa\u00e7\u00e3o das Entidades Usu\u00e1rias do Canal Comunit\u00e1rio (TVCom PG, canal 17 Net cabo). Por meio dessas atividades, \u00e9 poss\u00edvel trazer maior visibilidade para grupos que n\u00e3o possuem espa\u00e7o nas m\u00eddias comerciais de Ponta Grossa e regi\u00e3o.<\/p>\n<p><strong>Coordenador<\/strong><\/p>\n<p>S\u00e9rgio Luiz Gadini<\/p>\n<p><strong>Links \u00fateis:\u00a0<\/strong><\/p>\n<p>Youtube: <a href=\"http:\/\/www.youtube.com\/@agenciauepg\">www.youtube.com\/@agenciauepg<\/a><\/p>\n<p>Instagram: <a href=\"http:\/\/www.instagram.com\/agenciajornalismouepg\/\">www.instagram.com\/agenciajornalismouepg\/<\/a><\/p>\n<p>Facebook: <a href=\"http:\/\/www.facebook.com\/AgenciaJornalismoUepg\/\">www.facebook.com\/AgenciaJornalismoUepg\/<\/a><\/p>\n<p>&nbsp;<\/p>\n<h2><b>Al\u00f4 mulheres<\/b><\/h2>\n<p>O \u201cAl\u00f4 mulheres\u201d tem como objetivo geral empoderar mulheres e formar lideran\u00e7as junto ao p\u00fablico feminino da Ocupa\u00e7\u00e3o Ericson Duarte em Ponta Grossa, na regi\u00e3o dos Campos Gerais do Paran\u00e1. Como m\u00e9todo, o projeto utiliza pr\u00e1ticas sociais de comunica\u00e7\u00e3o na instrumentaliza\u00e7\u00e3o da garantia aos direitos humanos e do cumprimento de pol\u00edticas p\u00fablicas. Assim, por meio da extens\u00e3o, visa contribuir para a constru\u00e7\u00e3o de uma rede de mulheres, fortalecendo as a\u00e7\u00f5es coletivas, a interven\u00e7\u00e3o no processo de implementa\u00e7\u00e3o de pol\u00edticas p\u00fablicas e as pr\u00e1ticas solid\u00e1rias na referida comunidade.<\/p>\n<p>Desde mar\u00e7o de 2023, o \u201cAl\u00f4 Mulheres!\u201d promove oficinas de produ\u00e7\u00e3o de curr\u00edculos, beleza e autocuidado, absorventes reutiliz\u00e1veis, produ\u00e7\u00e3o de cartoneras, al\u00e9m de rodas de conversa com gestantes e oficinas de comunica\u00e7\u00e3o comunit\u00e1ria, entre outras a\u00e7\u00f5es.<\/p>\n<p>Nas execu\u00e7\u00f5es, esta iniciativa conta com a participa\u00e7\u00e3o dos cursos de Jornalismo, Direito, Servi\u00e7o Social e os programas de p\u00f3s-gradua\u00e7\u00e3o em Estudos da Linguagem e Jornalismo da UEPG, al\u00e9m da parceria com o projeto de extens\u00e3o <a href=\"https:\/\/elos.sites.uepg.br\/\">Elos \u2013 Jornalismo, Direitos Humanos e Forma\u00e7\u00e3o Cidad\u00e3<\/a> e do <a href=\"https:\/\/www.instagram.com\/mpl_pg\/\">Movimento Popular de Luta<\/a> (MPL) de Ponta Grossa.<\/p>\n<p>A continuidade do Al\u00f4 Mulheres! entrela\u00e7a a UEPG com a comunidade da Ocupa\u00e7\u00e3o Ericson Duarte em uma rela\u00e7\u00e3o significativa para a forma\u00e7\u00e3o de indiv\u00edduos mais conscientes e ativos na defesa de seus direitos e na busca por melhorias para seus territ\u00f3rios. O projeto tamb\u00e9m conta com o apoio da Funda\u00e7\u00e3o Arauc\u00e1ria, por meio do Programa Mulheres Paranaenses: Empoderamento e Lideran\u00e7a.<\/p>\n<p><strong>Coordena\u00e7\u00e3o:<\/strong><\/p>\n<p>Karina Janz Woitowicz<\/p>\n<p>Paula Melani Rocha<\/p>\n<p><strong>Links \u00fateis:<\/strong><\/p>\n<p>Instagram: <a href=\"https:\/\/www.instagram.com\/alomulheres.uepg\/\">https:\/\/www.instagram.com\/alomulheres.uepg\/<\/a><\/p>\n<p>&nbsp;<\/p>\n<h2><b>Combate \u00e0 Desinforma\u00e7\u00e3o nos Campos Gerais<\/b><\/h2>\n<p>O projeto de extens\u00e3o \u201cCombate \u00e0 Desinforma\u00e7\u00e3o (em defesa da Democracia)\u201d objetiva discutir os riscos de circula\u00e7\u00e3o de not\u00edcias falsas nas sociedades contempor\u00e2neas. Em atividade desde 2019, realiza di\u00e1logos e entrevistas com convidados por meio de lives e conversas abertas e produz pe\u00e7as audiovisuais que visam orientar e esclarecer os moradores da regi\u00e3o dos Campos Gerais do Paran\u00e1 da import\u00e2ncia do esclarecimento e da forma\u00e7\u00e3o da opini\u00e3o p\u00fablica ao exerc\u00edcio da cidadania. As pe\u00e7as de m\u00eddia audiovisual circulam em ve\u00edculos comunit\u00e1rios, redes sociais digitais e demais espa\u00e7os de proje\u00e7\u00e3o institucional de entidades ou organiza\u00e7\u00f5es sociais sem fins lucrativos.<\/p>\n<p>A iniciativa extensionista local integra, assim, um programa nacional, lan\u00e7ado pelo Supremo Tribunal Federal (STF) em 2021 e visa dialogar e desenvolver a\u00e7\u00f5es para contribuir no alerta p\u00fablico de que a circula\u00e7\u00e3o de informa\u00e7\u00f5es falsas pode: (i) comprometer as lutas democr\u00e1ticas por pol\u00edticas p\u00fablicas; (ii) amea\u00e7ar aos Direitos Humanos e, em \u00faltima inst\u00e2ncia; (iii) comprometer as bases constitucionais da democracia no Brasil.<\/p>\n<p><strong>Coordena\u00e7\u00e3o:<\/strong><\/p>\n<p><span style=\"font-weight: 400\">Marcelo Engel Bronosky<\/span><\/p>\n<p>S\u00e9rgio Luiz Gadini<\/p>\n<p><span style=\"font-weight: 400\">Manoel Moabis Pereira dos Anjos<\/span><\/p>\n<p><strong>Links \u00fateis:<\/strong><\/p>\n<p>Site Oficial: <a href=\"https:\/\/combateadesinformacao.com.br\/\">https:\/\/combateadesinformacao.com.br\/<\/a><\/p>\n<p>Instagram:\u00a0<a href=\"https:\/\/www.instagram.com\/combateadesinformacao\/\">https:\/\/www.instagram.com\/combateadesinformacao\/<\/a><\/p>\n<p>Facebook:\u00a0<a href=\"https:\/\/www.facebook.com\/profile.php?id=100084919473293\">https:\/\/www.facebook.com\/profile.php?id=100084919473293<\/a><\/p>\n<p>&nbsp;<\/p>\n<h2><b>Cultura Plural<\/b><\/h2>\n<p>O Cultura Plural \u00e9 um projeto de extens\u00e3o do Curso de Jornalismo da Universidade Estadual de Ponta Grossa (UEPG) que objetiva dar visibilidade aos grupos e artistas populares de Ponta Grossa e regi\u00e3o dos Campos Gerais do Paran\u00e1 por meio da produ\u00e7\u00e3o jornal\u00edstica na \u00e1rea cultural. Criado em agosto de 2011, com o apoio da Funda\u00e7\u00e3o Nacional de Artes (Funarte\/Minist\u00e9rio da Cultura), o site produz reportagens, v\u00eddeos, fotos e conte\u00fados multim\u00eddia que tematizam e difundem a cultura, com \u00eanfase nas manifesta\u00e7\u00f5es populares.<\/p>\n<p>Entre os objetivos do projeto, destaca-se o acompanhamento sistem\u00e1tico de a\u00e7\u00f5es e eventos culturais; a produ\u00e7\u00e3o de conte\u00fados multim\u00eddia (em texto, foto, v\u00eddeo, \u00e1udio e redes sociais) sobre temas pertinentes \u00e0 cultura; a parceria com artistas, grupos e entidades no desenvolvimento de a\u00e7\u00f5es culturais; e o registro e a visibilidade da produ\u00e7\u00e3o cultural local e regional.<\/p>\n<p>Este projeto est\u00e1 vinculado ao grupo de pesquisa Jornalismo Cultural e Folkcomunica\u00e7\u00e3o,<\/p>\n<p>do Programa de P\u00f3s-Gradua\u00e7\u00e3o (Mestrado) em Jornalismo da UEPG, com o prop\u00f3sito de motivar a realiza\u00e7\u00e3o de produ\u00e7\u00f5es t\u00e9cnicas com car\u00e1ter de difus\u00e3o cultural e contribuir para a produ\u00e7\u00e3o do saber cient\u00edfico ancorado nas demandas sociais. Com o Cultura Plural, busca-se contribuir para o reconhecimento do patrim\u00f4nio imaterial na regi\u00e3o e servir como forma de registro e preserva\u00e7\u00e3o da mem\u00f3ria hist\u00f3rica e cultural do Paran\u00e1.<\/p>\n<p>Destaca-se tamb\u00e9m o impacto social direto. O Cultura Plural \u00e9 um projeto de extens\u00e3o feito por professores e acad\u00eamicos que reverbera diretamente na comunidade externa, al\u00e9m da divulga\u00e7\u00e3o e cobertura de eventos culturais, tamb\u00e9m \u00e9 respons\u00e1vel pelo fomento \u00e0 cultura produzindo eventos, feiras e amostras em Ponta Grossa.<\/p>\n<p><strong>Coordena\u00e7\u00e3o<\/strong>: <b>\u00a0 \u00a0 \u00a0 \u00a0 \u00a0 \u00a0 \u00a0 \u00a0 \u00a0 \u00a0 \u00a0 \u00a0 \u00a0 \u00a0 \u00a0 \u00a0 \u00a0 \u00a0 \u00a0 \u00a0 \u00a0 \u00a0 \u00a0<\/b><\/p>\n<p>Karina Janz Woitowicz<\/p>\n<p>Rafael Schoenherr<\/p>\n<p>S\u00e9rgio Gadini<\/p>\n<p>Ivan Bomfim<\/p>\n<p><strong>Links \u00fateis:<\/strong><\/p>\n<p>Site: <a href=\"https:\/\/culturaplural.sites.uepg.br\/\">https:\/\/culturaplural.sites.uepg.br\/<\/a><\/p>\n<p>Instagram: <a href=\"https:\/\/www.instagram.com\/culturaplural\/\">https:\/\/www.instagram.com\/culturaplural\/<\/a><\/p>\n<p>Facebook: <a href=\"https:\/\/www.facebook.com\/culturaplural\/\">https:\/\/www.facebook.com\/culturaplural\/<\/a><\/p>\n<h2><b>Democracia e direitos humanos<\/b><\/h2>\n<p>O projeto de extens\u00e3o \u201cDemocracia e Direitos Humanos em Debate: Nas ondas da R\u00e1dio Comunit\u00e1ria Princesa (FM 87,9)\u201d foi realizado entre 2020 e 2024, visando promover o debate p\u00fablico sobre quest\u00f5es que perpassam os temas democracia e direitos humanos. A proposta consistiu na produ\u00e7\u00e3o de entrevistas jornal\u00edsticas voltadas para veicula\u00e7\u00e3o na R\u00e1dio Comunit\u00e1ria Princesa, situada no bairro Nova R\u00fassia, em Ponta Grossa, al\u00e9m das plataformas digitais sonoras e sites extensionistas como o Elos. Com isso, o projeto tamb\u00e9m trabalhou para fortalecer os canais abertos entre Universidade e Comunidade e possibilitar a atua\u00e7\u00e3o e envolvimento de estudantes de jornalismo em pr\u00e1ticas de comunica\u00e7\u00e3o e jornal\u00edsticas.<\/p>\n<p><strong>Coordena\u00e7\u00e3o:<\/strong><\/p>\n<p>Hebe Maria Gon\u00e7alves de Oliveira<\/p>\n<p><strong>Links \u00fateis:<\/strong><\/p>\n<p>Spotify: <a href=\"https:\/\/open.spotify.com\/show\/22JIsQ3JstmUK4FpyLj8hw\">https:\/\/open.spotify.com\/show\/22JIsQ3JstmUK4FpyLj8hw<\/a><\/p>\n<p>Site Oficial: <a href=\"https:\/\/elos.sites.uepg.br\/editoria\/democracia-e-direitos-humanos\/\">https:\/\/elos.sites.uepg.br\/editoria\/democracia-e-direitos-humanos\/<\/a><\/p>\n<p>&nbsp;<\/p>\n<h2><b>Elos<\/b><\/h2>\n<p>O projeto de extens\u00e3o <a href=\"https:\/\/elos.sites.uepg.br\/\">Elos (Direitos Humanos, Jornalismo e Forma\u00e7\u00e3o Cidad\u00e3)<\/a> tem como objetivo pautar assuntos jornal\u00edsticos que envolvem direitos humanos, g\u00eanero e cidadania. Em atua\u00e7\u00e3o desde 2016, o Elos surgiu com o prop\u00f3sito de veicular tais assuntos, que geralmente s\u00e3o esquecidos pela m\u00eddia tradicional, ao produzir textos, entrevistas, \u00e1udios e pequenos v\u00eddeos. Temas como: direito \u00e0 moradia, pluralidade de opini\u00f5es, feminismo, comunidade LGBTQIAPN+ e liberdade religiosa s\u00e3o os destaques do projeto de extens\u00e3o.<\/p>\n<p>Os conte\u00fados circulam no site e nas redes sociais do projeto, mesmo espa\u00e7o em que s\u00e3o veiculadas as colunas de especialistas sobre quest\u00f5es ind\u00edgenas, g\u00eanero, ra\u00e7a e direitos humanos. Al\u00e9m dos conte\u00fados citados, o projeto Elos tamb\u00e9m desenvolve eventos, projetos sociais e oficinas de cria\u00e7\u00e3o de jornal laboratorial nos col\u00e9gios p\u00fablicos da cidade.<\/p>\n<p>S\u00e3o parceiros do Elos projetos como Al\u00f4 Mulheres, Movimento Popular de Luta (MPL-PG), Comiss\u00e3o Permanente de Acompanhamento e Avalia\u00e7\u00e3o de Cotas da UEPG e Conselho Municipal dos Direitos da Mulher de Ponta Grossa.<\/p>\n<p>Um dos produtos destaques do Projeto Elos \u00e9 o document\u00e1rio Sobre Viv\u00eancias Travesti, produzido em parceria com a ONG Renascer. O filme trata da trajet\u00f3ria das primeiras travestis de Ponta Grossa\/PR (Debora Lee e Fernanda Riquelme) e da milit\u00e2ncia que exercem junto \u00e0 popula\u00e7\u00e3o LGBTQIA+. As narrativas revelam como as travestis sobreviveram \u00e0 repress\u00e3o, \u00e0 epidemia de HIV\/Aids e \u00e0s m\u00faltiplas viol\u00eancias que marcaram suas vidas.<\/p>\n<p>Voc\u00ea pode conferir o document\u00e1rio pelo YouTube: <a href=\"https:\/\/www.youtube.com\/watch?v=YA7TRjbdAKc\">https:\/\/www.youtube.com\/watch?v=YA7TRjbdAKc<\/a><\/p>\n<p><strong>Coordena\u00e7\u00e3o<\/strong>:<\/p>\n<p>Paula Melani Rocha<\/p>\n<p>Graziela Bianchi Soares<\/p>\n<p>Karina Janz Woitowicz<\/p>\n<p><strong>Links \u00fateis:\u00a0<\/strong><\/p>\n<p>Site: <a href=\"https:\/\/elos.sites.uepg.br\/\">https:\/\/elos.sites.uepg.br\/<\/a><\/p>\n<p>Youtube: <a href=\"https:\/\/www.youtube.com\/channel\/UC34v_NUIlngy1KI2A7vr-CA\">https:\/\/www.youtube.com\/channel\/UC34v_NUIlngy1KI2A7vr-CA<\/a><\/p>\n<p>Instagram: <a href=\"https:\/\/www.instagram.com\/elosuepg\/\">https:\/\/www.instagram.com\/elosuepg\/<\/a><\/p>\n<p>Facebook: <a href=\"https:\/\/www.facebook.com\/uepgELOS?_rdc=1&amp;_rdr#\">https:\/\/www.facebook.com\/uepgELOS?_rdc=1&amp;_rdr#<\/a><\/p>\n<h2><b>Lente Quente<\/b><\/h2>\n<p>Por meio da pr\u00e1tica fotogr\u00e1fica, o Lente Quente tem como prop\u00f3sito registrar a cena cultural de Ponta Grossa e da regi\u00e3o dos Campos Gerais diariamente, a fim de garantir uma cobertura ampla de diferentes manifesta\u00e7\u00f5es e aspectos do circuito cultural local. Em atividade desde 2010 com publica\u00e7\u00f5es em suas plataformas digitais, o projeto fortalece o campo cultural uma vez que garante um registro e arquivo midi\u00e1tico das diversas manifesta\u00e7\u00f5es &#8211; sendo elas artes c\u00eanicas, artes visuais, esportes, ocupa\u00e7\u00e3o do espa\u00e7o urbano, atores sociais, entre outras.<\/p>\n<p>Para garantir maior contato com a comunidade externa, o Lente Quente promove circula\u00e7\u00e3o de mostras fotogr\u00e1ficas em diferentes espa\u00e7os de Ponta Grossa, sendo um deles o cursinho popular da Igrejinha de Uvaranas, e a cria\u00e7\u00e3o de portf\u00f3lios culturais de diferentes espa\u00e7os e atores culturais.<\/p>\n<p><strong>Coordena\u00e7\u00e3o:<\/strong><\/p>\n<p>Rafael Schoenherr<\/p>\n<p><strong>Links \u00fateis:<\/strong><\/p>\n<p>Flickr: <a href=\"https:\/\/www.flickr.com\/photos\/lentequente\">https:\/\/www.flickr.com\/photos\/lentequente<\/a><\/p>\n<p>Instagram: <a href=\"https:\/\/www.instagram.com\/lentequente\/\">https:\/\/www.instagram.com\/lentequente\/<\/a><\/p>\n<p>Youtube: <a href=\"https:\/\/www.youtube.com\/@ProjetoLenteQuente\">https:\/\/www.youtube.com\/@ProjetoLenteQuente<\/a><\/p>\n<p>&nbsp;<\/p>\n<h2><b>N\u00facleo de Produ\u00e7\u00e3o Audiovisual<\/b><\/h2>\n<p>O N\u00facleo de Produ\u00e7\u00e3o Audiovisual (NPA), iniciado em 2017, \u00e9 um projeto de extens\u00e3o que integra a Ag\u00eancia de Jornalismo da UEPG. Tem como prop\u00f3sito coordenar, executar e oferecer suporte na cria\u00e7\u00e3o, edi\u00e7\u00e3o e divulga\u00e7\u00e3o de conte\u00fados audiovisuais em Ponta Grossa e regi\u00e3o, especificamente a demandas de entidades sociais, organiza\u00e7\u00f5es n\u00e3o-governamentais, associa\u00e7\u00f5es e sindicatos.<\/p>\n<p>O n\u00facleo \u00e9 composto por professores, um profissional jornalista e por estudantes bolsistas e volunt\u00e1rios\u00a0 da gradua\u00e7\u00e3o e da p\u00f3s-gradua\u00e7\u00e3o da UEPG. Seu trabalho visa tamb\u00e9m fomentar colabora\u00e7\u00f5es que promovam a produ\u00e7\u00e3o de conte\u00fados voltados para a forma\u00e7\u00e3o, educa\u00e7\u00e3o e divulga\u00e7\u00e3o de projetos relevantes tanto para a comunidade local quanto para a Universidade Estadual de Ponta Grossa.<\/p>\n<p>O NPA oferece aos seus membros a oportunidade de se envolver em uma ampla gama de projetos, promovendo um ambiente de aprendizado din\u00e2mico e colaborativo. Ao estabelecer parcerias com iniciativas junto a comunidade, o n\u00facleo vai al\u00e9m do desenvolvimento t\u00e9cnico, a intera\u00e7\u00e3o com essas iniciativas n\u00e3o s\u00f3 aprimora habilidades pr\u00e1ticas, mas tamb\u00e9m fortalece a consci\u00eancia social e comunit\u00e1ria dos envolvidos.<\/p>\n<p><strong>Coordena\u00e7\u00e3o:<\/strong><\/p>\n<p>Felipe Sim\u00e3o Pontes<\/p>\n<p>C\u00edntia Xavier<\/p>\n<p><span style=\"font-weight: 400\">Manoel Moabis Pereira dos Anjos<\/span><\/p>\n<p><strong>Links \u00fateis:<\/strong><\/p>\n<p>Youtube: <a href=\"https:\/\/www.youtube.com\/@nucleodeproducaoaudiovisua1565\">https:\/\/www.youtube.com\/@nucleodeproducaoaudiovisua1565<\/a><\/p>\n<p>Instagram: <a href=\"https:\/\/www.instagram.com\/npa_uepg?igsh=b21vNXY2eWZ3MXk2\">https:\/\/www.instagram.com\/npa_uepg?igsh=b21vNXY2eWZ3MXk2<\/a><\/p>\n","protected":false},"excerpt":{"rendered":"<p>O curso de Jornalismo e o PPGJor possui tradi\u00e7\u00e3o na extens\u00e3o universit\u00e1ria, com projetos que permitem aos estudantes da gradua\u00e7\u00e3o e da p\u00f3s-gradua\u00e7\u00e3o ampliar suas experi\u00eancias em atividades aplicadas e de pertin\u00eancia social. Parte significativa dessa hist\u00f3ria foi registrada no livro \u201cExtens\u00e3o Universit\u00e1ria &amp; Jornalismo: caminhos poss\u00edveis\u201d, publicado pelos professores Muriel Em\u00eddio Pessoa do Amaral&nbsp;&hellip;<\/p>\n","protected":false},"author":768,"featured_media":0,"parent":0,"menu_order":0,"comment_status":"closed","ping_status":"closed","template":"","meta":[],"_links":{"self":[{"href":"https:\/\/www2.uepg.br\/ppgjor\/wp-json\/wp\/v2\/pages\/2604"}],"collection":[{"href":"https:\/\/www2.uepg.br\/ppgjor\/wp-json\/wp\/v2\/pages"}],"about":[{"href":"https:\/\/www2.uepg.br\/ppgjor\/wp-json\/wp\/v2\/types\/page"}],"author":[{"embeddable":true,"href":"https:\/\/www2.uepg.br\/ppgjor\/wp-json\/wp\/v2\/users\/768"}],"replies":[{"embeddable":true,"href":"https:\/\/www2.uepg.br\/ppgjor\/wp-json\/wp\/v2\/comments?post=2604"}],"version-history":[{"count":5,"href":"https:\/\/www2.uepg.br\/ppgjor\/wp-json\/wp\/v2\/pages\/2604\/revisions"}],"predecessor-version":[{"id":3179,"href":"https:\/\/www2.uepg.br\/ppgjor\/wp-json\/wp\/v2\/pages\/2604\/revisions\/3179"}],"wp:attachment":[{"href":"https:\/\/www2.uepg.br\/ppgjor\/wp-json\/wp\/v2\/media?parent=2604"}],"curies":[{"name":"wp","href":"https:\/\/api.w.org\/{rel}","templated":true}]}}