{"id":2716,"date":"2025-04-07T15:55:41","date_gmt":"2025-04-07T18:55:41","guid":{"rendered":"https:\/\/www2.uepg.br\/ppgjor\/?page_id=2716"},"modified":"2025-05-30T08:33:42","modified_gmt":"2025-05-30T11:33:42","slug":"scholarships","status":"publish","type":"page","link":"https:\/\/www2.uepg.br\/ppgjor\/en\/scholarships\/","title":{"rendered":"Scholarships"},"content":{"rendered":"<p><span style=\"font-weight: 400\">PPGJor is affiliated with the following agencies\/institutions that support scientific research: UEPG, Capes, CNPq, Funda\u00e7\u00e3o Arauc\u00e1ria, ZicoSur, Bolsa Carrefour.<\/span><\/p>\n<p>&nbsp;<\/p>\n<p><span style=\"font-weight: 400\">The selection of scholarship recipients is carried out by the PPGJor Scholarship Committee, through a notice published on the program&#8217;s website. In addition to the rules for each funding agency, the candidate must meet the following eligibility criteria:<\/span><\/p>\n<p>&nbsp;<\/p>\n<p><span style=\"font-weight: 400\">1) Being a regular student at PPGJor.<\/span><\/p>\n<p>&nbsp;<\/p>\n<p><span style=\"font-weight: 400\">2) Meeting the guidelines of the Funding Agency responsible for maintaining the scholarship.<\/span><\/p>\n<p>&nbsp;<\/p>\n<p><span style=\"font-weight: 400\">3) In case of having an employment relationship during the period of being contemplated, being able to stay in person for at least 12 hours and a maximum of 20 hours per week at PPGJor, during the opening hours of the Program&#8217;s secretariat (8 am to 12 pm; 1:30 pm to 5:30 pm).<\/span><\/p>\n<p>&nbsp;<\/p>\n<p><span style=\"font-weight: 400\">4) Perform research activities (from organized groups in operation), support in events organization, help in project managements and funding notices, support in editorial productions (books or magazines), assist in the organization of data\/information for the evaluation system of the postgraduate program and other scientific or academic production activities at PPGJor.<\/span><\/p>\n<p>&nbsp;<\/p>\n<p><span style=\"font-weight: 400\">5) Commitment to submit at least one scientific article in an indexed academic journal and present the work at at least one scientific event in the area during the period in which the scholarship is held, in partnership with PPGJor professors.<\/span><\/p>\n<p>&nbsp;<\/p>\n<p><span style=\"font-weight: 400\">6) Commitment to keep the Lattes CV updated throughout the duration of the scholarship.<\/span><\/p>\n<p>&nbsp;<\/p>\n<p><span style=\"font-weight: 400\">7) Willingness (with regular in-person workload at PPGJor UEPG) to carry out academic and research activities.<\/span><\/p>\n<p>&nbsp;<\/p>\n<p><span style=\"font-weight: 400\">8) Compliance with regulatory deadlines for obtaining the necessary credits, qualifying and defending the dissertation. Notes:<\/span><\/p>\n<p>&nbsp;<\/p>\n<p><span style=\"font-weight: 400\">\u2013 The maintenance\/permanence of the scholarship is linked to the evaluation of the master&#8217;s student&#8217;s performance in the subjects taken and their performance in scientific production activities, based on the orientator&#8217;s opinion.<\/span><\/p>\n<p>&nbsp;<\/p>\n<p><span style=\"font-weight: 400\">\u2013 Failure to fulfill the commitments made, at any time, will be subject to evaluation by the PPGJor Scholarship Committee, and may result in cancelling the scholarship.<\/span><\/p>\n<p>&nbsp;<\/p>\n<p><span style=\"font-weight: 400\">SCHOLARSHIP COMMITTEE<\/span><\/p>\n<p>&nbsp;<\/p>\n<p><span style=\"font-weight: 400\">For the period 2025\/2027, the Committee is composed of:<\/span><\/p>\n<p>&nbsp;<\/p>\n<p><span style=\"font-weight: 400\">Felipe Sim\u00e3o Pontes (President)<\/span><\/p>\n<p>&nbsp;<\/p>\n<p><span style=\"font-weight: 400\">Cintia Xavier (Representative of Line 1)<\/span><\/p>\n<p>&nbsp;<\/p>\n<p><span style=\"font-weight: 400\">Karina Janz Woitowicz (Representative of Line 2)<\/span><\/p>\n<p>&nbsp;<\/p>\n<p><span style=\"font-weight: 400\">D\u00e9bora Chacarski (Student Representative)<\/span><\/p>\n","protected":false},"excerpt":{"rendered":"<p>PPGJor is affiliated with the following agencies\/institutions that support scientific research: UEPG, Capes, CNPq, Funda\u00e7\u00e3o Arauc\u00e1ria, ZicoSur, Bolsa Carrefour. &nbsp; The selection of scholarship recipients is carried out by the PPGJor Scholarship Committee, through a notice published on the program&#8217;s website. In addition to the rules for each funding agency, the candidate must meet the&nbsp;&hellip;<\/p>\n","protected":false},"author":768,"featured_media":0,"parent":0,"menu_order":0,"comment_status":"closed","ping_status":"closed","template":"","meta":[],"_links":{"self":[{"href":"https:\/\/www2.uepg.br\/ppgjor\/wp-json\/wp\/v2\/pages\/2716"}],"collection":[{"href":"https:\/\/www2.uepg.br\/ppgjor\/wp-json\/wp\/v2\/pages"}],"about":[{"href":"https:\/\/www2.uepg.br\/ppgjor\/wp-json\/wp\/v2\/types\/page"}],"author":[{"embeddable":true,"href":"https:\/\/www2.uepg.br\/ppgjor\/wp-json\/wp\/v2\/users\/768"}],"replies":[{"embeddable":true,"href":"https:\/\/www2.uepg.br\/ppgjor\/wp-json\/wp\/v2\/comments?post=2716"}],"version-history":[{"count":2,"href":"https:\/\/www2.uepg.br\/ppgjor\/wp-json\/wp\/v2\/pages\/2716\/revisions"}],"predecessor-version":[{"id":3245,"href":"https:\/\/www2.uepg.br\/ppgjor\/wp-json\/wp\/v2\/pages\/2716\/revisions\/3245"}],"wp:attachment":[{"href":"https:\/\/www2.uepg.br\/ppgjor\/wp-json\/wp\/v2\/media?parent=2716"}],"curies":[{"name":"wp","href":"https:\/\/api.w.org\/{rel}","templated":true}]}}