{"id":3292,"date":"2025-06-04T09:32:27","date_gmt":"2025-06-04T12:32:27","guid":{"rendered":"https:\/\/www2.uepg.br\/ppgjor\/?page_id=3292"},"modified":"2025-06-04T10:21:53","modified_gmt":"2025-06-04T13:21:53","slug":"__trashed","status":"publish","type":"page","link":"https:\/\/www2.uepg.br\/ppgjor\/es\/__trashed\/","title":{"rendered":"Sobre el programa"},"content":{"rendered":"<div id=\"pl-3292\"  class=\"panel-layout\" ><div id=\"pg-3292-0\"  class=\"panel-grid panel-no-style\" ><div id=\"pgc-3292-0-0\"  class=\"panel-grid-cell\" ><div id=\"panel-3292-0-0-0\" class=\"so-panel widget widget_sow-editor panel-first-child panel-last-child\" data-index=\"0\" ><div\n\t\t\t\n\t\t\tclass=\"so-widget-sow-editor so-widget-sow-editor-base\"\n\t\t\t\n\t\t><h3 class=\"widget-title\">Presentaci\u00f3n <\/h3>\n<div class=\"siteorigin-widget-tinymce textwidget\">\n\t<p>El Programa de Posgrado en Periodismo (PPGJor) de la Universidad Estadual de Ponta Grossa (UEPG) inici\u00f3 sus actividades en 2013, convirti\u00e9ndose en el primer posgrado stricto sensu en Periodismo en Paran\u00e1 y el segundo en el pa\u00eds. La creaci\u00f3n del programa fue el resultado del proceso de consolidaci\u00f3n de la investigaci\u00f3n como eje estructurador de la licenciatura en Periodismo en la UEPG. A lo largo de los \u00faltimos doce a\u00f1os, el PPGJor ha trabajado para integrar y verticalizar las actividades de ense\u00f1anza, investigaci\u00f3n y extensi\u00f3n de grado y posgrado, con el fin de fortalecer las reflexiones sobre las experiencias de producci\u00f3n period\u00edstica, las pr\u00e1cticas de comunicaci\u00f3n, la excelencia en la investigaci\u00f3n y la participaci\u00f3n activa y destacada en la comunidad local.<\/p>\n<p>A lo largo de su historia, el programa ha crecido y se ha fortalecido, con decenas de disertaciones defendidas, una producci\u00f3n estudiantil representativa y la inclusi\u00f3n significativa de nuevos mag\u00edsteres en el mercado del periodismo, la ense\u00f1anza del periodismo de grado y los programas de posgrado en todo el pa\u00eds. El programa tambi\u00e9n se ha convertido en un polo de atracci\u00f3n para investigadores de todo el pa\u00eds, que lo eligen para llevar a cabo sus investigaciones postdoctorales.<\/p>\n<p>Estos aspectos de la trayectoria del programa, sumados a la expansi\u00f3n de los proyectos realizados en asociaci\u00f3n con otras instituciones de ense\u00f1anza e investigaci\u00f3n del pa\u00eds y del mundo, consolidan al PPGJor como un espacio fruct\u00edfero para la formaci\u00f3n de investigadores que contribuyan al \u00e1rea de Comunicaci\u00f3n e Informaci\u00f3n. Un resultado concreto de este proceso fue la obtenci\u00f3n del grado 4 en la \u00faltima evaluaci\u00f3n cuatrienal (2017-2020) y la autorizaci\u00f3n para la apertura de un curso de Doctorado en Periodismo (2024), actualmente en fase de implementaci\u00f3n.<\/p>\n<p><strong>MISI\u00d3N<\/strong><br \/>\nCapacitar a investigadores con la finalidad de que estos puedan desempe\u00f1arse en los campos de la docencia, la investigaci\u00f3n y la extensi\u00f3n. Esta formaci\u00f3n de posgrado de excelencia, est\u00e1 basada en la comprensi\u00f3n del periodismo como fen\u00f3meno hist\u00f3rico, social, cultural y tecnol\u00f3gico. Y a su vez, se desarrolla con autonom\u00eda, independencia y responsabilidad social en la formaci\u00f3n de profesionales cr\u00edticos, creativos y comprometidos con la democracia y los derechos humanos.<\/p>\n<p><strong>OBJETIVOS<\/strong><br \/>\nLa misi\u00f3n del PPGJor est\u00e1 vinculada a su objetivo general de \u00abFormar recursos humanos para la docencia y la investigaci\u00f3n en Periodismo de grado y posgrado\u00bb.<\/p>\n<p>Objetivos Espec\u00edficos<\/p>\n<p>a) Formar investigadores con autonom\u00eda y conocimientos para desarrollar proyectos de investigaci\u00f3n en el \u00e1rea de concentraci\u00f3n del PPGJor, de manera integrada con grupos de investigaci\u00f3n existentes en otras instituciones, ya sea a nivel regional, nacional o internacional;<\/p>\n<p>b) Contribuir para la integraci\u00f3n de las actividades de ense\u00f1anza e investigaci\u00f3n en el \u00e1rea de concentraci\u00f3n de los Procesos Period\u00edsticos, a trav\u00e9s de la producci\u00f3n de conocimiento en el \u00e1rea de actuaci\u00f3n del PPGJor (Periodismo);<\/p>\n<p>c) Capacitar investigadores, docentes y profesionales del \u00e1rea para intervenir en la sociedad, a partir de la investigaci\u00f3n y de la construcci\u00f3n de conocimiento en procesos period\u00edsticos;<\/p>\n<p>d) Capacitar investigadores para atender a las demandas sociales emergentes de las producciones period\u00edsticas, incentivando la cultura de investigaci\u00f3n en Periodismo y contribuyendo al desarrollo y fortalecimiento de los estudios de postgrado en Comunicaci\u00f3n en el estado de Paran\u00e1;<\/p>\n<p>e) Verticalizar la calificaci\u00f3n con vistas a profundizar las dimensiones te\u00f3ricas, comprender cr\u00edticamente las dimensiones de la pr\u00e1ctica y proponer soluciones innovadoras que optimicen y mejoren el trabajo de los periodistas, los productos period\u00edsticos y la recepci\u00f3n social del periodismo;<\/p>\n<p>f) El desarrollo de interfaces de conocimiento con los cursos de formaci\u00f3n primaria mediante la inserci\u00f3n de los temas de investigaci\u00f3n period\u00edstica en las cuestiones sociales en Brasil, Paran\u00e1 y Ponta Grossa - que se manifiesta en la intersecci\u00f3n de los trabajos de investigaci\u00f3n con los proyectos de extensi\u00f3n desarrollados en el programa de pregrado.<\/p>\n<p>&nbsp;<\/p>\n<\/div>\n<\/div><\/div><\/div><\/div><\/div>","protected":false},"excerpt":{"rendered":"<p>El Programa de Posgrado en Periodismo (PPGJor) de la Universidad Estadual de Ponta Grossa (UEPG) inici\u00f3 sus actividades en 2013, convirti\u00e9ndose en el primer posgrado stricto sensu en Periodismo en Paran\u00e1 y el segundo en el pa\u00eds. La creaci\u00f3n del programa fue el resultado del proceso de consolidaci\u00f3n de la investigaci\u00f3n como eje estructurador de&nbsp;&hellip;<\/p>\n","protected":false},"author":745,"featured_media":0,"parent":0,"menu_order":0,"comment_status":"closed","ping_status":"closed","template":"","meta":[],"_links":{"self":[{"href":"https:\/\/www2.uepg.br\/ppgjor\/wp-json\/wp\/v2\/pages\/3292"}],"collection":[{"href":"https:\/\/www2.uepg.br\/ppgjor\/wp-json\/wp\/v2\/pages"}],"about":[{"href":"https:\/\/www2.uepg.br\/ppgjor\/wp-json\/wp\/v2\/types\/page"}],"author":[{"embeddable":true,"href":"https:\/\/www2.uepg.br\/ppgjor\/wp-json\/wp\/v2\/users\/745"}],"replies":[{"embeddable":true,"href":"https:\/\/www2.uepg.br\/ppgjor\/wp-json\/wp\/v2\/comments?post=3292"}],"version-history":[{"count":3,"href":"https:\/\/www2.uepg.br\/ppgjor\/wp-json\/wp\/v2\/pages\/3292\/revisions"}],"predecessor-version":[{"id":3335,"href":"https:\/\/www2.uepg.br\/ppgjor\/wp-json\/wp\/v2\/pages\/3292\/revisions\/3335"}],"wp:attachment":[{"href":"https:\/\/www2.uepg.br\/ppgjor\/wp-json\/wp\/v2\/media?parent=3292"}],"curies":[{"name":"wp","href":"https:\/\/api.w.org\/{rel}","templated":true}]}}