{"id":3307,"date":"2025-06-04T09:49:00","date_gmt":"2025-06-04T12:49:00","guid":{"rendered":"https:\/\/www2.uepg.br\/ppgjor\/?page_id=3307"},"modified":"2025-06-04T09:49:00","modified_gmt":"2025-06-04T12:49:00","slug":"historia-2","status":"publish","type":"page","link":"https:\/\/www2.uepg.br\/ppgjor\/es\/historia-2\/","title":{"rendered":"Historia"},"content":{"rendered":"<p>La creaci\u00f3n del Programa de Posgrado en Periodismo en 2012 fue el resultado del proceso de consolidaci\u00f3n de la investigaci\u00f3n como un eje importante de la licenciatura en Periodismo en la UEPG. La Maestr\u00eda en Periodismo, la primera en su campo en Paran\u00e1 y la segunda en Brasil, reconoci\u00f3 desde el principio el desaf\u00edo de integrar los estudios de posgrado con los de pregrado, manteniendo l\u00edneas de investigaci\u00f3n con una importante participaci\u00f3n de estudiantes de pregrado e investigadores voluntarios. A trav\u00e9s de sus grupos de investigaci\u00f3n, el programa tambi\u00e9n ha promovido la integraci\u00f3n entre las actividades de investigaci\u00f3n y extensi\u00f3n, as\u00ed como la ampliaci\u00f3n de las asociaciones con organizaciones de la sociedad civil, instituciones profesionales y de investigaci\u00f3n en Brasil y en el extranjero. Esta trayectoria hacia la cualificaci\u00f3n de la investigaci\u00f3n en Periodismo result\u00f3 en la aprobaci\u00f3n del programa de doctorado (APCN 416\/2023), que actualmente se est\u00e1 implementando en la Universidad Estatal de Ponta Grossa.<\/p>\n<p>&nbsp;<\/p>\n<p><strong>EL PROGRAMA DE PERIODISMO<\/strong><\/p>\n<p>El programa de Periodismo de la Universidad Estadual de Ponta Grossa se cre\u00f3 en 1985 con un enfoque centrado en la ense\u00f1anza. A partir de los a\u00f1os 90, la formaci\u00f3n acad\u00e9mica pas\u00f3 a integrar actividades de ense\u00f1anza, investigaci\u00f3n y extensi\u00f3n.<\/p>\n<p>En 1991, el peri\u00f3dico de laboratorio Foca Livre comenz\u00f3 a ser producido por los estudiantes para su circulaci\u00f3n en forma impresa, que a\u00fan hoy circula en la comunidad local. El peri\u00f3dico es el producto m\u00e1s antiguo del curso, que trae noticias de inter\u00e9s p\u00fablico al tiempo que innova en los modelos de maquetaci\u00f3n y sigue el ritmo de la evoluci\u00f3n del periodismo impreso.<\/p>\n<p>El curso inici\u00f3 el camino de la investigaci\u00f3n que caracteriza la formaci\u00f3n period\u00edstica en la UEPG, con los primeros proyectos de iniciaci\u00f3n cient\u00edfica en 1996. Desde entonces, ofrece a los alumnos la posibilidad de participar en grupos y proyectos de investigaci\u00f3n, de forma voluntaria o becada, lo que proporciona a los graduados las bases para continuar su formaci\u00f3n acad\u00e9mica y ampliar sus horizontes en la docencia.<\/p>\n<p>Con la llegada del nuevo milenio, los cambios en el mercado laboral impulsaron ajustes en el proyecto pedag\u00f3gico del curso para hacer hincapi\u00e9 en los aspectos pr\u00e1cticos de la profesi\u00f3n. A partir de 2003, el curso comenz\u00f3 a ofrecer oportunidades de formaci\u00f3n de extensi\u00f3n, a trav\u00e9s de proyectos que hacen hincapi\u00e9 en las asociaciones con la comunidad y con los movimientos sociales de la ciudad y la regi\u00f3n. Estas actividades extracurriculares no s\u00f3lo fomentan el desarrollo de las habilidades de producci\u00f3n period\u00edstica, sino que tambi\u00e9n crean las condiciones para que los estudiantes ampl\u00eden su repertorio sociocultural.<\/p>\n<p>En sus 40 a\u00f1os, el curso ha formado a m\u00e1s de 1.000 periodistas. Algunos de los nombres son importantes en el periodismo, as\u00ed como en organizaciones profesionales y acad\u00e9micas a nivel regional y nacional, como FENAJ, SindiJor, Abraji, SBPJor, Abej, Intercom, Rede Folkcom, Rede Alcar, entre otras. El curso es una referencia importante en la formaci\u00f3n espec\u00edfica de periodismo en el pa\u00eds.<\/p>\n<p>Al promover una formaci\u00f3n profesional centrada en la articulaci\u00f3n permanente entre ense\u00f1anza, investigaci\u00f3n y extensi\u00f3n, el Curso de Periodismo de la UEPG tiene un diferencial que se revela en la expresiva producci\u00f3n acad\u00e9mica de profesores y alumnos y en la representativa producci\u00f3n de laboratorio y extensi\u00f3n, desarrollada en asociaci\u00f3n con diversos sectores de la sociedad civil.<\/p>\n<p>Conozca Dejor: www2.uepg.br\/dejor\/<\/p>\n<p>&nbsp;<\/p>\n<p><strong>UEPG<\/strong><\/p>\n<p>La Universidad Estadual de Ponta Grossa (UEPG) est\u00e1 ubicada en el sur de Brasil, en el municipio de Ponta Grossa, ciudad central de la regi\u00f3n de Campos Gerais, que abarca 19 municipios. Creada por el Gobierno del Estado de Paran\u00e1 en 1969, la UEPG es una instituci\u00f3n p\u00fablica con un reconocido papel en el desarrollo social, econ\u00f3mico y cultural del interior del Estado.<\/p>\n<p>La Universidad ofrece cursos de graduaci\u00f3n y posgrado, presenciales y a distancia, en las \u00e1reas de Ciencias Exactas y Naturales, Ingenier\u00eda, Ciencias y Tecnolog\u00eda Agropecuarias, Ciencias Biol\u00f3gicas y de la Salud; Ciencias Humanas, Letras y Artes; Ciencias Jur\u00eddicas; y Ciencias Sociales Aplicadas &#8211; sector del conocimiento en el que se incluyen los cursos de graduaci\u00f3n y posgrado en Periodismo.<\/p>\n<p>A lo largo de m\u00e1s de 50 a\u00f1os, la instituci\u00f3n se ha consolidado como referencia en el estado y en el pa\u00eds, por la calidad de los cursos ofrecidos en todos los niveles de formaci\u00f3n, y por la relevancia e impacto de las investigaciones y proyectos desarrollados en su \u00e1rea de cobertura. En lo que se refiere a los estudios de posgrado, ha habido un proceso de verticalizaci\u00f3n, especialmente en las \u00faltimas dos d\u00e9cadas, con la cualificaci\u00f3n del cuerpo docente y el fortalecimiento de la investigaci\u00f3n en la instituci\u00f3n.<\/p>\n<p>La estructura institucional de la UEPG tambi\u00e9n incluye dos hospitales escuela, que forman parte de la Red Asistencial de Mediana y Alta Complejidad, dos museos, una escuela de idiomas, adem\u00e1s de organizar eventos tradicionales en el calendario cultural de Paran\u00e1: el Festival Nacional de Teatro (Fenata) y el Festival Universitario de la Canci\u00f3n (Fuc).<\/p>\n<p>Conozca la UEPG: www.uepg.br\/<\/p>\n","protected":false},"excerpt":{"rendered":"<p>La creaci\u00f3n del Programa de Posgrado en Periodismo en 2012 fue el resultado del proceso de consolidaci\u00f3n de la investigaci\u00f3n como un eje importante de la licenciatura en Periodismo en la UEPG. La Maestr\u00eda en Periodismo, la primera en su campo en Paran\u00e1 y la segunda en Brasil, reconoci\u00f3 desde el principio el desaf\u00edo de&nbsp;&hellip;<\/p>\n","protected":false},"author":745,"featured_media":0,"parent":0,"menu_order":0,"comment_status":"closed","ping_status":"closed","template":"","meta":[],"_links":{"self":[{"href":"https:\/\/www2.uepg.br\/ppgjor\/wp-json\/wp\/v2\/pages\/3307"}],"collection":[{"href":"https:\/\/www2.uepg.br\/ppgjor\/wp-json\/wp\/v2\/pages"}],"about":[{"href":"https:\/\/www2.uepg.br\/ppgjor\/wp-json\/wp\/v2\/types\/page"}],"author":[{"embeddable":true,"href":"https:\/\/www2.uepg.br\/ppgjor\/wp-json\/wp\/v2\/users\/745"}],"replies":[{"embeddable":true,"href":"https:\/\/www2.uepg.br\/ppgjor\/wp-json\/wp\/v2\/comments?post=3307"}],"version-history":[{"count":1,"href":"https:\/\/www2.uepg.br\/ppgjor\/wp-json\/wp\/v2\/pages\/3307\/revisions"}],"predecessor-version":[{"id":3308,"href":"https:\/\/www2.uepg.br\/ppgjor\/wp-json\/wp\/v2\/pages\/3307\/revisions\/3308"}],"wp:attachment":[{"href":"https:\/\/www2.uepg.br\/ppgjor\/wp-json\/wp\/v2\/media?parent=3307"}],"curies":[{"name":"wp","href":"https:\/\/api.w.org\/{rel}","templated":true}]}}