{"id":3317,"date":"2025-06-04T09:55:11","date_gmt":"2025-06-04T12:55:11","guid":{"rendered":"https:\/\/www2.uepg.br\/ppgjor\/?page_id=3317"},"modified":"2025-06-04T09:55:11","modified_gmt":"2025-06-04T12:55:11","slug":"autoevaluacion-2","status":"publish","type":"page","link":"https:\/\/www2.uepg.br\/ppgjor\/es\/autoevaluacion-2\/","title":{"rendered":"Autoevaluaci\u00f3n"},"content":{"rendered":"<p><span style=\"font-weight: 400\">La autoevaluaci\u00f3n del Programa de Posgrado en Periodismo est\u00e1 institucionalizada en el Plan de Desarrollo Institucional 2023-2027 de la Universidad Estadual de Ponta Grossa (link), que incluye los siguientes objetivos:<\/span><\/p>\n<ul>\n<li style=\"font-weight: 400\"><span style=\"font-weight: 400\">Realizar la autoevaluaci\u00f3n de acuerdo con las directrices de evaluaci\u00f3n anual determinadas por la CAPES para el PPGJor, en colaboraci\u00f3n con el Propesp;\u00a0<\/span><\/li>\n<li style=\"font-weight: 400\"><span style=\"font-weight: 400\">Crear un comit\u00e9 de autoevaluaci\u00f3n del Programa con representaci\u00f3n de miembros docentes, estudiantiles, t\u00e9cnicos, graduados y externos;\u00a0<\/span><\/li>\n<li style=\"font-weight: 400\"><span style=\"font-weight: 400\">Sistematizar un proyecto de autoevaluaci\u00f3n del programa de posgrado que involucre a estudiantes, docentes, t\u00e9cnicos y graduados.<\/span><\/li>\n<\/ul>\n<p><span style=\"font-weight: 400\">El Comit\u00e9 Interno de Autoevaluaci\u00f3n del PPGJor se constituy\u00f3 por medio de la Ordenanza Propesp n\u00ba 2024.13, con vigencia del 1 de julio de 2024 al 30 de junio de 2025, con la siguiente composici\u00f3n:<\/span><\/p>\n<p><span style=\"font-weight: 400\">Felipe Sim\u00e3o Pontes (Coordinador)<\/span><\/p>\n<p><span style=\"font-weight: 400\">Joseli Terezinha Pinto (Secretaria)<\/span><\/p>\n<p>&nbsp;<\/p>\n<p><b>Profesores<\/b><\/p>\n<p><span style=\"font-weight: 400\">C\u00edntia Xavier<\/span><\/p>\n<p><span style=\"font-weight: 400\">Graziela Bianch<\/span><\/p>\n<p><span style=\"font-weight: 400\">Guilherme Carvalho<\/span><\/p>\n<p><span style=\"font-weight: 400\">Ivan Bonfim<\/span><\/p>\n<p><span style=\"font-weight: 400\">Karina Janz Woitowicz<\/span><\/p>\n<p><span style=\"font-weight: 400\">Marcelo Bronosky<\/span><\/p>\n<p><span style=\"font-weight: 400\">Paula Melani Rocha<\/span><\/p>\n<p><span style=\"font-weight: 400\">Rafael Shoenherr<\/span><\/p>\n<p>&nbsp;<\/p>\n<p><b>Representantes de los estudiantes<\/b><\/p>\n<p><span style=\"font-weight: 400\">Paulo Pess\u00f4a de Andrade Neto<\/span><\/p>\n<p><span style=\"font-weight: 400\">Yago Raphael Massuqueto Rocha<\/span><\/p>\n<p><span style=\"font-weight: 400\">\u00a0<\/span><\/p>\n<p><b>Representantes de los licenciados<\/b><\/p>\n<p><span style=\"font-weight: 400\">Manoel Moabis Pereira dos Anjos<\/span><\/p>\n<p><span style=\"font-weight: 400\">Gabriela Carneiro Cavalcanti de Almeida<\/span><\/p>\n<p>&nbsp;<\/p>\n<p><span style=\"font-weight: 400\">El proceso de autoevaluaci\u00f3n se realiza anualmente en el PPGJor por medio de un cuestionario electr\u00f3nico an\u00f3nimo enviado a todo el cuerpo t\u00e9cnico, docente y estudiantil, incluidos los graduados. Los resultados de la autoevaluaci\u00f3n se presentan en forma de seminario interno, con vistas a la participaci\u00f3n y el di\u00e1logo abierto para identificar los puntos fuertes y las \u00e1reas de mejora en t\u00e9rminos de perfeccionamiento de la infraestructura y los procesos de trabajo del programa.<\/span><\/p>\n","protected":false},"excerpt":{"rendered":"<p>La autoevaluaci\u00f3n del Programa de Posgrado en Periodismo est\u00e1 institucionalizada en el Plan de Desarrollo Institucional 2023-2027 de la Universidad Estadual de Ponta Grossa (link), que incluye los siguientes objetivos: Realizar la autoevaluaci\u00f3n de acuerdo con las directrices de evaluaci\u00f3n anual determinadas por la CAPES para el PPGJor, en colaboraci\u00f3n con el Propesp;\u00a0 Crear un&nbsp;&hellip;<\/p>\n","protected":false},"author":745,"featured_media":0,"parent":0,"menu_order":0,"comment_status":"closed","ping_status":"closed","template":"","meta":[],"_links":{"self":[{"href":"https:\/\/www2.uepg.br\/ppgjor\/wp-json\/wp\/v2\/pages\/3317"}],"collection":[{"href":"https:\/\/www2.uepg.br\/ppgjor\/wp-json\/wp\/v2\/pages"}],"about":[{"href":"https:\/\/www2.uepg.br\/ppgjor\/wp-json\/wp\/v2\/types\/page"}],"author":[{"embeddable":true,"href":"https:\/\/www2.uepg.br\/ppgjor\/wp-json\/wp\/v2\/users\/745"}],"replies":[{"embeddable":true,"href":"https:\/\/www2.uepg.br\/ppgjor\/wp-json\/wp\/v2\/comments?post=3317"}],"version-history":[{"count":1,"href":"https:\/\/www2.uepg.br\/ppgjor\/wp-json\/wp\/v2\/pages\/3317\/revisions"}],"predecessor-version":[{"id":3318,"href":"https:\/\/www2.uepg.br\/ppgjor\/wp-json\/wp\/v2\/pages\/3317\/revisions\/3318"}],"wp:attachment":[{"href":"https:\/\/www2.uepg.br\/ppgjor\/wp-json\/wp\/v2\/media?parent=3317"}],"curies":[{"name":"wp","href":"https:\/\/api.w.org\/{rel}","templated":true}]}}