{"id":3374,"date":"2025-06-04T10:47:10","date_gmt":"2025-06-04T13:47:10","guid":{"rendered":"https:\/\/www2.uepg.br\/ppgjor\/?page_id=3374"},"modified":"2025-06-04T10:47:10","modified_gmt":"2025-06-04T13:47:10","slug":"documentos-2","status":"publish","type":"page","link":"https:\/\/www2.uepg.br\/ppgjor\/es\/documentos-2\/","title":{"rendered":"Documentos"},"content":{"rendered":"<p><b>OFICINAS<\/b><\/p>\n<ol>\n<li style=\"font-weight: 400\"><a href=\"http:\/\/www2.uepg.br\/ppgjor\/wp-content\/uploads\/sites\/26\/2024\/09\/oficioauxiliofinanceiro.pdf\"><span style=\"font-weight: 400\">Carta de ayuda financiera<\/span><\/a><\/li>\n<li style=\"font-weight: 400\"><a href=\"http:\/\/www2.uepg.br\/ppgjor\/wp-content\/uploads\/sites\/26\/2024\/09\/oficiodefesadissertacao.pdf\"><span style=\"font-weight: 400\">Carta de defensa de tesis<\/span><\/a><\/li>\n<\/ol>\n<p><b>REGLAMENTO<\/b><\/p>\n<ol>\n<li style=\"font-weight: 400\"><a href=\"http:\/\/www2.uepg.br\/ppgjor\/wp-content\/uploads\/sites\/26\/2019\/09\/REGULAMENTO-DO-MESTRADO-JORNALISMO.pdf\"><span style=\"font-weight: 400\">Reglamento del M\u00e1ster de Postgrado en Periodismo<\/span><\/a><\/li>\n<li style=\"font-weight: 400\"><a href=\"http:\/\/www2.uepg.br\/ppgjor\/wp-content\/uploads\/sites\/26\/2019\/07\/regulaestagio.pdf\"><span style=\"font-weight: 400\">Reglamento de pr\u00e1cticas postdoctorales de la UEPG<\/span><\/a><\/li>\n<li style=\"font-weight: 400\"><a href=\"http:\/\/www2.uepg.br\/ppgjor\/wp-content\/uploads\/sites\/26\/2019\/07\/regulamento.pdf\"><span style=\"font-weight: 400\">Normativa para las pr\u00e1cticas de estudiantes de pedagog\u00eda<\/span><\/a><\/li>\n<li style=\"font-weight: 400\"><a href=\"http:\/\/www2.uepg.br\/ppgjor\/wp-content\/uploads\/sites\/26\/2022\/10\/Atividades-estagio-pos-doc.pdf\"><span style=\"font-weight: 400\">Actividades de pr\u00e1cticas postdoctorales PPG Periodismo UEPG<\/span><\/a><\/li>\n<\/ol>\n<p><b>INFORMES<\/b><\/p>\n<ol>\n<li style=\"font-weight: 400\"><a href=\"http:\/\/www2.uepg.br\/ppgjor\/wp-content\/uploads\/sites\/26\/2024\/09\/Relatorio-de-atividades-discentes.pdf\"><span style=\"font-weight: 400\">Informe de actividades de los estudiantes<\/span><\/a><\/li>\n<li style=\"font-weight: 400\"><a href=\"http:\/\/www2.uepg.br\/ppgjor\/wp-content\/uploads\/sites\/26\/2024\/09\/relatoriodocente.pdf\"><span style=\"font-weight: 400\">Informe de actividades docentes<\/span><\/a><\/li>\n<li style=\"font-weight: 400\"><a href=\"http:\/\/www2.uepg.br\/ppgjor\/wp-content\/uploads\/sites\/26\/2024\/09\/Modelo_RelatorioEstagioDocencia.pdf\"><span style=\"font-weight: 400\">Informe de pr\u00e1cticas docentes<\/span><\/a><\/li>\n<\/ol>\n<p><b>SOLICITUD<\/b><\/p>\n<ol>\n<li style=\"font-weight: 400\"><a href=\"http:\/\/www2.uepg.br\/ppgjor\/wp-content\/uploads\/sites\/26\/2024\/11\/oficiosolicitacaoexamequalificacao-1.pdf\"><span style=\"font-weight: 400\">Solicitud de examen de aptitud<\/span><\/a><\/li>\n<li style=\"font-weight: 400\"><a href=\"http:\/\/www2.uepg.br\/ppgjor\/wp-content\/uploads\/sites\/26\/2024\/09\/termoautorizacaopulicacao.pdf\"><span style=\"font-weight: 400\">Formulario de autorizaci\u00f3n para la publicaci\u00f3n electr\u00f3nica de la tesina<\/span><\/a><\/li>\n<li style=\"font-weight: 400\"><a href=\"http:\/\/www2.uepg.br\/ppgjor\/wp-content\/uploads\/sites\/26\/2024\/09\/intercambio.pdf\"><span style=\"font-weight: 400\">Formulario de intercambio b\u00e1sico<\/span><\/a><\/li>\n<li style=\"font-weight: 400\"><a href=\"http:\/\/www2.uepg.br\/ppgjor\/wp-content\/uploads\/sites\/26\/2024\/09\/prorrogacaodissertacao.pdf\"><span style=\"font-weight: 400\">Solicitud de pr\u00f3rroga del plazo de defensa<\/span><\/a><\/li>\n<\/ol>\n<p><b>DIRECTRICES<\/b><\/p>\n<ol>\n<li style=\"font-weight: 400\"><a href=\"http:\/\/www2.uepg.br\/ppgjor\/wp-content\/uploads\/sites\/26\/2024\/09\/Ficha-Validacao-Creditos.pdf\"><span style=\"font-weight: 400\">Formulario de validaci\u00f3n de cr\u00e9ditos &#8211; Horas complementarias<\/span><\/a><\/li>\n<li style=\"font-weight: 400\"><a href=\"http:\/\/www2.uepg.br\/ppgjor\/wp-content\/uploads\/sites\/26\/2019\/07\/sufici%C3%AAncia-em-L%C3%ADngua-Estrangeira.pdf\"><span style=\"font-weight: 400\">Examen de lengua extranjera<\/span><\/a><\/li>\n<li style=\"font-weight: 400\"><a href=\"http:\/\/www2.uepg.br\/ppgjor\/wp-content\/uploads\/sites\/26\/2024\/09\/intercambio-1.pdf\"><span style=\"font-weight: 400\">Formulario de intercambio b\u00e1sico<\/span><\/a><\/li>\n<li style=\"font-weight: 400\"><a href=\"http:\/\/www2.uepg.br\/ppgjor\/wp-content\/uploads\/sites\/26\/2019\/07\/qualificacao.pdf\"><span style=\"font-weight: 400\">Calificaci\u00f3n &#8211; directrices para formatear y presentar el documento<\/span><\/a><\/li>\n<li style=\"font-weight: 400\"><a href=\"http:\/\/www2.uepg.br\/ppgjor\/wp-content\/uploads\/sites\/26\/2020\/09\/Sobre-o-termo-de-autorizacao-para-publicacao-na-BDTD.pdf\"><span style=\"font-weight: 400\">Sobre el plazo de autorizaci\u00f3n de publicaci\u00f3n en la BDTD de la UEPG<\/span><\/a><\/li>\n<\/ol>\n","protected":false},"excerpt":{"rendered":"<p>OFICINAS Carta de ayuda financiera Carta de defensa de tesis REGLAMENTO Reglamento del M\u00e1ster de Postgrado en Periodismo Reglamento de pr\u00e1cticas postdoctorales de la UEPG Normativa para las pr\u00e1cticas de estudiantes de pedagog\u00eda Actividades de pr\u00e1cticas postdoctorales PPG Periodismo UEPG INFORMES Informe de actividades de los estudiantes Informe de actividades docentes Informe de pr\u00e1cticas docentes&nbsp;&hellip;<\/p>\n","protected":false},"author":745,"featured_media":0,"parent":0,"menu_order":0,"comment_status":"closed","ping_status":"closed","template":"","meta":[],"_links":{"self":[{"href":"https:\/\/www2.uepg.br\/ppgjor\/wp-json\/wp\/v2\/pages\/3374"}],"collection":[{"href":"https:\/\/www2.uepg.br\/ppgjor\/wp-json\/wp\/v2\/pages"}],"about":[{"href":"https:\/\/www2.uepg.br\/ppgjor\/wp-json\/wp\/v2\/types\/page"}],"author":[{"embeddable":true,"href":"https:\/\/www2.uepg.br\/ppgjor\/wp-json\/wp\/v2\/users\/745"}],"replies":[{"embeddable":true,"href":"https:\/\/www2.uepg.br\/ppgjor\/wp-json\/wp\/v2\/comments?post=3374"}],"version-history":[{"count":1,"href":"https:\/\/www2.uepg.br\/ppgjor\/wp-json\/wp\/v2\/pages\/3374\/revisions"}],"predecessor-version":[{"id":3375,"href":"https:\/\/www2.uepg.br\/ppgjor\/wp-json\/wp\/v2\/pages\/3374\/revisions\/3375"}],"wp:attachment":[{"href":"https:\/\/www2.uepg.br\/ppgjor\/wp-json\/wp\/v2\/media?parent=3374"}],"curies":[{"name":"wp","href":"https:\/\/api.w.org\/{rel}","templated":true}]}}