{"id":3425,"date":"2025-06-04T11:35:48","date_gmt":"2025-06-04T14:35:48","guid":{"rendered":"https:\/\/www2.uepg.br\/ppgjor\/?page_id=3425"},"modified":"2025-06-04T11:35:48","modified_gmt":"2025-06-04T14:35:48","slug":"grupos-de-investigacion","status":"publish","type":"page","link":"https:\/\/www2.uepg.br\/ppgjor\/es\/grupos-de-investigacion\/","title":{"rendered":"Grupos de investigaci\u00f3n"},"content":{"rendered":"<p><a href=\"http:\/\/dgp.cnpq.br\/dgp\/espelhogrupo\/4428174589644778\"><span style=\"font-weight: 400\">L\u00f3gicas de Producci\u00f3n y Consumo en Periodismo <\/span><\/a><span style=\"font-weight: 400\">: El grupo tiene como objetivo discutir ampliamente el campo period\u00edstico en los diversos espacios de comunicaci\u00f3n, las transformaciones hist\u00f3ricas y tecnol\u00f3gicas del periodismo y de la profesi\u00f3n y su relaci\u00f3n con la sociedad, as\u00ed como identificar las l\u00f3gicas operativas de los circuitos de producci\u00f3n. Contribuir a la formaci\u00f3n de conocimiento en este campo, promoviendo la investigaci\u00f3n y la divulgaci\u00f3n cient\u00edfica involucrando a profesores y acad\u00e9micos (en el nivel de grado y posgrado).<\/span><span style=\"font-weight: 400\"><br \/>\n<\/span><b>Profesores responsables: <\/b><span style=\"font-weight: 400\">Dr Marcelo Engel Bronosky; Dra C\u00edntia Xavier; Dr Rafael Schoenherr<\/span><\/p>\n<p><a href=\"http:\/\/dgp.cnpq.br\/dgp\/espelhogrupo\/1044615973465841\"><span style=\"font-weight: 400\">Grupo de Estudios e Investigaci\u00f3n en Medios Digitales (GEMIDI) <\/span><\/a><span style=\"font-weight: 400\">: El objetivo general del grupo es implementar estudios e investigaciones en las \u00e1reas de convergencia de medios, apropiaci\u00f3n tecnol\u00f3gica, ciberactivismo y periodismo hipermedi\u00e1tico. Sus objetivos espec\u00edficos son: a) sistematizar elementos de la relaci\u00f3n de la sociedad civil con los hipermedios; b) proporcionar un espacio para el desarrollo de actividades en la l\u00ednea de investigaci\u00f3n &#8220;Procesos period\u00edsticos, representaciones y pr\u00e1cticas socioculturales&#8221;; c) ofrecer apoyo a proyectos de investigaci\u00f3n individuales; y d) fomentar la preparaci\u00f3n de art\u00edculos para publicaci\u00f3n y\/o presentaci\u00f3n en eventos cient\u00edficos.<\/span><span style=\"font-weight: 400\"><br \/>\n<\/span><b>Profesores responsables: <\/b><span style=\"font-weight: 400\">Dra. Graziela Soares Bianchi; Dr. Ivan Elizeu Boimfim Pereira<\/span><\/p>\n<p><a href=\"http:\/\/dgp.cnpq.br\/dgp\/espelhogrupo\/3289559958954010\"><span style=\"font-weight: 400\">Grupo de Investigaci\u00f3n en Periodismo y G\u00e9nero <\/span><\/a><span style=\"font-weight: 400\">: El grupo desarrolla reflexiones sobre las cuestiones de g\u00e9nero en el periodismo, a partir de estudios sobre las mujeres en el mercado de trabajo period\u00edstico y la producci\u00f3n de representaciones de masculinidad y feminidad en los procesos de comunicaci\u00f3n. Al proponer an\u00e1lisis de los medios de comunicaci\u00f3n con enfoque de g\u00e9nero, el grupo contribuye al desarrollo de estudios sobre la participaci\u00f3n de las mujeres en el campo period\u00edstico y las representaciones producidas por los medios de comunicaci\u00f3n a lo largo del tiempo, arrojando luz sobre las implicaciones del trabajo diario del periodismo en la construcci\u00f3n de la realidad y la producci\u00f3n de subjetividades. El grupo realiza investigaciones sobre temas relacionados con el g\u00e9nero, incluyendo los siguientes focos: &#8211; Representaciones de g\u00e9nero en los medios de comunicaci\u00f3n; &#8211; Mujeres en el mercado period\u00edstico; &#8211; Movimientos sociales, g\u00e9nero y medios alternativos. Desde 2012, el grupo realiza el Coloquio Mujer y Sociedad, evento que busca promover el di\u00e1logo entre la academia y sectores de la sociedad civil.<\/span><span style=\"font-weight: 400\"><br \/>\n<\/span><b>Profesores responsables: <\/b><span style=\"font-weight: 400\">Dra. Karina Janz Woitowicz; Dra. Paula Melani Rocha.<\/span><\/p>\n<p><a href=\"http:\/\/dgp.cnpq.br\/dgp\/espelhogrupo\/3599897752335302\"><span style=\"font-weight: 400\">Periodismo <\/span><\/a><span style=\"font-weight: 400\">Cultural y Comunicaci\u00f3n Folcl\u00f3rica : El grupo de investigaci\u00f3n Periodismo Cultural y Comunicaci\u00f3n Folcl\u00f3rica, vinculado al programa de investigaci\u00f3n continuada &#8220;Procesos period\u00edsticos, representaciones y pr\u00e1cticas socioculturales&#8221; de la UEPG, desarrolla estudios basados en el marco te\u00f3rico de la comunicaci\u00f3n folcl\u00f3rica, con un enfoque en la producci\u00f3n period\u00edstica en la cultura y los estudios de medios folcl\u00f3ricos. A partir de la perspectiva fundada por Luiz Beltr\u00e3o, se analizan procesos period\u00edsticos que involucran tanto manifestaciones populares como producciones medi\u00e1ticas del mercado de la comunicaci\u00f3n, en sus variantes regionales. El grupo tambi\u00e9n tiene como objetivo promover producciones period\u00edsticas que tengan la cultura popular como referencia tem\u00e1tica y conceptual, trabajando en sinton\u00eda con el proyecto de extensi\u00f3n Cultura Plural ( <\/span><a href=\"http:\/\/www.culturaplural.com.br\/\"><span style=\"font-weight: 400\">www.culturaplural.com.br <\/span><\/a><span style=\"font-weight: 400\">) y con las iniciativas llevadas a cabo por la Red de Estudios e Investigaci\u00f3n en Comunicaci\u00f3n Folcl\u00f3rica. Tambi\u00e9n participa del International Journal of Folk Communication, publicado con el apoyo de la Folkcom Network, de la C\u00e1tedra Unesco\/Umesp y de la Maestr\u00eda en Periodismo de la UEPG.<\/span><span style=\"font-weight: 400\"><br \/>\n<\/span><b>Profesores responsables: <\/b><span style=\"font-weight: 400\">Dr S\u00e9rgio Lu\u00eds Gadini; Dra Karina Janz Woitowicz; Dr Rafael Schoenherr<\/span><\/p>\n<p><a href=\"http:\/\/dgp.cnpq.br\/dgp\/espelhogrupo\/6916392461354988\"><span style=\"font-weight: 400\">Periodismo y Pol\u00edtica: representaciones y actores sociales <\/span><\/a><span style=\"font-weight: 400\">: El grupo de investigaci\u00f3n existe en el marco institucional de la UEPG desde 2006, cuando comenz\u00f3 a investigar sobre la producci\u00f3n del periodismo pol\u00edtico, especialmente durante las campa\u00f1as electorales. Los miembros del grupo han participado en eventos de iniciaci\u00f3n cient\u00edfica, congresos regionales, nacionales e internacionales, publicando hasta la fecha resultados parciales de sus trabajos. Desde una perspectiva metodol\u00f3gica cuantitativa y cualitativa, est\u00e1 llevando a cabo una amplia investigaci\u00f3n que incluye el seguimiento de la cobertura impresa de las representaciones pol\u00edticas y las disputas electorales en varios municipios de Paran\u00e1, as\u00ed como el an\u00e1lisis de los Horarios Gratuitos de Propaganda Electoral (HGPE). El grupo tambi\u00e9n cre\u00f3 un curso de posgrado (especializaci\u00f3n) en &#8220;Medios, Pol\u00edtica y Actores Sociales&#8221;, que se ofreci\u00f3 en tres ediciones en la UEPG (2008, 2010 y 2012). Colabor\u00f3 en la creaci\u00f3n del Programa de Maestr\u00eda en Periodismo en la misma instituci\u00f3n, en l\u00ednea con la l\u00ednea de investigaci\u00f3n &#8220;Procesos Period\u00edsticos y Pr\u00e1cticas Sociales&#8221;.<\/span><span style=\"font-weight: 400\"><br \/>\n<\/span><b>Profesores responsables: <\/b><span style=\"font-weight: 400\">Dr. S\u00e9rgio Luis Gadini; Dra. Hebe Gon\u00e7alves<\/span><\/p>\n<p><a href=\"http:\/\/dgp.cnpq.br\/dgp\/espelhogrupo\/2406607222145508\"><span style=\"font-weight: 400\">Periodismo, Conocimiento y Profesionalizaci\u00f3n (&#8220;Conocimiento en Periodismo&#8221;) <\/span><\/a><span style=\"font-weight: 400\">: El grupo pretende discutir ampliamente sobre el campo period\u00edstico en los diversos espacios de comunicaci\u00f3n, las transformaciones hist\u00f3ricas y tecnol\u00f3gicas del periodismo y de la profesi\u00f3n y su relaci\u00f3n con la sociedad, as\u00ed como identificar las l\u00f3gicas operativas de los circuitos de producci\u00f3n. Tambi\u00e9n busca contribuir a la formaci\u00f3n del conocimiento en este campo, promoviendo la investigaci\u00f3n y la divulgaci\u00f3n cient\u00edfica con la participaci\u00f3n de profesores y acad\u00e9micos (a nivel de pregrado y posgrado).<\/span><span style=\"font-weight: 400\"><br \/>\n<\/span><b>Profesores responsables: <\/b><span style=\"font-weight: 400\">Dr. Felipe Pontes; Dra. Paula Melani Rocha<\/span><\/p>\n","protected":false},"excerpt":{"rendered":"<p>L\u00f3gicas de Producci\u00f3n y Consumo en Periodismo : El grupo tiene como objetivo discutir ampliamente el campo period\u00edstico en los diversos espacios de comunicaci\u00f3n, las transformaciones hist\u00f3ricas y tecnol\u00f3gicas del periodismo y de la profesi\u00f3n y su relaci\u00f3n con la sociedad, as\u00ed como identificar las l\u00f3gicas operativas de los circuitos de producci\u00f3n. Contribuir a la&nbsp;&hellip;<\/p>\n","protected":false},"author":745,"featured_media":0,"parent":0,"menu_order":0,"comment_status":"closed","ping_status":"closed","template":"","meta":[],"_links":{"self":[{"href":"https:\/\/www2.uepg.br\/ppgjor\/wp-json\/wp\/v2\/pages\/3425"}],"collection":[{"href":"https:\/\/www2.uepg.br\/ppgjor\/wp-json\/wp\/v2\/pages"}],"about":[{"href":"https:\/\/www2.uepg.br\/ppgjor\/wp-json\/wp\/v2\/types\/page"}],"author":[{"embeddable":true,"href":"https:\/\/www2.uepg.br\/ppgjor\/wp-json\/wp\/v2\/users\/745"}],"replies":[{"embeddable":true,"href":"https:\/\/www2.uepg.br\/ppgjor\/wp-json\/wp\/v2\/comments?post=3425"}],"version-history":[{"count":1,"href":"https:\/\/www2.uepg.br\/ppgjor\/wp-json\/wp\/v2\/pages\/3425\/revisions"}],"predecessor-version":[{"id":3426,"href":"https:\/\/www2.uepg.br\/ppgjor\/wp-json\/wp\/v2\/pages\/3425\/revisions\/3426"}],"wp:attachment":[{"href":"https:\/\/www2.uepg.br\/ppgjor\/wp-json\/wp\/v2\/media?parent=3425"}],"curies":[{"name":"wp","href":"https:\/\/api.w.org\/{rel}","templated":true}]}}