{"id":3431,"date":"2025-06-04T11:40:25","date_gmt":"2025-06-04T14:40:25","guid":{"rendered":"https:\/\/www2.uepg.br\/ppgjor\/?page_id=3431"},"modified":"2025-06-04T11:40:25","modified_gmt":"2025-06-04T14:40:25","slug":"producciones-tecnicas-y-artisticas","status":"publish","type":"page","link":"https:\/\/www2.uepg.br\/ppgjor\/es\/producciones-tecnicas-y-artisticas\/","title":{"rendered":"Producciones t\u00e9cnicas y art\u00edsticas"},"content":{"rendered":"<p><span style=\"font-weight: 400\">ROCHA, A. E.; PONTES, Felipe Sim\u00e3o; XAVIER, Cintia. Projeto EspeleoPira\u00ed: em defesa do patrim\u00f4nio natural de Pira\u00ed da Serra\/PR<\/span><\/p>\n<p><span style=\"font-weight: 400\">Episodio 1: 16m29s, 2023:\u00a0 <\/span><a href=\"https:\/\/www.youtube.com\/watch?v=jDafieuVhIM\"><span style=\"font-weight: 400\">https:\/\/www.youtube.com\/watch?v=jDafieuVhIM<\/span><\/a><span style=\"font-weight: 400\">\u00a0\u00a0\u00a0<\/span><\/p>\n<p><span style=\"font-weight: 400\">Episodio 2: 13m49s:\u00a0 <\/span><a href=\"https:\/\/www.youtube.com\/watch?v=cXCPiPhLEak\"><span style=\"font-weight: 400\">https:\/\/www.youtube.com\/watch?v=cXCPiPhLEak<\/span><\/a><span style=\"font-weight: 400\">\u00a0\u00a0<\/span><\/p>\n<p><span style=\"font-weight: 400\">Episodio 3: 8m6s, 2023: <\/span><a href=\"https:\/\/www.youtube.com\/watch?v=dTzIrq0GPdQ\"><span style=\"font-weight: 400\">https:\/\/www.youtube.com\/watch?v=dTzIrq0GPdQ<\/span><\/a><span style=\"font-weight: 400\"> :\u00a0<\/span><\/p>\n<p><span style=\"font-weight: 400\">Episodio 4, 11m12s, Ponta Grossa, 2024: <\/span><a href=\"https:\/\/www.youtube.com\/watch?v=VOmvW4_lv68\"><span style=\"font-weight: 400\">https:\/\/www.youtube.com\/watch?v=VOmvW4_lv68<\/span><\/a><span style=\"font-weight: 400\">\u00a0<\/span><\/p>\n<p>&nbsp;<\/p>\n<p><span style=\"font-weight: 400\">WOITOWICZ, Karina Janz; ROCHA, Paula Melani; ROCHA, A. E.; CANDIDO, D.; SCHOENBERGER, E.; BARROS, M. R.; EDLING, M. C. I.; GASTALDON, M. H. R. Sobre Viv\u00eancias Travestis [Documental], 41m29s, Ponta Grossa, 2022. Disponible en: https:\/\/www.youtube.com\/watch?v=YA7TRjbdAKc\u00a0<\/span><\/p>\n<p>&nbsp;<\/p>\n<p><span style=\"font-weight: 400\">WOITOWICZ, Karina Janz; ANJOS, M. M. P.; BRONOSKY, Marcelo Engel;. MELLO, P. E. D.;GADINI, S\u00e9rgio Luiz; SANTOS, V. C. 40 anos do movimento Diretas J\u00e1 em PG [Documental], 22m08s, Ponta Grossa, 2024. Disponible en:\u00a0 https:\/\/www.youtube.com\/watch?v=0uHaUBeUC58\u00a0\u00a0<\/span><\/p>\n<p>&nbsp;<\/p>\n<p><span style=\"font-weight: 400\">Proyecto Al\u00f4 Mulheres. Ocupa Ponta Grossa: direito \u00e0 moradia na Ocupa\u00e7\u00e3o Ericson John Duarte.\u00a0 Disponible en: <\/span><a href=\"https:\/\/www.youtube.com\/watch?v=QbMvcpMKInI&amp;t=29s\"><span style=\"font-weight: 400\">https:\/\/www.youtube.com\/watch?v=QbMvcpMKInI&amp;t=29s<\/span><\/a><span style=\"font-weight: 400\">\u00a0<\/span><\/p>\n","protected":false},"excerpt":{"rendered":"<p>ROCHA, A. E.; PONTES, Felipe Sim\u00e3o; XAVIER, Cintia. Projeto EspeleoPira\u00ed: em defesa do patrim\u00f4nio natural de Pira\u00ed da Serra\/PR Episodio 1: 16m29s, 2023:\u00a0 https:\/\/www.youtube.com\/watch?v=jDafieuVhIM\u00a0\u00a0\u00a0 Episodio 2: 13m49s:\u00a0 https:\/\/www.youtube.com\/watch?v=cXCPiPhLEak\u00a0\u00a0 Episodio 3: 8m6s, 2023: https:\/\/www.youtube.com\/watch?v=dTzIrq0GPdQ :\u00a0 Episodio 4, 11m12s, Ponta Grossa, 2024: https:\/\/www.youtube.com\/watch?v=VOmvW4_lv68\u00a0 &nbsp; WOITOWICZ, Karina Janz; ROCHA, Paula Melani; ROCHA, A. E.; CANDIDO, D.; SCHOENBERGER, E.;&nbsp;&hellip;<\/p>\n","protected":false},"author":745,"featured_media":0,"parent":0,"menu_order":0,"comment_status":"closed","ping_status":"closed","template":"","meta":[],"_links":{"self":[{"href":"https:\/\/www2.uepg.br\/ppgjor\/wp-json\/wp\/v2\/pages\/3431"}],"collection":[{"href":"https:\/\/www2.uepg.br\/ppgjor\/wp-json\/wp\/v2\/pages"}],"about":[{"href":"https:\/\/www2.uepg.br\/ppgjor\/wp-json\/wp\/v2\/types\/page"}],"author":[{"embeddable":true,"href":"https:\/\/www2.uepg.br\/ppgjor\/wp-json\/wp\/v2\/users\/745"}],"replies":[{"embeddable":true,"href":"https:\/\/www2.uepg.br\/ppgjor\/wp-json\/wp\/v2\/comments?post=3431"}],"version-history":[{"count":2,"href":"https:\/\/www2.uepg.br\/ppgjor\/wp-json\/wp\/v2\/pages\/3431\/revisions"}],"predecessor-version":[{"id":3433,"href":"https:\/\/www2.uepg.br\/ppgjor\/wp-json\/wp\/v2\/pages\/3431\/revisions\/3433"}],"wp:attachment":[{"href":"https:\/\/www2.uepg.br\/ppgjor\/wp-json\/wp\/v2\/media?parent=3431"}],"curies":[{"name":"wp","href":"https:\/\/api.w.org\/{rel}","templated":true}]}}