{"id":3490,"date":"2025-06-05T13:36:01","date_gmt":"2025-06-05T16:36:01","guid":{"rendered":"https:\/\/www2.uepg.br\/ppgjor\/?page_id=3490"},"modified":"2025-06-05T13:36:01","modified_gmt":"2025-06-05T16:36:01","slug":"asociaciones-de-impacto-social","status":"publish","type":"page","link":"https:\/\/www2.uepg.br\/ppgjor\/es\/asociaciones-de-impacto-social\/","title":{"rendered":"Asociaciones de impacto social"},"content":{"rendered":"<p><span style=\"font-weight: 400\">El PPGJor mantiene asociaciones en proyectos de extensi\u00f3n e investigaci\u00f3n con agentes de la sociedad civil, movimientos sociales, empresas y \u00f3rganos gubernamentales.\u00a0<\/span><\/p>\n<ul>\n<li style=\"font-weight: 400\"><a href=\"https:\/\/www.facebook.com\/fadpontagrossa\/?locale=pt_BR\"><span style=\"font-weight: 400\">Frente Amplio Democr\u00e1tico\u00a0<\/span><\/a><\/li>\n<li style=\"font-weight: 400\"><a href=\"https:\/\/www.gupe.org.br\/\"><span style=\"font-weight: 400\">Grupo Universitario de Investigaci\u00f3n Espeleol\u00f3gica <\/span><\/a><span style=\"font-weight: 400\">&#8211; GUPE\u00a0<\/span><\/li>\n<li style=\"font-weight: 400\"><a href=\"https:\/\/www.instagram.com\/mpl_pg\"><span style=\"font-weight: 400\">Movimiento Popular de Lucha <\/span><\/a><span style=\"font-weight: 400\">(MPL)\u00a0<\/span><\/li>\n<li style=\"font-weight: 400\"><a href=\"https:\/\/www.instagram.com\/umppg\/\"><span style=\"font-weight: 400\">Uni\u00f3n Popular de Vivienda de Ponta <\/span><\/a><span style=\"font-weight: 400\">Grossa\u00a0<\/span><\/li>\n<li style=\"font-weight: 400\"><a href=\"https:\/\/www.facebook.com\/OngRenascerPG\/?locale=pt_BR\"><span style=\"font-weight: 400\">Grupo de Apoyo LGBT Renascer<\/span><\/a><\/li>\n<li style=\"font-weight: 400\"><a href=\"https:\/\/apadevipg.wixsite.com\/apadevi\"><span style=\"font-weight: 400\">Apadevi &#8211; Asociaci\u00f3n de Padres y Amigos de Deficientes Visuales\u00a0<\/span><\/a><\/li>\n<li style=\"font-weight: 400\"><a href=\"https:\/\/elos.sites.uepg.br\/destaques\/pg-tem-primeira-frente-feminista-em-200-anos\/\"><span style=\"font-weight: 400\">Frente Feminista de Ponta Grossa\u00a0<\/span><\/a><\/li>\n<li style=\"font-weight: 400\"><a href=\"https:\/\/sindijorpr.org.br\/\"><span style=\"font-weight: 400\">Sindicato de Periodistas de Paran\u00e1 &#8211; SindiJor-PR\u00a0<\/span><\/a><\/li>\n<li style=\"font-weight: 400\"><a href=\"https:\/\/www.sinduepg.com.br\/\"><span style=\"font-weight: 400\">Secci\u00f3n Sindical de Profesores de la Universidad Estatal de Ponta Grossa <\/span><\/a><span style=\"font-weight: 400\">&#8211; SindUEPG\u00a0<\/span><\/li>\n<li style=\"font-weight: 400\"><a href=\"https:\/\/metalurgente.com.br\/cct\/\"><span style=\"font-weight: 400\">Sindicato de los Metal\u00fargicos de Ponta Grossa<\/span><\/a><span style=\"font-weight: 400\">\u00a0<\/span><\/li>\n<li style=\"font-weight: 400\"><a href=\"https:\/\/www.instagram.com\/sismucastro\/\"><span style=\"font-weight: 400\">Sindicato de los Servidores P\u00fablicos Municipales de Castro\u00a0<\/span><\/a><\/li>\n<li style=\"font-weight: 400\"><span style=\"font-weight: 400\">Foto Carlos &#8211; empresa de fotograf\u00eda de la ciudad de Ponta Grossa. Socio en conferencias sobre fotograf\u00eda. Trabajo realizado con la colecci\u00f3n de fotograf\u00edas de la ciudad de Ponta Grossa.<\/span><\/li>\n<li style=\"font-weight: 400\"><a href=\"https:\/\/www.facebook.com\/fotoelitepg\/?locale=pt_BR\"><span style=\"font-weight: 400\">Fundo Foto Elite<\/span><\/a><span style=\"font-weight: 400\">: trabajo de preservaci\u00f3n, publicaci\u00f3n y estudio de colecciones fotogr\u00e1ficas<\/span><\/li>\n<li style=\"font-weight: 400\"><a href=\"https:\/\/www.facebook.com\/tvcompg\/\"><span style=\"font-weight: 400\">Asociaci\u00f3n de Entidades Usuarias del Canal Comunitario<\/span><\/a><span style=\"font-weight: 400\"> &#8211; transmite una cantidad significativa de material audiovisual producido por proyectos de extensi\u00f3n, investigaci\u00f3n y laboratorio vinculados al PPGJor profesores y alumnos.<\/span><\/li>\n<li style=\"font-weight: 400\"><a href=\"https:\/\/princesafmpg.com.br\/\"><span style=\"font-weight: 400\">Radio Comunitaria Princesa <\/span><\/a><span style=\"font-weight: 400\">(FM 87.9) &#8211; transmite una parte significativa del material audiovisual producido por proyectos de extensi\u00f3n, investigaci\u00f3n y laboratorio vinculados a profesores y alumnos del PPGJor.\u00a0<\/span><\/li>\n<li style=\"font-weight: 400\"><a href=\"https:\/\/www.facebook.com\/casadamemoriaparana\/?locale=pt_BR\"><span style=\"font-weight: 400\">Casa de la Memoria de Ponta Grossa\u00a0<\/span><\/a><\/li>\n<li style=\"font-weight: 400\"><a href=\"https:\/\/www2.uepg.br\/museu\/\"><span style=\"font-weight: 400\">Museo de Campos Gerais\u00a0<\/span><\/a><\/li>\n<\/ul>\n<ul>\n<li style=\"font-weight: 400\"><span style=\"font-weight: 400\">NUMAPE &#8211; (<\/span><a href=\"https:\/\/www.instagram.com\/numapeuepg\/\"><span style=\"font-weight: 400\">Centro Maria da Penha<\/span><\/a><span style=\"font-weight: 400\">)<\/span><\/li>\n<li style=\"font-weight: 400\"><span style=\"font-weight: 400\">UATI &#8211; <\/span><a href=\"https:\/\/www2.uepg.br\/uati\/uati-uepg\/\"><span style=\"font-weight: 400\">Universidad Abierta para la Tercera Edad\u00a0<\/span><\/a><\/li>\n<li style=\"font-weight: 400\"><a href=\"https:\/\/www.facebook.com\/conselhomunicipalpg\/\"><span style=\"font-weight: 400\">Consejo Municipal de los Derechos de la Mujer de Ponta Grossa\u00a0<\/span><\/a><\/li>\n<li style=\"font-weight: 400\"><a href=\"https:\/\/cultura.pontagrossa.pr.gov.br\/conselho-municipal-de-politica-cultural\/\"><span style=\"font-weight: 400\">Consejo Municipal de Pol\u00edticas Culturales de Ponta Grossa\u00a0<\/span><\/a><\/li>\n<li style=\"font-weight: 400\"><a href=\"https:\/\/fms.pontagrossa.pr.gov.br\/conselho-municipal-de-saude-de-ponta-grossa-cms-pg\/\"><span style=\"font-weight: 400\">Consejo Municipal de Salud de Ponta Grossa\u00a0<\/span><\/a><\/li>\n<li style=\"font-weight: 400\"><a href=\"https:\/\/cultura.pontagrossa.pr.gov.br\/patrimonio-compac\/\"><span style=\"font-weight: 400\">Consejo Municipal de Patrimonio Cultural de Ponta Grossa\u00a0<\/span><\/a><\/li>\n<li style=\"font-weight: 400\"><a href=\"https:\/\/portal.stf.jus.br\/\"><span style=\"font-weight: 400\">Tribunal Supremo Federal\u00a0<\/span><\/a><\/li>\n<li style=\"font-weight: 400\"><a href=\"https:\/\/www.tre-pr.jus.br\/\"><span style=\"font-weight: 400\">Tribunal Regional Electoral\u00a0<\/span><\/a><\/li>\n<\/ul>\n","protected":false},"excerpt":{"rendered":"<p>El PPGJor mantiene asociaciones en proyectos de extensi\u00f3n e investigaci\u00f3n con agentes de la sociedad civil, movimientos sociales, empresas y \u00f3rganos gubernamentales.\u00a0 Frente Amplio Democr\u00e1tico\u00a0 Grupo Universitario de Investigaci\u00f3n Espeleol\u00f3gica &#8211; GUPE\u00a0 Movimiento Popular de Lucha (MPL)\u00a0 Uni\u00f3n Popular de Vivienda de Ponta Grossa\u00a0 Grupo de Apoyo LGBT Renascer Apadevi &#8211; Asociaci\u00f3n de Padres y&nbsp;&hellip;<\/p>\n","protected":false},"author":745,"featured_media":0,"parent":0,"menu_order":0,"comment_status":"closed","ping_status":"closed","template":"","meta":[],"_links":{"self":[{"href":"https:\/\/www2.uepg.br\/ppgjor\/wp-json\/wp\/v2\/pages\/3490"}],"collection":[{"href":"https:\/\/www2.uepg.br\/ppgjor\/wp-json\/wp\/v2\/pages"}],"about":[{"href":"https:\/\/www2.uepg.br\/ppgjor\/wp-json\/wp\/v2\/types\/page"}],"author":[{"embeddable":true,"href":"https:\/\/www2.uepg.br\/ppgjor\/wp-json\/wp\/v2\/users\/745"}],"replies":[{"embeddable":true,"href":"https:\/\/www2.uepg.br\/ppgjor\/wp-json\/wp\/v2\/comments?post=3490"}],"version-history":[{"count":1,"href":"https:\/\/www2.uepg.br\/ppgjor\/wp-json\/wp\/v2\/pages\/3490\/revisions"}],"predecessor-version":[{"id":3491,"href":"https:\/\/www2.uepg.br\/ppgjor\/wp-json\/wp\/v2\/pages\/3490\/revisions\/3491"}],"wp:attachment":[{"href":"https:\/\/www2.uepg.br\/ppgjor\/wp-json\/wp\/v2\/media?parent=3490"}],"curies":[{"name":"wp","href":"https:\/\/api.w.org\/{rel}","templated":true}]}}