{"id":66,"date":"2019-07-02T09:25:51","date_gmt":"2019-07-02T12:25:51","guid":{"rendered":"http:\/\/www2.uepg.br\/ppgjor\/?page_id=66"},"modified":"2025-06-04T14:31:43","modified_gmt":"2025-06-04T17:31:43","slug":"anais-dos-eventos","status":"publish","type":"page","link":"https:\/\/www2.uepg.br\/ppgjor\/anais-dos-eventos\/","title":{"rendered":"Outros eventos"},"content":{"rendered":"<div id=\"pl-66\"  class=\"panel-layout\" ><div id=\"pg-66-0\"  class=\"panel-grid panel-no-style\" ><div id=\"pgc-66-0-0\"  class=\"panel-grid-cell\" ><div id=\"panel-66-0-0-0\" class=\"so-panel widget widget_sow-accordion panel-first-child panel-last-child\" data-index=\"0\" ><div\n\t\t\t\n\t\t\tclass=\"so-widget-sow-accordion so-widget-sow-accordion-default-5e4f80fa1ce8-66\"\n\t\t\t\n\t\t><h3 class=\"widget-title\">Eventos<\/h3><div>\n\t<div class=\"sow-accordion\">\n\t\t\t<div class=\"sow-accordion-panel\"\n\t\t\t data-anchor=\"encontro-nacional-de-pesquisadores-em-jornalismo-sbpjor\">\n\t\t\t\t<div class=\"sow-accordion-panel-header-container\" role=\"heading\" aria-level=\"2\">\n\t\t\t\t\t<div class=\"sow-accordion-panel-header\" tabindex=\"0\" role=\"button\" id=\"accordion-label-encontro-nacional-de-pesquisadores-em-jornalismo-sbpjor\" aria-controls=\"accordion-content-encontro-nacional-de-pesquisadores-em-jornalismo-sbpjor\" aria-expanded=\"false\">\n\t\t\t\t\t\t<div class=\"sow-accordion-title sow-accordion-title-icon-left\">\n\t\t\t\t\t\t\t\t\t\t\t\t\t\tEncontro Nacional de Pesquisadores em Jornalismo (SBPjor)\t\t\t\t\t\t\t\t\t\t\t\t\t<\/div>\n\t\t\t\t\t\t<div class=\"sow-accordion-open-close-button\">\n\t\t\t\t\t\t\t<div class=\"sow-accordion-open-button\">\n\t\t\t\t\t\t\t\t<span class=\"sow-icon-ionicons\" data-sow-icon=\"&#xf218;\"\n\t\t \n\t\taria-hidden=\"true\"><\/span>\t\t\t\t\t\t\t<\/div>\n\t\t\t\t\t\t\t<div class=\"sow-accordion-close-button\">\n\t\t\t\t\t\t\t\t<span class=\"sow-icon-ionicons\" data-sow-icon=\"&#xf209;\"\n\t\t \n\t\taria-hidden=\"true\"><\/span>\t\t\t\t\t\t\t<\/div>\n\t\t\t\t\t\t<\/div>\n\t\t\t\t\t<\/div>\n\t\t\t\t<\/div>\n\n\t\t\t<div\n\t\t\t\tclass=\"sow-accordion-panel-content\"\n\t\t\t\trole=\"region\"\n\t\t\t\taria-labelledby=\"accordion-label-encontro-nacional-de-pesquisadores-em-jornalismo-sbpjor\"\n\t\t\t\tid=\"accordion-content-encontro-nacional-de-pesquisadores-em-jornalismo-sbpjor\"\n\t\t\t\tstyle=\"display: none;\"\t\t\t>\n\t\t\t\t<div class=\"sow-accordion-panel-border\" tabindex=\"0\">\n\t\t\t\t\t<p style=\"text-align: center\"><strong>23\u00ba Encontro Nacional de Pesquisadores em Jornalismo<\/strong><\/p>\n<p style=\"text-align: center\"><strong>Local:<\/strong>\u00a0Ponta Grossa, Paran\u00e1<\/p>\n<p style=\"text-align: center\"><strong>Data:<\/strong> 5, 6 e 7 de novembro de 2025<\/p>\n<p style=\"text-align: center\"><a href=\"http:\/\/www2.uepg.br\/ppgjor\/wp-content\/uploads\/sites\/26\/2025\/06\/SBPJor-Portugues.pdf\">Apresenta\u00e7\u00e3o<\/a><\/p>\n<p style=\"text-align: center\"><a href=\"https:\/\/site.sbpjor.org.br\/wp-content\/uploads\/2025\/04\/CHAMADA-DE-TRABALHOS-2025.pdf\">Normas para submiss\u00e3o<\/a><\/p>\n<p style=\"text-align: center\"><a href=\"https:\/\/eventos.galoa.com.br\/sbpjor-2025?lang=pt-br\">Site oficial<\/a><\/p>\n<p style=\"text-align: center\">Redes sociais (<a href=\"https:\/\/www.instagram.com\/sbpjor\/\">SBPJor<\/a> e <a href=\"https:\/\/www.instagram.com\/sbpjor2025\/\">SBPJor 2025<\/a>)<\/p>\n<p style=\"text-align: center\">\n<\/p>\t\t\t\t<\/div>\n\t\t\t<\/div>\n\t\t<\/div>\n\t\t\t<div class=\"sow-accordion-panel\"\n\t\t\t data-anchor=\"encontro-de-jovens-pesquisadores-em-jornalismo-jpjor\">\n\t\t\t\t<div class=\"sow-accordion-panel-header-container\" role=\"heading\" aria-level=\"2\">\n\t\t\t\t\t<div class=\"sow-accordion-panel-header\" tabindex=\"0\" role=\"button\" id=\"accordion-label-encontro-de-jovens-pesquisadores-em-jornalismo-jpjor\" aria-controls=\"accordion-content-encontro-de-jovens-pesquisadores-em-jornalismo-jpjor\" aria-expanded=\"false\">\n\t\t\t\t\t\t<div class=\"sow-accordion-title sow-accordion-title-icon-left\">\n\t\t\t\t\t\t\t\t\t\t\t\t\t\tEncontro de Jovens Pesquisadores em Jornalismo (JPJor)\t\t\t\t\t\t\t\t\t\t\t\t\t<\/div>\n\t\t\t\t\t\t<div class=\"sow-accordion-open-close-button\">\n\t\t\t\t\t\t\t<div class=\"sow-accordion-open-button\">\n\t\t\t\t\t\t\t\t<span class=\"sow-icon-ionicons\" data-sow-icon=\"&#xf218;\"\n\t\t \n\t\taria-hidden=\"true\"><\/span>\t\t\t\t\t\t\t<\/div>\n\t\t\t\t\t\t\t<div class=\"sow-accordion-close-button\">\n\t\t\t\t\t\t\t\t<span class=\"sow-icon-ionicons\" data-sow-icon=\"&#xf209;\"\n\t\t \n\t\taria-hidden=\"true\"><\/span>\t\t\t\t\t\t\t<\/div>\n\t\t\t\t\t\t<\/div>\n\t\t\t\t\t<\/div>\n\t\t\t\t<\/div>\n\n\t\t\t<div\n\t\t\t\tclass=\"sow-accordion-panel-content\"\n\t\t\t\trole=\"region\"\n\t\t\t\taria-labelledby=\"accordion-label-encontro-de-jovens-pesquisadores-em-jornalismo-jpjor\"\n\t\t\t\tid=\"accordion-content-encontro-de-jovens-pesquisadores-em-jornalismo-jpjor\"\n\t\t\t\tstyle=\"display: none;\"\t\t\t>\n\t\t\t\t<div class=\"sow-accordion-panel-border\" tabindex=\"0\">\n\t\t\t\t\t<p style=\"text-align: center\"><strong>15\u00ba Encontro de Jovens Pesquisadores em Jornalismo (JPJor)<\/strong><\/p>\n<p style=\"text-align: center\"><strong>Local:<\/strong>\u00a0Ponta Grossa, Paran\u00e1<\/p>\n<p style=\"text-align: center\"><strong>Data:<\/strong> 5, 6 e 7 de novembro de 2025<\/p>\n<p style=\"text-align: center\"><a href=\"http:\/\/www2.uepg.br\/ppgjor\/wp-content\/uploads\/sites\/26\/2025\/06\/SBPJor-Portugues.pdf\">Apresenta\u00e7\u00e3o<\/a><\/p>\n<p style=\"text-align: center\"><a href=\"https:\/\/site.sbpjor.org.br\/wp-content\/uploads\/2025\/04\/CHAMADA-DE-TRABALHOS-2025.pdf\">Normas para submiss\u00e3o<\/a><\/p>\n<p style=\"text-align: center\"><a href=\"https:\/\/eventos.galoa.com.br\/jpjor-2025?lang=pt-br\">Site oficial<\/a><\/p>\n<p style=\"text-align: center\">Redes sociais (<a href=\"https:\/\/www.instagram.com\/sbpjor\/\">SBPJor<\/a> e <a href=\"https:\/\/www.instagram.com\/sbpjor2025\/\">SBPJor 2025<\/a>)<\/p>\n\t\t\t\t<\/div>\n\t\t\t<\/div>\n\t\t<\/div>\n\t\t\t<div class=\"sow-accordion-panel\"\n\t\t\t data-anchor=\"encontros-internacionais-de-pesquisa-sobre-jornalismo-reijor\">\n\t\t\t\t<div class=\"sow-accordion-panel-header-container\" role=\"heading\" aria-level=\"2\">\n\t\t\t\t\t<div class=\"sow-accordion-panel-header\" tabindex=\"0\" role=\"button\" id=\"accordion-label-encontros-internacionais-de-pesquisa-sobre-jornalismo-reijor\" aria-controls=\"accordion-content-encontros-internacionais-de-pesquisa-sobre-jornalismo-reijor\" aria-expanded=\"false\">\n\t\t\t\t\t\t<div class=\"sow-accordion-title sow-accordion-title-icon-left\">\n\t\t\t\t\t\t\t\t\t\t\t\t\t\tEncontros Internacionais de Pesquisa sobre Jornalismo - REIJOR\t\t\t\t\t\t\t\t\t\t\t\t\t<\/div>\n\t\t\t\t\t\t<div class=\"sow-accordion-open-close-button\">\n\t\t\t\t\t\t\t<div class=\"sow-accordion-open-button\">\n\t\t\t\t\t\t\t\t<span class=\"sow-icon-ionicons\" data-sow-icon=\"&#xf218;\"\n\t\t \n\t\taria-hidden=\"true\"><\/span>\t\t\t\t\t\t\t<\/div>\n\t\t\t\t\t\t\t<div class=\"sow-accordion-close-button\">\n\t\t\t\t\t\t\t\t<span class=\"sow-icon-ionicons\" data-sow-icon=\"&#xf209;\"\n\t\t \n\t\taria-hidden=\"true\"><\/span>\t\t\t\t\t\t\t<\/div>\n\t\t\t\t\t\t<\/div>\n\t\t\t\t\t<\/div>\n\t\t\t\t<\/div>\n\n\t\t\t<div\n\t\t\t\tclass=\"sow-accordion-panel-content\"\n\t\t\t\trole=\"region\"\n\t\t\t\taria-labelledby=\"accordion-label-encontros-internacionais-de-pesquisa-sobre-jornalismo-reijor\"\n\t\t\t\tid=\"accordion-content-encontros-internacionais-de-pesquisa-sobre-jornalismo-reijor\"\n\t\t\t\tstyle=\"display: none;\"\t\t\t>\n\t\t\t\t<div class=\"sow-accordion-panel-border\" tabindex=\"0\">\n\t\t\t\t\t<p style=\"text-align: center\"><strong>III Encontros Internacionais de Pesquisa sobre Jornalismo - REIJOR<\/strong><\/p>\n<p style=\"text-align: center\"><strong>Local:<\/strong>\u00a0Ponta Grossa, Paran\u00e1<\/p>\n<p style=\"text-align: center\"><strong>Data:<\/strong> 3, 4 e 5 de novembro de 2025<\/p>\n<p style=\"text-align: center\"><a href=\"https:\/\/drive.google.com\/file\/d\/1c782AAtWClyHib5Z45Ht2o9IjYoaTQj5\/view\">Apresenta\u00e7\u00e3o<\/a><\/p>\n<p>&nbsp;<\/p>\n<p style=\"text-align: center\">\n<\/p>\t\t\t\t<\/div>\n\t\t\t<\/div>\n\t\t<\/div>\n\t\t\t<div class=\"sow-accordion-panel\"\n\t\t\t data-anchor=\"semin%c3%a1rio-de-pesquisa-em-jornalismo-do-msjor\">\n\t\t\t\t<div class=\"sow-accordion-panel-header-container\" role=\"heading\" aria-level=\"2\">\n\t\t\t\t\t<div class=\"sow-accordion-panel-header\" tabindex=\"0\" role=\"button\" id=\"accordion-label-semin%c3%a1rio-de-pesquisa-em-jornalismo-do-msjor\" aria-controls=\"accordion-content-semin%c3%a1rio-de-pesquisa-em-jornalismo-do-msjor\" aria-expanded=\"false\">\n\t\t\t\t\t\t<div class=\"sow-accordion-title sow-accordion-title-icon-left\">\n\t\t\t\t\t\t\t\t\t\t\t\t\t\tSemin\u00e1rio de Pesquisa em Jornalismo do MsJor\t\t\t\t\t\t\t\t\t\t\t\t\t<\/div>\n\t\t\t\t\t\t<div class=\"sow-accordion-open-close-button\">\n\t\t\t\t\t\t\t<div class=\"sow-accordion-open-button\">\n\t\t\t\t\t\t\t\t<span class=\"sow-icon-ionicons\" data-sow-icon=\"&#xf218;\"\n\t\t \n\t\taria-hidden=\"true\"><\/span>\t\t\t\t\t\t\t<\/div>\n\t\t\t\t\t\t\t<div class=\"sow-accordion-close-button\">\n\t\t\t\t\t\t\t\t<span class=\"sow-icon-ionicons\" data-sow-icon=\"&#xf209;\"\n\t\t \n\t\taria-hidden=\"true\"><\/span>\t\t\t\t\t\t\t<\/div>\n\t\t\t\t\t\t<\/div>\n\t\t\t\t\t<\/div>\n\t\t\t\t<\/div>\n\n\t\t\t<div\n\t\t\t\tclass=\"sow-accordion-panel-content\"\n\t\t\t\trole=\"region\"\n\t\t\t\taria-labelledby=\"accordion-label-semin%c3%a1rio-de-pesquisa-em-jornalismo-do-msjor\"\n\t\t\t\tid=\"accordion-content-semin%c3%a1rio-de-pesquisa-em-jornalismo-do-msjor\"\n\t\t\t\tstyle=\"display: none;\"\t\t\t>\n\t\t\t\t<div class=\"sow-accordion-panel-border\" tabindex=\"0\">\n\t\t\t\t\t<p style=\"text-align: center\"><strong>II Semin\u00e1rio de Pesquisa em Jornalismo do MsJor<\/strong><br \/>\n<strong>ISSN: 2594-8415<\/strong><\/p>\n<p style=\"text-align: center\"><a href=\"http:\/\/www2.uepg.br\/ppgjor\/wp-content\/uploads\/sites\/26\/2019\/07\/Apresenta%C3%A7%C3%A3o-II-Semin%C3%A1rio-de-Pesquisa-em-Jornalismo-do-MsJor.pdf\" target=\"_blank\" rel=\"noopener noreferrer\">Apresenta\u00e7\u00e3o<\/a><\/p>\n<p style=\"text-align: center\"><a href=\"http:\/\/www2.uepg.br\/ppgjor\/wp-content\/uploads\/sites\/26\/2019\/07\/Corpo-editorial-Comit%C3%AA-cient%C3%ADfico-II-Semin%C3%A1rio-de-Pesquisa-em-Jornalismo-do-MsJor.pdf\" target=\"_blank\" rel=\"noopener noreferrer\">Corpo editorial<\/a><\/p>\n<p style=\"text-align: center\"><a href=\"http:\/\/www2.uepg.br\/ppgjor\/wp-content\/uploads\/sites\/26\/2019\/07\/Normas-para-publica%C3%A7%C3%A3o-II-Semin%C3%A1rio-de-Pesquisa-em-Jornalismo-do-MsJor.pdf\" target=\"_blank\" rel=\"noopener noreferrer\">Normas para publica\u00e7\u00e3o<\/a><\/p>\n<p style=\"text-align: center\"><a href=\"http:\/\/www2.uepg.br\/ppgjor\/wp-content\/uploads\/sites\/26\/2019\/07\/Expediente-II-Semin%C3%A1rio-de-Pesquisa-em-Jornalismo-do-MsJor.pdf\" target=\"_blank\" rel=\"noopener noreferrer\">Expediente e contato<\/a><\/p>\n<p style=\"text-align: center\"><a href=\"http:\/\/www2.uepg.br\/ppgjor\/wp-content\/uploads\/sites\/26\/2019\/07\/seminario-2018.pdf\" target=\"_blank\" rel=\"noopener noreferrer\">Anais \u2013 Volume 1, 2018<\/a><\/p>\n<p style=\"text-align: center\"><strong>Semin\u00e1rio de Pesquisa em Jornalismo do MsJor<\/strong><br \/>\n<strong>ISSN: 2594-8415<\/strong><\/p>\n<p style=\"text-align: center\"><a href=\"http:\/\/www2.uepg.br\/ppgjor\/wp-content\/uploads\/sites\/26\/2019\/07\/Apresenta%C3%A7%C3%A3o-Semin%C3%A1rio-de-Pesquisa-em-Jornalismo.pdf\" target=\"_blank\" rel=\"noopener noreferrer\">Apresenta\u00e7\u00e3o<\/a><\/p>\n<p style=\"text-align: center\"><a href=\"http:\/\/www2.uepg.br\/ppgjor\/wp-content\/uploads\/sites\/26\/2019\/07\/Corpo-editorial-Comit%C3%AA-cient%C3%ADfico-Semin%C3%A1rio-de-Pesquisa-em-Jornalismo.pdf\" target=\"_blank\" rel=\"noopener noreferrer\">Corpo editorial<\/a><\/p>\n<p style=\"text-align: center\"><a href=\"http:\/\/www2.uepg.br\/ppgjor\/wp-content\/uploads\/sites\/26\/2019\/07\/Normas-para-publica%C3%A7%C3%A3o-Semin%C3%A1rio-de-Pesquisa-em-Jornalismo.pdf\" target=\"_blank\" rel=\"noopener noreferrer\">Normas para publica\u00e7\u00e3o<\/a><\/p>\n<p style=\"text-align: center\"><a href=\"http:\/\/www2.uepg.br\/ppgjor\/wp-content\/uploads\/sites\/26\/2019\/07\/Expediente-Semin%C3%A1rio-de-Pesquisa-em-Jornalismo.pdf\" target=\"_blank\" rel=\"noopener noreferrer\">Expediente e contato<\/a><\/p>\n<p style=\"text-align: center\"><a href=\"http:\/\/www2.uepg.br\/ppgjor\/wp-content\/uploads\/sites\/26\/2019\/07\/seminario2017.pdf\" target=\"_blank\" rel=\"noopener noreferrer\">Anais \u2013 Volume 1, 2017<\/a><\/p>\n\t\t\t\t<\/div>\n\t\t\t<\/div>\n\t\t<\/div>\n\t\t<\/div>\n<\/div>\n<\/div><\/div><\/div><\/div><div id=\"pg-66-1\"  class=\"panel-grid panel-no-style\" ><div id=\"pgc-66-1-0\"  class=\"panel-grid-cell panel-grid-cell-empty\" ><\/div><\/div><\/div>","protected":false},"excerpt":{"rendered":"<p>Eventos Encontro Nacional de Pesquisadores em Jornalismo (SBPjor) 23\u00ba Encontro Nacional de Pesquisadores em Jornalismo Local:\u00a0Ponta Grossa, Paran\u00e1 Data: 5, 6 e 7 de novembro de 2025 Apresenta\u00e7\u00e3o Normas para submiss\u00e3o Site oficial Redes sociais (SBPJor e SBPJor 2025) Encontro de Jovens Pesquisadores em Jornalismo (JPJor) 15\u00ba Encontro de Jovens Pesquisadores em Jornalismo (JPJor) Local:\u00a0Ponta&nbsp;&hellip;<\/p>\n","protected":false},"author":24,"featured_media":0,"parent":0,"menu_order":0,"comment_status":"closed","ping_status":"closed","template":"","meta":[],"_links":{"self":[{"href":"https:\/\/www2.uepg.br\/ppgjor\/wp-json\/wp\/v2\/pages\/66"}],"collection":[{"href":"https:\/\/www2.uepg.br\/ppgjor\/wp-json\/wp\/v2\/pages"}],"about":[{"href":"https:\/\/www2.uepg.br\/ppgjor\/wp-json\/wp\/v2\/types\/page"}],"author":[{"embeddable":true,"href":"https:\/\/www2.uepg.br\/ppgjor\/wp-json\/wp\/v2\/users\/24"}],"replies":[{"embeddable":true,"href":"https:\/\/www2.uepg.br\/ppgjor\/wp-json\/wp\/v2\/comments?post=66"}],"version-history":[{"count":19,"href":"https:\/\/www2.uepg.br\/ppgjor\/wp-json\/wp\/v2\/pages\/66\/revisions"}],"predecessor-version":[{"id":3483,"href":"https:\/\/www2.uepg.br\/ppgjor\/wp-json\/wp\/v2\/pages\/66\/revisions\/3483"}],"wp:attachment":[{"href":"https:\/\/www2.uepg.br\/ppgjor\/wp-json\/wp\/v2\/media?parent=66"}],"curies":[{"name":"wp","href":"https:\/\/api.w.org\/{rel}","templated":true}]}}