{"id":125,"date":"2021-02-05T08:30:20","date_gmt":"2021-02-05T11:30:20","guid":{"rendered":"http:\/\/www2.uepg.br\/ppgq\/?page_id=125"},"modified":"2021-02-05T08:30:20","modified_gmt":"2021-02-05T11:30:20","slug":"contato","status":"publish","type":"page","link":"https:\/\/www2.uepg.br\/ppgq\/contato\/","title":{"rendered":"Contato"},"content":{"rendered":"<p>UNIVERSIDADE ESTADUAL DE PONTA GROSSA<br \/>\nSecretaria Acad\u00eamica de P\u00f3s-Gradua\u00e7\u00e3o Stricto Sensu \u2013 Doutorado em Qu\u00edmica<br \/>\nBloco L sala 108 B<br \/>\nAv. Gal Carlos Cavalcanti, 4748, Campus Universit\u00e1rio de Uvaranas<br \/>\nCEP: 84030-900 &#8211; PONTA GROSSA &#8211; PARAN\u00c1 &#8211; BRASIL<br \/>\nE-mail:\u00a0<strong><span id=\"INCREDITEXTEDITAREASPAN\" contenteditable=\"true\"><a href=\"mailto:doqas@uepg.br\" target=\"_blank\" rel=\"noopener\">doqas@uepg.br<\/a><\/span><br \/>\n<\/strong>Home page:<a href=\"https:\/\/www2.uepg.br\/ppgq\/\" target=\"_blank\" rel=\"noopener\">https:\/\/www2.uepg.br\/ppgq\/<\/a><\/p>\n<p>UNIVERSIDADE ESTADUAL DE LONDRINA<br \/>\nCENTRO DE CI\u00caNCIAS EXATAS<br \/>\nSecretaria de P\u00f3s-Gradua\u00e7\u00e3o<br \/>\nRodovia Celso Garcia Cid \u2013 Pr 445 Km 380 \u2013 Campus Universit\u00e1rio<br \/>\nCEP: 86051-990 \u2013 LONDRINA \u2013 PR<br \/>\nCaixa postal: 6001<br \/>\nTelefone (43) 3371- 4711<br \/>\nFax: (43) 3371- 4216<br \/>\nE-mail:\u00a0<a href=\"mailto:spgcce@uel.br\" target=\"_blank\" rel=\"noopener\">spgcce@uel.br<\/a><\/p>\n<p><strong><br \/>\n<\/strong>UNIVERSIDADE ESTADUAL DO CENTRO-OESTE<br \/>\nCampus Cedeteg \u2013 Bloco IV<br \/>\nRua Sime\u00e3o Camargo Varela de S\u00e1, 03<br \/>\nCEP 85040-080 &#8211; Guarapuava-PR<br \/>\nFones: (42) 3629-8301 &#8211; (42) 3629-8302<br \/>\nE-mail:\u00a0<a href=\"mailto:ppgqunicentro@gmail.com\" target=\"_blank\" rel=\"noopener\">ppgqunicentro@gmail.com<\/a><\/p>\n","protected":false},"excerpt":{"rendered":"<p>UNIVERSIDADE ESTADUAL DE PONTA GROSSA Secretaria Acad\u00eamica de P\u00f3s-Gradua\u00e7\u00e3o Stricto Sensu \u2013 Doutorado em Qu\u00edmica Bloco L sala 108 B Av. Gal Carlos Cavalcanti, 4748, Campus Universit\u00e1rio de Uvaranas CEP: 84030-900 &#8211; PONTA GROSSA &#8211; PARAN\u00c1 &#8211; BRASIL E-mail:\u00a0doqas@uepg.br Home page:https:\/\/www2.uepg.br\/ppgq\/ UNIVERSIDADE ESTADUAL DE LONDRINA CENTRO DE CI\u00caNCIAS EXATAS Secretaria de P\u00f3s-Gradua\u00e7\u00e3o Rodovia Celso Garcia&nbsp;&hellip;<\/p>\n","protected":false},"author":204,"featured_media":0,"parent":0,"menu_order":0,"comment_status":"closed","ping_status":"closed","template":"","meta":[],"_links":{"self":[{"href":"https:\/\/www2.uepg.br\/ppgq\/wp-json\/wp\/v2\/pages\/125"}],"collection":[{"href":"https:\/\/www2.uepg.br\/ppgq\/wp-json\/wp\/v2\/pages"}],"about":[{"href":"https:\/\/www2.uepg.br\/ppgq\/wp-json\/wp\/v2\/types\/page"}],"author":[{"embeddable":true,"href":"https:\/\/www2.uepg.br\/ppgq\/wp-json\/wp\/v2\/users\/204"}],"replies":[{"embeddable":true,"href":"https:\/\/www2.uepg.br\/ppgq\/wp-json\/wp\/v2\/comments?post=125"}],"version-history":[{"count":1,"href":"https:\/\/www2.uepg.br\/ppgq\/wp-json\/wp\/v2\/pages\/125\/revisions"}],"predecessor-version":[{"id":126,"href":"https:\/\/www2.uepg.br\/ppgq\/wp-json\/wp\/v2\/pages\/125\/revisions\/126"}],"wp:attachment":[{"href":"https:\/\/www2.uepg.br\/ppgq\/wp-json\/wp\/v2\/media?parent=125"}],"curies":[{"name":"wp","href":"https:\/\/api.w.org\/{rel}","templated":true}]}}