{"id":129,"date":"2021-02-05T08:35:26","date_gmt":"2021-02-05T11:35:26","guid":{"rendered":"http:\/\/www2.uepg.br\/ppgq\/?page_id=129"},"modified":"2021-02-05T08:35:26","modified_gmt":"2021-02-05T11:35:26","slug":"defesas","status":"publish","type":"page","link":"https:\/\/www2.uepg.br\/ppgq\/defesas\/","title":{"rendered":"Defesas"},"content":{"rendered":"<ul>\n<li><a href=\"http:\/\/www2.uepg.br\/ppgq\/wp-content\/uploads\/sites\/171\/2021\/02\/Instrucao_Normativa_DOQAS_02-2013_para_defesa_da_tese_final.pdf\" target=\"_blank\" rel=\"noopener\">Instru\u00e7\u00e3o Normativa N\u00ba 02\/2013 &#8211; Estabelece os crit\u00e9rios para solicita\u00e7\u00e3o de defesa de Tese e normas para elabora\u00e7\u00e3o da Tese<\/a><\/li>\n<li><a href=\"http:\/\/www2.uepg.br\/ppgq\/wp-content\/uploads\/sites\/171\/2021\/02\/Instrucao_Normativa_DOQAS_01_2011.pdf\" target=\"_blank\" rel=\"noopener\">Instru\u00e7\u00e3o Normativa N\u00ba 01\/2011 &#8211; Estabelece os procedimentos para realiza\u00e7\u00e3o de Exame de Qualifica\u00e7\u00e3o para Defesa de Tese de Doutorado em Qu\u00edmica no Ano de 2011<\/a><\/li>\n<\/ul>\n<div align=\"center\"><strong>Disserta\u00e7\u00f5es<\/strong><\/div>\n<table border=\"1\" cellspacing=\"0\" cellpadding=\"0\">\n<tbody>\n<tr>\n<td valign=\"top\" width=\"29\">\n<div align=\"center\"><strong>N\u00ba<\/strong><\/div>\n<\/td>\n<td valign=\"top\" width=\"109\">\n<div align=\"center\"><strong>Autor<\/strong><\/div>\n<\/td>\n<td valign=\"top\" width=\"107\">\n<div align=\"center\"><strong>Orientador<\/strong><\/div>\n<\/td>\n<td valign=\"top\" width=\"223\">\n<div align=\"center\"><strong>T\u00edtulo<\/strong><\/div>\n<\/td>\n<td valign=\"top\" width=\"75\">\n<div align=\"center\"><strong>Defesa<\/strong><\/div>\n<\/td>\n<\/tr>\n<tr>\n<td valign=\"top\" width=\"29\">\n<div align=\"center\">01<\/div>\n<\/td>\n<td valign=\"top\" width=\"109\">Vagner dos Santos<\/td>\n<td valign=\"top\" width=\"107\">Karen Wohnrath<\/td>\n<td valign=\"top\" width=\"223\">\n<div align=\"left\">Filmes LbL contendo Pt-SiPy +Cl &#8211; e polieletr\u00f3litos ani\u00f4nicos como sensores e biossensores eletroqu\u00edmicos.<\/div>\n<\/td>\n<td valign=\"top\" width=\"75\">\n<div align=\"center\">20\/06\/2013<\/div>\n<\/td>\n<\/tr>\n<tr>\n<td valign=\"top\" width=\"29\">\n<div align=\"center\">02<\/div>\n<\/td>\n<td valign=\"top\" width=\"109\">Cliciane Guadalupe de Jesus<\/td>\n<td valign=\"top\" width=\"107\">Christiana Andrade Pessoa<\/td>\n<td valign=\"top\" width=\"223\">\n<div align=\"left\">Sensores eletroqu\u00edmicos baseados em filmes LbL de ftalocianina met\u00e1lica e pol\u00edmero silsesquioxano.<\/div>\n<\/td>\n<td valign=\"top\" width=\"75\">\n<div align=\"center\">21\/06\/2013<\/div>\n<\/td>\n<\/tr>\n<tr>\n<td valign=\"top\" width=\"29\">\n<div align=\"center\">03<\/div>\n<\/td>\n<td valign=\"top\" width=\"109\">Fabio Santana dos Santos<\/td>\n<td valign=\"top\" width=\"107\">Jarem Raul Garcia<\/td>\n<td valign=\"top\" width=\"223\">\n<div align=\"left\">Prepara\u00e7\u00e3o e Caracteriza\u00e7\u00e3o de compostos formados por pol\u00edmeros conjugados e nanopart\u00edculas de \u00f3xidos met\u00e1licos.<\/div>\n<\/td>\n<td valign=\"top\" width=\"75\">\n<div align=\"center\">25\/10\/2013<\/div>\n<\/td>\n<\/tr>\n<tr>\n<td valign=\"top\">\n<div align=\"center\">04<\/div>\n<\/td>\n<td valign=\"top\">Marcela Fonseca Santos<\/td>\n<td valign=\"top\">Barbara Cel\u00e2nia Fiorin<\/td>\n<td valign=\"top\">Estudo Conformacional de algumas Cloroacetamidas empregando c\u00e1lculos Te\u00f3ricos e as Espctrocopias de Resson\u00e2ncia Magn\u00e9ticas Nuclear e Infravermelho<\/td>\n<td valign=\"top\">\n<div align=\"center\">29\/07\/2014<\/div>\n<\/td>\n<\/tr>\n<tr>\n<td valign=\"top\">\n<div align=\"center\">05<\/div>\n<\/td>\n<td valign=\"top\">Gisele Nathaly Cala\u00e7a<\/td>\n<td valign=\"top\">Noemi Nagata<\/td>\n<td valign=\"top\">Desenvolvimentos de M\u00e9todos Voltam\u00e9tricos Associados a Quiometria para Quantifica\u00e7\u00e3o de Associa\u00e7\u00f5es<\/td>\n<td valign=\"top\">\n<div align=\"center\">23\/02\/2015<\/div>\n<\/td>\n<\/tr>\n<tr>\n<td valign=\"top\">\n<div align=\"center\">06<\/div>\n<\/td>\n<td valign=\"top\">Carmen L\u00facia Voigt<\/td>\n<td valign=\"top\">Sandro Xavier de Campos<\/td>\n<td valign=\"top\">Quantifica\u00e7\u00e3o de Metais em Peixes(Geophagus brasiliensis,Cyprinus carpio),\u00c1gua e Sedimento do Reservat\u00f3rio de Alagados em Ponta Grossa\/PR E Avalia\u00e7\u00e3o da Bioconcentra\u00e7\u00e3o e Bioacumula\u00e7\u00e3o.<\/td>\n<td valign=\"top\">\n<div align=\"center\">20\/03\/2015<\/div>\n<\/td>\n<\/tr>\n<tr>\n<td valign=\"top\">\n<div align=\"center\">07<\/div>\n<\/td>\n<td valign=\"top\">\u00c1lvaro Fontana<\/td>\n<td valign=\"top\">Jarem Raul Garcia<\/td>\n<td valign=\"top\">Considera\u00e7\u00f5es a Respeito da Determina\u00e7\u00e3o de Par\u00e2metros Eletr\u00f4nicos de Mol\u00e9culas Conjugadas Por Meio de Medidas Eletroqu\u00edmicas<\/td>\n<td valign=\"top\">\n<div align=\"center\">18\/09\/2015<\/div>\n<\/td>\n<\/tr>\n<tr>\n<td valign=\"top\">\n<div align=\"center\">08<\/div>\n<\/td>\n<td valign=\"top\">Grasiele Soares Cavallini<\/td>\n<td valign=\"top\">Sandro Xavier de Campos<\/td>\n<td valign=\"top\">P\u00f3s-Tratamento de Efluentes de Reator Anaer\u00f3bio utilizando Dupla Filtra\u00e7\u00e3o para Fins de Re\u00faso<\/td>\n<td valign=\"top\">\n<div align=\"center\">23\/10\/2015<\/div>\n<\/td>\n<\/tr>\n<tr>\n<td valign=\"top\">\n<div align=\"center\">09<\/div>\n<\/td>\n<td valign=\"top\">Rosana Mossanha<\/td>\n<td valign=\"top\">Christiana Andrade Pessoa<\/td>\n<td valign=\"top\">Diferentes Estrat\u00e9gias de Prepara\u00e7\u00e3o de Eletrodos A Base de Sam Para o Desenvolvimento de Biossensores Eletroqu\u00edmicos<\/td>\n<td valign=\"top\">\n<div align=\"center\">23\/02\/2016<\/div>\n<\/td>\n<\/tr>\n<tr>\n<td valign=\"top\">\n<div align=\"center\">10<\/div>\n<\/td>\n<td valign=\"top\">Michele Aparecida Besten<\/td>\n<td valign=\"top\">Domingos S\u00e1vio Nunes<\/td>\n<td valign=\"top\">Metab\u00f3litos Secund\u00e1rios de Tr\u00eas Esp\u00e9cies do G\u00eanero\u00a0<em>Baccharis milleflora, Baccharis trimeta e Baccharis dracunculifolia<\/em><\/td>\n<td valign=\"top\">\n<div align=\"center\">11\/03\/2016<\/div>\n<\/td>\n<\/tr>\n<tr>\n<td valign=\"top\">\n<div align=\"center\">11<\/div>\n<\/td>\n<td valign=\"top\">Michele Aparecida Besten<\/td>\n<td valign=\"top\">Domingos S\u00e1vio Nunes<\/td>\n<td valign=\"top\">Metab\u00f3litos Secund\u00e1rios de Tr\u00eas Esp\u00e9cies do G\u00eanero\u00a0<em>Baccharis milleflora, Baccharis trimeta e Baccharis dracunculifolia<\/em><\/td>\n<td valign=\"top\">\n<div align=\"center\">11\/03\/2016<\/div>\n<\/td>\n<\/tr>\n<tr>\n<td valign=\"top\">\n<div align=\"center\">12<\/div>\n<\/td>\n<td valign=\"top\">Cleverson Siqueira Santos<\/td>\n<td valign=\"top\">Christiana Andrade Pessoa<\/td>\n<td valign=\"top\">Desenvolvimento de Diferentes Dispositivos Eletroqu\u00edmicos a Base de Ouro<\/td>\n<td valign=\"top\">\n<div align=\"center\">06\/05\/2016<\/div>\n<\/td>\n<\/tr>\n<tr>\n<td valign=\"top\">\n<div align=\"center\">13<\/div>\n<\/td>\n<td valign=\"top\">Karine Cristina C. W.S. Klider<\/td>\n<td valign=\"top\">Jarem Raul Garcia<\/td>\n<td valign=\"top\">Prepara\u00e7\u00e3o de Compostos Org\u00e2nicos com Potencial Aplica\u00e7\u00e3o em Dispositivos Fotovoltaicos: Avalia\u00e7\u00e3o de Propriedades Foto-F\u00edsicas e Eletroqu\u00edmicas<\/td>\n<td valign=\"top\">\n<div align=\"center\">27\/07\/2016<\/div>\n<\/td>\n<\/tr>\n<tr>\n<td valign=\"top\">\n<div align=\"center\">14<\/div>\n<\/td>\n<td valign=\"top\">Mariana Negrelli Levandowski<\/td>\n<td valign=\"top\">Barbara Cel\u00e2nia Fiorin<\/td>\n<td valign=\"top\">Estudo Conformacional de Derivados do \u00c1cido Fenilac\u00e9tico Empregando C\u00e1lculos Te\u00f3ricos e as Espectroscopias de Resson\u00e2ncia Magn\u00e9tica Nuclear e Infravermelho<\/td>\n<td valign=\"top\">\n<div align=\"center\">13\/02\/2017<\/div>\n<\/td>\n<\/tr>\n<tr>\n<td valign=\"top\">\n<div align=\"center\">15<\/div>\n<\/td>\n<td valign=\"top\">Agnes Thiane Pereira<\/td>\n<td valign=\"top\">Jorge Iulek<\/td>\n<td valign=\"top\">Estudos Estruturais e Funcionais das Prote\u00ednas Alanina Racemase Isoforma Longa de\u00a0<em>Trypanosoma cruzi\u00a0<\/em>E Giceralde\u00eddo-3-fosfato Desidrogenase de\u00a0<em>Naegleria gruberi<\/em><\/td>\n<td valign=\"top\">\n<div align=\"center\">22\/03\/2017<\/div>\n<\/td>\n<\/tr>\n<tr>\n<td valign=\"top\">16<\/td>\n<td valign=\"top\">Rolf de Campos Intema<\/td>\n<td valign=\"top\">Karen Wohnrath<\/td>\n<td valign=\"top\">ESTUDO DE FILMES AUTOMONTADOS DE COMPOSTOS DE N\u00cdQUEL NA PRESEN\u00c7A DO CLORETO DE 3-N-PROPIL SILSESQUIOXANO E SURFACTANTES<\/td>\n<td valign=\"top\">05\/07\/2017<\/td>\n<\/tr>\n<tr>\n<td valign=\"top\">17<\/td>\n<td valign=\"top\">Ellen Christine Wrobel<\/td>\n<td valign=\"top\">Karen Wohnrath<\/td>\n<td valign=\"top\">FILMES DE LANGMUIR DE CALIXARENOS E SUAS INTERA\u00c7\u00d5ES COM PORFIRINAS E LIP\u00cdDIOS<\/td>\n<td valign=\"top\">12\/12\/2017<\/td>\n<\/tr>\n<tr>\n<td valign=\"top\">18<\/td>\n<td valign=\"top\">Jucimara Kulek de Andrade<\/td>\n<td valign=\"top\">Vanessa Eg\u00e9a dos Anjos<\/td>\n<td valign=\"top\">ESPECIA\u00c7\u00c3O DE ANTIM\u00d4NIO EM AMOSTRAS DE \u00c1GUA MINERAL E ESPECIA\u00c7\u00c3O DE CROMO EM \u00c1GUAS NATURAIS EMPREGANDO M\u00c9TODOS DE MICROEXTRA\u00c7\u00c3O E ESPECTROMETRIA DE ABSOR\u00c7\u00c3O AT\u00d4MICA<\/td>\n<td valign=\"top\">22\/02\/2018<\/td>\n<\/tr>\n<tr>\n<td valign=\"top\">19<\/td>\n<td valign=\"top\">Ang\u00e9lica de Sousa Hrysyk<\/td>\n<td valign=\"top\">S\u00e9rgio Toshio Fujiwara<\/td>\n<td valign=\"top\">DEGRADA\u00c7\u00c3O FOTOCATAL\u00cdTICA DE POLUENTES EMERGENTES EMPREGANDO TiO2 IMOBILIZADO<\/td>\n<td valign=\"top\">06\/04\/2018<\/td>\n<\/tr>\n<tr>\n<td valign=\"top\">20<\/td>\n<td valign=\"top\">Tatiana Roselena de Oliveira Stremel<\/td>\n<td valign=\"top\">Sandro Xavier de Campos<\/td>\n<td valign=\"top\">DESENVOLVIMENTO, VALIDA\u00c7\u00c3O E APLICA\u00c7\u00c3O DE UM M\u00c9TODO QUECHERS PARA DETERMINA\u00c7\u00c3O DE PESTICIDAS ORGANOCLORADOS<\/td>\n<td valign=\"top\">12\/04\/2018<\/td>\n<\/tr>\n<tr>\n<td valign=\"top\">21<\/td>\n<td valign=\"top\">Cibeli May Ar\u00e9vallos Villalba<\/td>\n<td valign=\"top\">Jarem Raul Garcia<\/td>\n<td valign=\"top\">ESTUDO DA CIN\u00c9TICA DA REA\u00c7\u00c3O QU\u00cdMICA TRADICIONAL E ELETROQU\u00cdMICA DE TETRABROMA\u00c7\u00c3O DO P-XILENO E DO 2,5-DICIANO-P-XILENO<\/td>\n<td valign=\"top\">13\/04\/2018<\/td>\n<\/tr>\n<tr>\n<td valign=\"top\">22<\/td>\n<td valign=\"top\">Ariane Caroline Ribicki<\/td>\n<td valign=\"top\">S\u00e9rgio Toshio Fujiwara<\/td>\n<td valign=\"top\">S\u00cdNTESE E CARACTERIZA\u00c7\u00c3O DE NOVOS MATERIAIS H\u00cdBRIDOS ORG\u00c2NICOS- INORG\u00c2NICOS VISANDO DIFERENCIADAS APLICA\u00c7\u00d5ES<\/td>\n<td valign=\"top\">06\/12\/2018<\/td>\n<\/tr>\n<tr>\n<td valign=\"top\">23<\/td>\n<td valign=\"top\">Cristiane Andreia Erdmann<\/td>\n<td valign=\"top\">Karen Wohnrath<\/td>\n<td valign=\"top\">DESENVOLVIMENTO DE PLATAFORMAS NANOESTRUTURADAS PARA A OBTEN\u00c7\u00c3O DE IMUNOSSENSORES ELETROQU\u00cdMICOS PARA O DIAGN\u00d3STICO DE DOEN\u00c7AS INFECCIOSAS<\/td>\n<td valign=\"top\">17\/12\/2018<\/td>\n<\/tr>\n<tr>\n<td valign=\"top\">24<\/td>\n<td valign=\"top\">Luis Henrique da Silveira Lacerda<\/td>\n<td valign=\"top\">S\u00e9rgio Ricardo de L\u00e1zaro<\/td>\n<td valign=\"top\">TEORIA DO FUNCIONAL DE DENSIDADE APLICADA A MATERIAIS MULTIFERR\u00d3ICOS DE ESTRUTURA R3c PARA INVESTIGA\u00c7\u00c3O DE SUAS PROPRIEDADES ESTRUTURAIS, VIBRACIONAIS, EL\u00c1STICAS, ELETR\u00d4NICAS, \u00d3PTICAS, MAGN\u00c9TICAS E FERROEL\u00c9TRICAS<\/td>\n<td valign=\"top\">18\/02\/2019<\/td>\n<\/tr>\n<tr>\n<td valign=\"top\">25<\/td>\n<td valign=\"top\">Renan Augusto Pontes Ribeiro<\/td>\n<td valign=\"top\">S\u00e9rgio Ricardo de L\u00e1zaro<\/td>\n<td valign=\"top\">INVESTIGA\u00c7\u00c3O TE\u00d3RICA DE MATERIAIS MULTIFERR\u00d3ICOS<\/td>\n<td valign=\"top\">26\/02\/2019<\/td>\n<\/tr>\n<tr>\n<td valign=\"top\">26<\/td>\n<td valign=\"top\">Rosimara Zittel<\/td>\n<td valign=\"top\">Sandro Xavier de Campos<\/td>\n<td valign=\"top\">COMPOSTAGEM EM REATORES DE TABACO DE CIGARROS CONTRABANDEADOS E LODO DE ETE INDUSTRIAL: ESTUDO DA ESTABILIDADE E MATURIDADE POR MEIO DE PAR\u00c2METROS F\u00cdSICO-QU\u00cdMICOS, BIOL\u00d3GICOS E ESPECTROSC\u00d3PICOS<\/td>\n<td valign=\"top\">22\/03\/2019<\/td>\n<\/tr>\n<tr>\n<td valign=\"top\">27<\/td>\n<td valign=\"top\">Juliane Rutckeviski Ci\u00f3rcero<\/td>\n<td valign=\"top\">Christiana Andrade Pess\u00f4a<\/td>\n<td valign=\"top\">ELETRODOS DE CARBONO CER\u00c2MICO MODIFICADOS COM \u00d3XIDOS DE ESTANHO E NI\u00d3BIO PARA APLICA\u00c7\u00c3O COMO SENSORES ELETROQU\u00cdMICOS<\/td>\n<td valign=\"top\">14\/06\/2019<\/td>\n<\/tr>\n<tr>\n<td valign=\"top\">28<\/td>\n<td valign=\"top\">Daniele Cristina Hass Seremeta<\/td>\n<td valign=\"top\">Sandro Xavier de Campos<\/td>\n<td valign=\"top\">REMO\u00c7\u00c3O DE METAIS UTILIZANDO COMPOSTO HUMICO PROVENIENTE DO TRATAMENTO DE LODO DE ESGOTO INDUSTRIAL E TABACO DE CIGARRO CONTRABANDEADO EM REATOR<\/td>\n<td valign=\"top\">13\/09\/2019<\/td>\n<\/tr>\n<\/tbody>\n<\/table>\n<p align=\"center\"><strong>\u00a0<\/strong><\/p>\n","protected":false},"excerpt":{"rendered":"<p>Instru\u00e7\u00e3o Normativa N\u00ba 02\/2013 &#8211; Estabelece os crit\u00e9rios para solicita\u00e7\u00e3o de defesa de Tese e normas para elabora\u00e7\u00e3o da Tese Instru\u00e7\u00e3o Normativa N\u00ba 01\/2011 &#8211; Estabelece os procedimentos para realiza\u00e7\u00e3o de Exame de Qualifica\u00e7\u00e3o para Defesa de Tese de Doutorado em Qu\u00edmica no Ano de 2011 Disserta\u00e7\u00f5es N\u00ba Autor Orientador T\u00edtulo Defesa 01 Vagner dos&nbsp;&hellip;<\/p>\n","protected":false},"author":204,"featured_media":0,"parent":0,"menu_order":0,"comment_status":"closed","ping_status":"closed","template":"","meta":[],"_links":{"self":[{"href":"https:\/\/www2.uepg.br\/ppgq\/wp-json\/wp\/v2\/pages\/129"}],"collection":[{"href":"https:\/\/www2.uepg.br\/ppgq\/wp-json\/wp\/v2\/pages"}],"about":[{"href":"https:\/\/www2.uepg.br\/ppgq\/wp-json\/wp\/v2\/types\/page"}],"author":[{"embeddable":true,"href":"https:\/\/www2.uepg.br\/ppgq\/wp-json\/wp\/v2\/users\/204"}],"replies":[{"embeddable":true,"href":"https:\/\/www2.uepg.br\/ppgq\/wp-json\/wp\/v2\/comments?post=129"}],"version-history":[{"count":1,"href":"https:\/\/www2.uepg.br\/ppgq\/wp-json\/wp\/v2\/pages\/129\/revisions"}],"predecessor-version":[{"id":132,"href":"https:\/\/www2.uepg.br\/ppgq\/wp-json\/wp\/v2\/pages\/129\/revisions\/132"}],"wp:attachment":[{"href":"https:\/\/www2.uepg.br\/ppgq\/wp-json\/wp\/v2\/media?parent=129"}],"curies":[{"name":"wp","href":"https:\/\/api.w.org\/{rel}","templated":true}]}}