{"id":161,"date":"2021-02-05T10:56:39","date_gmt":"2021-02-05T13:56:39","guid":{"rendered":"http:\/\/www2.uepg.br\/ppgq\/?page_id=161"},"modified":"2021-02-05T10:56:39","modified_gmt":"2021-02-05T13:56:39","slug":"matricula","status":"publish","type":"page","link":"https:\/\/www2.uepg.br\/ppgq\/matricula\/","title":{"rendered":"Matr\u00edcula"},"content":{"rendered":"<div align=\"justify\">Somente ser\u00e1 concedida matr\u00edcula para os candidatos aprovados no processo seletivo que comprovem que conclu\u00edram o curso de Mestrado at\u00e9 a data de matr\u00edcula.<br \/>\nAs matr\u00edculas poder\u00e3o ser realizadas por procura\u00e7\u00e3o.<\/div>\n<p align=\"center\">\n<p align=\"center\"><strong>Efetue a matr\u00edcula atrav\u00e9s do link:\u00a0<a href=\"https:\/\/sistemas.uepg.br\/stricto\/matricula\/\" target=\"_blank\" rel=\"noopener\">https:\/\/sistemas.uepg.br\/stricto\/matricula\/<\/a><\/strong><\/p>\n","protected":false},"excerpt":{"rendered":"<p>Somente ser\u00e1 concedida matr\u00edcula para os candidatos aprovados no processo seletivo que comprovem que conclu\u00edram o curso de Mestrado at\u00e9 a data de matr\u00edcula. As matr\u00edculas poder\u00e3o ser realizadas por procura\u00e7\u00e3o. Efetue a matr\u00edcula atrav\u00e9s do link:\u00a0https:\/\/sistemas.uepg.br\/stricto\/matricula\/<\/p>\n","protected":false},"author":204,"featured_media":0,"parent":0,"menu_order":0,"comment_status":"closed","ping_status":"closed","template":"","meta":[],"_links":{"self":[{"href":"https:\/\/www2.uepg.br\/ppgq\/wp-json\/wp\/v2\/pages\/161"}],"collection":[{"href":"https:\/\/www2.uepg.br\/ppgq\/wp-json\/wp\/v2\/pages"}],"about":[{"href":"https:\/\/www2.uepg.br\/ppgq\/wp-json\/wp\/v2\/types\/page"}],"author":[{"embeddable":true,"href":"https:\/\/www2.uepg.br\/ppgq\/wp-json\/wp\/v2\/users\/204"}],"replies":[{"embeddable":true,"href":"https:\/\/www2.uepg.br\/ppgq\/wp-json\/wp\/v2\/comments?post=161"}],"version-history":[{"count":1,"href":"https:\/\/www2.uepg.br\/ppgq\/wp-json\/wp\/v2\/pages\/161\/revisions"}],"predecessor-version":[{"id":162,"href":"https:\/\/www2.uepg.br\/ppgq\/wp-json\/wp\/v2\/pages\/161\/revisions\/162"}],"wp:attachment":[{"href":"https:\/\/www2.uepg.br\/ppgq\/wp-json\/wp\/v2\/media?parent=161"}],"curies":[{"name":"wp","href":"https:\/\/api.w.org\/{rel}","templated":true}]}}