{"id":194,"date":"2022-03-15T14:45:38","date_gmt":"2022-03-15T17:45:38","guid":{"rendered":"https:\/\/www2.uepg.br\/ppgquim\/?page_id=194"},"modified":"2025-08-28T02:57:41","modified_gmt":"2025-08-28T05:57:41","slug":"defesa","status":"publish","type":"page","link":"https:\/\/www2.uepg.br\/ppgquim\/defesa\/","title":{"rendered":"Defesa de Disserta\u00e7\u00e3o\/Tese"},"content":{"rendered":"<p>O formul\u00e1rio de solicita\u00e7\u00e3o de banca de defesa dever\u00e1 ser preenchido, assinado e encaminhado (<strong>na extens\u00e3o \u201c.pdf\u201d<\/strong>) via SEI (<strong><span style=\"color: #0000ff\">https:\/\/sei.uepg.br\/<\/span><\/strong>) pelo(a) orientador(a) para a an\u00e1lise e homologa\u00e7\u00e3o pelo Colegiado do PPG-Q.<\/p>\n<p>O formul\u00e1rio de solicita\u00e7\u00e3o de <strong>banca de defesa de disserta\u00e7\u00e3o<\/strong> est\u00e1 em conformidade com os quesitos explicitados no T\u00edtulo V, Cap\u00edtulo V, Se\u00e7\u00e3o I, do Art. 80 da Resolu\u00e7\u00e3o CEPE no 020\/2016 (aba &#8220;Regulamentos&#8221;). O prazo m\u00ednimo e m\u00e1ximo para conclus\u00e3o do curso de Mestrado \u00e9 de 12 (doze) e 24 (vinte e quatro) meses, respectivamente.<\/p>\n<p>O formul\u00e1rio de solicita\u00e7\u00e3o de <strong>banca de defesa de tese<\/strong> est\u00e1 em conformidade com os quesitos explicitados no T\u00edtulo V, Cap\u00edtulo V, Se\u00e7\u00e3o I, do Art. 84 da Resolu\u00e7\u00e3o CEPE no 020\/2016 (aba &#8220;Regulamentos&#8221;). O prazo m\u00ednimo e m\u00e1ximo para conclus\u00e3o do curso de Doutorado \u00e9 de 30 (trinta) e 48 (quarenta e oito) meses, respectivamente.<\/p>\n<ul>\n<li>Sugest\u00e3o de estrutura da Disserta\u00e7\u00e3o\/Tese (<strong><a href=\"https:\/\/www2.uepg.br\/ppgquim\/wp-content\/uploads\/sites\/223\/2025\/08\/DOC.doc\">DOC<\/a><\/strong>\/<strong><a href=\"https:\/\/www2.uepg.br\/ppgquim\/wp-content\/uploads\/sites\/223\/2025\/08\/PDF.pdf\">PDF<\/a><\/strong>)<\/li>\n<li>Formul\u00e1rio de solicita\u00e7\u00e3o de Banca de Defesa de Disserta\u00e7\u00e3o (<strong><a href=\"https:\/\/www2.uepg.br\/ppgquim\/wp-content\/uploads\/sites\/223\/2025\/05\/DOC-1.doc\">DOC<\/a><\/strong>\/<strong><a href=\"https:\/\/www2.uepg.br\/ppgquim\/wp-content\/uploads\/sites\/223\/2025\/05\/PDF-1.pdf\">PDF<\/a><\/strong>)<\/li>\n<li>Formul\u00e1rio de solicita\u00e7\u00e3o de Banca de Defesa de Tese (<strong><a href=\"https:\/\/www2.uepg.br\/ppgquim\/wp-content\/uploads\/sites\/223\/2025\/05\/DOC-2.doc\">DOC<\/a><\/strong>\/<strong><a href=\"https:\/\/www2.uepg.br\/ppgquim\/wp-content\/uploads\/sites\/223\/2025\/05\/PDF-2.pdf\">PDF<\/a><\/strong>)<\/li>\n<\/ul>\n<div id=\"menu\">\n<div class=\"mainpanel\">\n<p class=\"style6 style7\" align=\"center\"><strong>Vers\u00e3o Definitiva da Disserta\u00e7\u00e3o\/Tese<\/strong><\/p>\n<p>Ap\u00f3s a defesa e a aprova\u00e7\u00e3o, o(a) discente tem <strong><span style=\"color: #ff0000\">60 (sessenta) dias<\/span><\/strong> para entregar a Vers\u00e3o Definitiva da Disserta\u00e7\u00e3o\/Tese:<\/p>\n<ul>\n<li>Ficha Catalogr\u00e1fica para alunos com <em>e-mail<\/em> da UEPG (<strong><a href=\"https:\/\/bicenficha.apps.uepg.br\/login\" target=\"_blank\" rel=\"noopener\">Ficha Bicen<\/a><\/strong><span style=\"color: #000000\"><a style=\"color: #000000\" href=\"https:\/\/bicenficha.apps.uepg.br\/login\" target=\"_blank\" rel=\"noopener\">)<\/a><\/span><\/li>\n<li>Termo de Autoriza\u00e7\u00e3o para Publica\u00e7\u00e3o Eletr\u00f4nica na BDTD (<strong><a href=\"https:\/\/www2.uepg.br\/ppgquim\/wp-content\/uploads\/sites\/223\/2024\/11\/DOC-2.doc\">DOC<\/a><\/strong>)<\/li>\n<li>Roteiro de Revis\u00e3o das Disserta\u00e7\u00f5es e Teses para Publica\u00e7\u00e3o na TEDE (<strong><a href=\"https:\/\/www2.uepg.br\/ppgquim\/wp-content\/uploads\/sites\/223\/2024\/11\/PDF-2.pdf\">PDF<\/a><\/strong>)<\/li>\n<\/ul>\n<p>Outras informa\u00e7\u00f5es em: <strong><a href=\"https:\/\/tede2.uepg.br\/jspui\/\">TEDE: P\u00e1gina inicial<\/a><\/strong><\/p>\n<\/div>\n<\/div>\n","protected":false},"excerpt":{"rendered":"<p>O formul\u00e1rio de solicita\u00e7\u00e3o de banca de defesa dever\u00e1 ser preenchido, assinado e encaminhado (na extens\u00e3o \u201c.pdf\u201d) via SEI (https:\/\/sei.uepg.br\/) pelo(a) orientador(a) para a an\u00e1lise e homologa\u00e7\u00e3o pelo Colegiado do PPG-Q. O formul\u00e1rio de solicita\u00e7\u00e3o de banca de defesa de disserta\u00e7\u00e3o est\u00e1 em conformidade com os quesitos explicitados no T\u00edtulo V, Cap\u00edtulo V, Se\u00e7\u00e3o I,&nbsp;&hellip;<\/p>\n","protected":false},"author":378,"featured_media":0,"parent":0,"menu_order":0,"comment_status":"closed","ping_status":"closed","template":"","meta":[],"_links":{"self":[{"href":"https:\/\/www2.uepg.br\/ppgquim\/wp-json\/wp\/v2\/pages\/194"}],"collection":[{"href":"https:\/\/www2.uepg.br\/ppgquim\/wp-json\/wp\/v2\/pages"}],"about":[{"href":"https:\/\/www2.uepg.br\/ppgquim\/wp-json\/wp\/v2\/types\/page"}],"author":[{"embeddable":true,"href":"https:\/\/www2.uepg.br\/ppgquim\/wp-json\/wp\/v2\/users\/378"}],"replies":[{"embeddable":true,"href":"https:\/\/www2.uepg.br\/ppgquim\/wp-json\/wp\/v2\/comments?post=194"}],"version-history":[{"count":23,"href":"https:\/\/www2.uepg.br\/ppgquim\/wp-json\/wp\/v2\/pages\/194\/revisions"}],"predecessor-version":[{"id":1573,"href":"https:\/\/www2.uepg.br\/ppgquim\/wp-json\/wp\/v2\/pages\/194\/revisions\/1573"}],"wp:attachment":[{"href":"https:\/\/www2.uepg.br\/ppgquim\/wp-json\/wp\/v2\/media?parent=194"}],"curies":[{"name":"wp","href":"https:\/\/api.w.org\/{rel}","templated":true}]}}