{"id":374,"date":"2022-03-18T09:31:19","date_gmt":"2022-03-18T12:31:19","guid":{"rendered":"https:\/\/www2.uepg.br\/ppgquim\/home-espanol\/"},"modified":"2022-03-23T09:46:57","modified_gmt":"2022-03-23T12:46:57","slug":"home-espanol","status":"publish","type":"page","link":"https:\/\/www2.uepg.br\/ppgquim\/es\/home-espanol\/","title":{"rendered":"Home"},"content":{"rendered":"<p><img loading=\"lazy\" class=\"alignnone size-full wp-image-124\" src=\"https:\/\/www2.uepg.br\/ppgquim\/wp-content\/uploads\/sites\/223\/2022\/03\/linhasdepesquisa.png\" alt=\"\" width=\"1485\" height=\"719\" srcset=\"https:\/\/www2.uepg.br\/ppgquim\/wp-content\/uploads\/sites\/223\/2022\/03\/linhasdepesquisa.png 1485w, https:\/\/www2.uepg.br\/ppgquim\/wp-content\/uploads\/sites\/223\/2022\/03\/linhasdepesquisa-300x145.png 300w, https:\/\/www2.uepg.br\/ppgquim\/wp-content\/uploads\/sites\/223\/2022\/03\/linhasdepesquisa-1024x496.png 1024w, https:\/\/www2.uepg.br\/ppgquim\/wp-content\/uploads\/sites\/223\/2022\/03\/linhasdepesquisa-768x372.png 768w, https:\/\/www2.uepg.br\/ppgquim\/wp-content\/uploads\/sites\/223\/2022\/03\/linhasdepesquisa-1232x597.png 1232w\" sizes=\"(max-width: 1485px) 100vw, 1485px\" \/><\/p>\n<p align=\"justify\">El\u00a0<b>Programa de Estudios de Posgrado en Qu\u00edmica Aplicada<\/b>\u00a0de la\u00a0<b>Universidade Estadual de Ponta Grossa (UEPG-PPGQA)<\/b>\u00a0tiene experiencia en las \u00e1reas de Qu\u00edmica:\u00a0<b>Qu\u00edmica Anal\u00edtica, Qu\u00edmica Inorg\u00e1nica, Qu\u00edmica Org\u00e1nica y Qu\u00edmica F\u00edsica.\u00a0<\/b>Actualmente tiene\u00a0<b>Nota 4\u00a0<\/b>en el sistema de evaluaci\u00f3n de CAPES, indicando la eficiencia en formaci\u00f3n de recursos y desarrollo de proyectos.\u00a0La planificaci\u00f3n del curso se basa en investigaciones de alta calidad para formar profesionales que tengan capacidad de actuaci\u00f3n en la resoluci\u00f3n de problemas asociados a la producci\u00f3n de energ\u00eda, sostenibilidad, medio ambiente, fotocat\u00e1lisis, detecci\u00f3n y estudio de comportamiento de contaminantes ambientales, simulaci\u00f3n de reacciones y propiedades moleculares, sensores qu\u00edmicos con ampliaci\u00f3n en salud, prote\u00ednas, entre otros.<\/p>\n<p align=\"justify\">La contribuci\u00f3n a la Educaci\u00f3n B\u00e1sica est\u00e1 centrada en la Popularizaci\u00f3n de la Ciencia por medio de actividades relacionadas a la producci\u00f3n de herramientas, especializaci\u00f3n de profesores, entre otras.\u00a0Adem\u00e1s, el programa ofrece\u00a0<b>becas proporcionadas por CAPES<\/b>\u00a0para los estudiantes con un\u00a0buen grado de conocimiento y dedicaci\u00f3n exclusiva a las actividades del proyecto.<\/p>\n<p align=\"justify\">La principal ventaja en participar en el\u00a0<b>PPGQA-UEPG<\/b>\u00a0son las experiencias profesionales, intercambiar ideas, participaci\u00f3n en eventos, desarrollo de art\u00edculos, escritura de textos cient\u00edficos, la internacionalizaci\u00f3n, la \u00e9tica y experiencia en ingl\u00e9s.<\/p>\n","protected":false},"excerpt":{"rendered":"<p>El\u00a0Programa de Estudios de Posgrado en Qu\u00edmica Aplicada\u00a0de la\u00a0Universidade Estadual de Ponta Grossa (UEPG-PPGQA)\u00a0tiene experiencia en las \u00e1reas de Qu\u00edmica:\u00a0Qu\u00edmica Anal\u00edtica, Qu\u00edmica Inorg\u00e1nica, Qu\u00edmica Org\u00e1nica y Qu\u00edmica F\u00edsica.\u00a0Actualmente tiene\u00a0Nota 4\u00a0en el sistema de evaluaci\u00f3n de CAPES, indicando la eficiencia en formaci\u00f3n de recursos y desarrollo de proyectos.\u00a0La planificaci\u00f3n del curso se basa en investigaciones de&nbsp;&hellip;<\/p>\n","protected":false},"author":378,"featured_media":0,"parent":0,"menu_order":0,"comment_status":"closed","ping_status":"closed","template":"","meta":[],"_links":{"self":[{"href":"https:\/\/www2.uepg.br\/ppgquim\/wp-json\/wp\/v2\/pages\/374"}],"collection":[{"href":"https:\/\/www2.uepg.br\/ppgquim\/wp-json\/wp\/v2\/pages"}],"about":[{"href":"https:\/\/www2.uepg.br\/ppgquim\/wp-json\/wp\/v2\/types\/page"}],"author":[{"embeddable":true,"href":"https:\/\/www2.uepg.br\/ppgquim\/wp-json\/wp\/v2\/users\/378"}],"replies":[{"embeddable":true,"href":"https:\/\/www2.uepg.br\/ppgquim\/wp-json\/wp\/v2\/comments?post=374"}],"version-history":[{"count":2,"href":"https:\/\/www2.uepg.br\/ppgquim\/wp-json\/wp\/v2\/pages\/374\/revisions"}],"predecessor-version":[{"id":712,"href":"https:\/\/www2.uepg.br\/ppgquim\/wp-json\/wp\/v2\/pages\/374\/revisions\/712"}],"wp:attachment":[{"href":"https:\/\/www2.uepg.br\/ppgquim\/wp-json\/wp\/v2\/media?parent=374"}],"curies":[{"name":"wp","href":"https:\/\/api.w.org\/{rel}","templated":true}]}}