{"id":397,"date":"2022-03-18T09:58:43","date_gmt":"2022-03-18T12:58:43","guid":{"rendered":"https:\/\/www2.uepg.br\/ppgquim\/?page_id=397"},"modified":"2022-03-23T09:36:01","modified_gmt":"2022-03-23T12:36:01","slug":"contact","status":"publish","type":"page","link":"https:\/\/www2.uepg.br\/ppgquim\/en\/contact\/","title":{"rendered":"Contact"},"content":{"rendered":"<div class=\"mainpanel\">\n<p align=\"center\"><strong>Coordination:<\/strong><\/p>\n<p align=\"center\">Profa. Dra. Vanessa Eg\u00e9a dos Anjos (Coordinate)<br \/>\ne-mail:\u00a0<a href=\"mailto:vanessaegea.quim@gmail.com\">vanessaegea.quim@gmail.com<\/a><br \/>\nProfa. Dra. Barbara Cel\u00e2nia Fiorin (Vice)<br \/>\ne-mail: b<a href=\"mailto:arbarafiorin@yahoo.com.br\">arbarafiorin@yahoo.com.br<\/a><\/p>\n<\/div>\n<div class=\"mainpanel\">\n<p align=\"center\"><strong>Colegiate:<\/strong><\/p>\n<p align=\"center\">Christiana Andrade Pessoa<br \/>\nVanessa Eg\u00e9a dos Anjos<br \/>\nRomaiana Picada Pereira<br \/>\nSandra Regina Masetto Antunes<br \/>\nChristiane Philippini Ferreira Borges (Alternate)<br \/>\nS\u00e9rgio Toshio Fujiwara (Alternate)<\/p>\n<\/div>\n<p style=\"text-align: center;\"><strong>Selection Committee<\/strong><\/p>\n<p style=\"text-align: center;\">The Colegiate<\/p>\n<p style=\"text-align: center;\"><strong>Secretary:<\/strong><\/p>\n<p style=\"text-align: center;\">e-mail:\u00a0<a href=\"mailto:ppgqa@uepg.br\">ppgqa@uepg.br<\/a><br \/>\nphone: +55 (42) 2102-8116<\/p>\n<p style=\"text-align: center;\"><strong>\u201cStricto Sensu\u201dPostgraduation Academic Secretary \u2013 UEPG:<\/strong><\/p>\n<p style=\"text-align: center;\">e-mail:\u00a0<a href=\"mailto:sapgs@uepg.br\">sapgs@uepg.br<\/a><br \/>\nphone: +55 (42) 3220-3150<\/p>\n<p style=\"text-align: center;\">Rectory, Room 11, University Campus of Uvaranas\u00a0State University of Ponta Grossa \u2013 UEPG Av. Gal Carlos Cavalcanti, 4748, University Campus\u00a0of\u00a0Uvaranas CEP: 84030-900 \u2013 Ponta Grossa \u2013 Paran\u00e1 \u2013 Brazil<\/p>\n","protected":false},"excerpt":{"rendered":"<p>Coordination: Profa. Dra. Vanessa Eg\u00e9a dos Anjos (Coordinate) e-mail:\u00a0vanessaegea.quim@gmail.com Profa. Dra. Barbara Cel\u00e2nia Fiorin (Vice) e-mail: barbarafiorin@yahoo.com.br Colegiate: Christiana Andrade Pessoa Vanessa Eg\u00e9a dos Anjos Romaiana Picada Pereira Sandra Regina Masetto Antunes Christiane Philippini Ferreira Borges (Alternate) S\u00e9rgio Toshio Fujiwara (Alternate) Selection Committee The Colegiate Secretary: e-mail:\u00a0ppgqa@uepg.br phone: +55 (42) 2102-8116 \u201cStricto Sensu\u201dPostgraduation Academic Secretary&nbsp;&hellip;<\/p>\n","protected":false},"author":378,"featured_media":0,"parent":0,"menu_order":0,"comment_status":"closed","ping_status":"closed","template":"","meta":[],"_links":{"self":[{"href":"https:\/\/www2.uepg.br\/ppgquim\/wp-json\/wp\/v2\/pages\/397"}],"collection":[{"href":"https:\/\/www2.uepg.br\/ppgquim\/wp-json\/wp\/v2\/pages"}],"about":[{"href":"https:\/\/www2.uepg.br\/ppgquim\/wp-json\/wp\/v2\/types\/page"}],"author":[{"embeddable":true,"href":"https:\/\/www2.uepg.br\/ppgquim\/wp-json\/wp\/v2\/users\/378"}],"replies":[{"embeddable":true,"href":"https:\/\/www2.uepg.br\/ppgquim\/wp-json\/wp\/v2\/comments?post=397"}],"version-history":[{"count":2,"href":"https:\/\/www2.uepg.br\/ppgquim\/wp-json\/wp\/v2\/pages\/397\/revisions"}],"predecessor-version":[{"id":709,"href":"https:\/\/www2.uepg.br\/ppgquim\/wp-json\/wp\/v2\/pages\/397\/revisions\/709"}],"wp:attachment":[{"href":"https:\/\/www2.uepg.br\/ppgquim\/wp-json\/wp\/v2\/media?parent=397"}],"curies":[{"name":"wp","href":"https:\/\/api.w.org\/{rel}","templated":true}]}}