{"id":601,"date":"2022-03-21T15:39:10","date_gmt":"2022-03-21T18:39:10","guid":{"rendered":"https:\/\/www2.uepg.br\/ppgquim\/?page_id=601"},"modified":"2022-03-23T09:49:02","modified_gmt":"2022-03-23T12:49:02","slug":"presentacion","status":"publish","type":"page","link":"https:\/\/www2.uepg.br\/ppgquim\/es\/presentacion\/","title":{"rendered":"Presentaci\u00f3n"},"content":{"rendered":"<p class=\"western\" align=\"justify\"><span lang=\"es-CO\">El curso de Maestr\u00eda en Qu\u00edmica Aplicada del Programa de Postgrado en Qu\u00edmica Aplicada (PPGQA) \u2013 Maestr\u00eda Acad\u00e9mica, \u00c1rea de Concentraci\u00f3n: Qu\u00edmica, de la Universidade Estadual de Ponta Grossa (UEPG) fue aprobado en una reuni\u00f3n realizada el 5 de noviembre del 2004 por el Consejo T\u00e9cnico Cient\u00edfico (CTC) de CAPES, que dio el dictamen de aprobado de la Comisi\u00f3n de \u00c1rea y recomend\u00f3 el concepto 3.En 2005, inici\u00f3 sus actividades con la primera selecci\u00f3n de candidatos en febrero y las clases iniciaron en marzo.Se cont\u00f3 inicialmente con la participaci\u00f3n de 17 profesores, siendo 13 oriundos del Departamento de Qu\u00edmica y 4 del Departamento de F\u00edsica.Actualmente el proceso de selecci\u00f3n es semestral y para m\u00e1s informaci\u00f3n, v\u00e9a el apartado \u201cAvisos\u201d Para informaci\u00f3n de maestros abren la secci\u00f3n de docentes.<\/span><\/p>\n<p class=\"western\" align=\"justify\"><span lang=\"es-CO\">El PPGQA hasta el momento tiene numerosos trabajos de grado concluidas, vea detalles en la secci\u00f3n: trabajos de grado y cuenta con varios alumnos regularmente matriculados. El perfil del alumnado, tanto egresados como en formaci\u00f3n, cuenta con docentes y profesionales oriundos de Universidade Tecnol\u00f3gica Federal do Paran\u00e1 (UTFPR), Universidade Estadual do Centro-Oeste do Paran\u00e1 (UNICENTRO), Centro de Ensino Superior dos Campos Gerais (CESCAGE), UEPG, profesores de la Red Estatal de Ense\u00f1anza, y graduados de los cursos de Licenciatura en Qu\u00edmica, F\u00edsica y Matem\u00e1tica y del Bachillerato en Qu\u00edmica de la UEPG. El concepto actual por la CAPES es 4.<\/span><\/p>\n","protected":false},"excerpt":{"rendered":"<p>El curso de Maestr\u00eda en Qu\u00edmica Aplicada del Programa de Postgrado en Qu\u00edmica Aplicada (PPGQA) \u2013 Maestr\u00eda Acad\u00e9mica, \u00c1rea de Concentraci\u00f3n: Qu\u00edmica, de la Universidade Estadual de Ponta Grossa (UEPG) fue aprobado en una reuni\u00f3n realizada el 5 de noviembre del 2004 por el Consejo T\u00e9cnico Cient\u00edfico (CTC) de CAPES, que dio el dictamen de&nbsp;&hellip;<\/p>\n","protected":false},"author":378,"featured_media":0,"parent":0,"menu_order":0,"comment_status":"closed","ping_status":"closed","template":"","meta":[],"_links":{"self":[{"href":"https:\/\/www2.uepg.br\/ppgquim\/wp-json\/wp\/v2\/pages\/601"}],"collection":[{"href":"https:\/\/www2.uepg.br\/ppgquim\/wp-json\/wp\/v2\/pages"}],"about":[{"href":"https:\/\/www2.uepg.br\/ppgquim\/wp-json\/wp\/v2\/types\/page"}],"author":[{"embeddable":true,"href":"https:\/\/www2.uepg.br\/ppgquim\/wp-json\/wp\/v2\/users\/378"}],"replies":[{"embeddable":true,"href":"https:\/\/www2.uepg.br\/ppgquim\/wp-json\/wp\/v2\/comments?post=601"}],"version-history":[{"count":2,"href":"https:\/\/www2.uepg.br\/ppgquim\/wp-json\/wp\/v2\/pages\/601\/revisions"}],"predecessor-version":[{"id":713,"href":"https:\/\/www2.uepg.br\/ppgquim\/wp-json\/wp\/v2\/pages\/601\/revisions\/713"}],"wp:attachment":[{"href":"https:\/\/www2.uepg.br\/ppgquim\/wp-json\/wp\/v2\/media?parent=601"}],"curies":[{"name":"wp","href":"https:\/\/api.w.org\/{rel}","templated":true}]}}