{"id":661,"date":"2022-03-22T09:02:50","date_gmt":"2022-03-22T12:02:50","guid":{"rendered":"https:\/\/www2.uepg.br\/ppgquim\/?page_id=661"},"modified":"2025-08-28T00:51:25","modified_gmt":"2025-08-28T03:51:25","slug":"relatoriosemestral","status":"publish","type":"page","link":"https:\/\/www2.uepg.br\/ppgquim\/es\/relatoriosemestral\/","title":{"rendered":"Relat\u00f3rio Semestral"},"content":{"rendered":"<p>Conforme decis\u00e3o do Colegiado do PPG-Q, todos os alunos devem apresentar o &#8220;Relat\u00f3rio Semestral&#8221;. Verifique a data da entrega na aba &#8220;Calend\u00e1rio&#8221;.<\/p>\n<p>O &#8220;Relat\u00f3rio Semestral&#8221; \u00e9 composto dos seguintes documentos:<\/p>\n<ul>\n<li>Relat\u00f3rio CAPES Demanda Social (DS\/CAPES), e;<\/li>\n<li>Produ\u00e7\u00e3o Intelectual.<\/li>\n<\/ul>\n<p>E, portanto, sendo necess\u00e1rio o preenchimento e o envio de ambos:<\/p>\n<p><a href=\"https:\/\/www2.uepg.br\/ppgquim\/wp-content\/uploads\/sites\/223\/2025\/08\/Relatorio_Semestral_DS_CAPES_PPG-Q.doc\">Relat\u00f3rio_Semestral_DS_CAPES_PPG-Q<\/a><br \/>\n<a href=\"https:\/\/www2.uepg.br\/ppgquim\/wp-content\/uploads\/sites\/223\/2025\/08\/Producao_Intelectual_PPG-Q.doc\">Produ\u00e7\u00e3o_Intelectual_PPG-Q<\/a><\/p>\n","protected":false},"excerpt":{"rendered":"<p>Conforme decis\u00e3o do Colegiado do PPG-Q, todos os alunos devem apresentar o &#8220;Relat\u00f3rio Semestral&#8221;. Verifique a data da entrega na aba &#8220;Calend\u00e1rio&#8221;. O &#8220;Relat\u00f3rio Semestral&#8221; \u00e9 composto dos seguintes documentos: Relat\u00f3rio CAPES Demanda Social (DS\/CAPES), e; Produ\u00e7\u00e3o Intelectual. E, portanto, sendo necess\u00e1rio o preenchimento e o envio de ambos: Relat\u00f3rio_Semestral_DS_CAPES_PPG-Q Produ\u00e7\u00e3o_Intelectual_PPG-Q<\/p>\n","protected":false},"author":378,"featured_media":0,"parent":0,"menu_order":0,"comment_status":"closed","ping_status":"closed","template":"","meta":[],"_links":{"self":[{"href":"https:\/\/www2.uepg.br\/ppgquim\/wp-json\/wp\/v2\/pages\/661"}],"collection":[{"href":"https:\/\/www2.uepg.br\/ppgquim\/wp-json\/wp\/v2\/pages"}],"about":[{"href":"https:\/\/www2.uepg.br\/ppgquim\/wp-json\/wp\/v2\/types\/page"}],"author":[{"embeddable":true,"href":"https:\/\/www2.uepg.br\/ppgquim\/wp-json\/wp\/v2\/users\/378"}],"replies":[{"embeddable":true,"href":"https:\/\/www2.uepg.br\/ppgquim\/wp-json\/wp\/v2\/comments?post=661"}],"version-history":[{"count":6,"href":"https:\/\/www2.uepg.br\/ppgquim\/wp-json\/wp\/v2\/pages\/661\/revisions"}],"predecessor-version":[{"id":1536,"href":"https:\/\/www2.uepg.br\/ppgquim\/wp-json\/wp\/v2\/pages\/661\/revisions\/1536"}],"wp:attachment":[{"href":"https:\/\/www2.uepg.br\/ppgquim\/wp-json\/wp\/v2\/media?parent=661"}],"curies":[{"name":"wp","href":"https:\/\/api.w.org\/{rel}","templated":true}]}}