{"id":1363,"date":"2025-03-27T17:50:56","date_gmt":"2025-03-27T20:50:56","guid":{"rendered":"https:\/\/www2.uepg.br\/ppgz\/?page_id=1363"},"modified":"2025-03-27T17:50:56","modified_gmt":"2025-03-27T20:50:56","slug":"fisiologia-da-lactacao","status":"publish","type":"page","link":"https:\/\/www2.uepg.br\/ppgz\/fisiologia-da-lactacao\/","title":{"rendered":"Fisiologia da Lacta\u00e7\u00e3o"},"content":{"rendered":"<h1 style=\"text-align: center\">Fisiologia da Lacta\u00e7\u00e3o<\/h1>\n<p style=\"text-align: center\"><strong>Profa.\u00a0 Dra. Adriana de Souza Martins<\/strong><\/p>\n<p style=\"text-align: center\"><b>N\u00edvel<\/b><strong>:\u00a0<\/strong>Mestrado<\/p>\n<p style=\"text-align: center\"><strong>Optativa<\/strong><\/p>\n<p style=\"text-align: center\"><b>\u00c1rea<\/b><strong>\u00a0de Concentra\u00e7\u00e3o:\u00a0<\/strong>Produ\u00e7\u00e3o animal<\/p>\n<p style=\"text-align: center\"><b>Carga Hor\u00e1rio: <\/b>45<\/p>\n<p style=\"text-align: center\"><strong>Cr\u00e9ditos:\u00a0<\/strong>3<\/p>\n<p style=\"text-align: center\"><strong>Ementa:<\/strong><\/p>\n<p style=\"text-align: center\">Anatomia funcional da gl\u00e2ndula mam\u00e1ria. Mamog\u00eanese, lactog\u00eanese e<br \/>\ngalactopoiese. Fisiologia da s\u00edntese e secre\u00e7\u00e3o do leite.<\/p>\n<p>&nbsp;<\/p>\n<p><a href=\"https:\/\/www2.uepg.br\/ppgz\/wp-content\/uploads\/sites\/195\/2025\/03\/FISIOLOGIA-DA-LACTACAO.pdf\">Ementa e Bibliografia<\/a><\/p>\n","protected":false},"excerpt":{"rendered":"<p>Fisiologia da Lacta\u00e7\u00e3o Profa.\u00a0 Dra. Adriana de Souza Martins N\u00edvel:\u00a0Mestrado Optativa \u00c1rea\u00a0de Concentra\u00e7\u00e3o:\u00a0Produ\u00e7\u00e3o animal Carga Hor\u00e1rio: 45 Cr\u00e9ditos:\u00a03 Ementa: Anatomia funcional da gl\u00e2ndula mam\u00e1ria. Mamog\u00eanese, lactog\u00eanese e galactopoiese. Fisiologia da s\u00edntese e secre\u00e7\u00e3o do leite. &nbsp; Ementa e Bibliografia<\/p>\n","protected":false},"author":71,"featured_media":0,"parent":0,"menu_order":0,"comment_status":"closed","ping_status":"closed","template":"","meta":[],"_links":{"self":[{"href":"https:\/\/www2.uepg.br\/ppgz\/wp-json\/wp\/v2\/pages\/1363"}],"collection":[{"href":"https:\/\/www2.uepg.br\/ppgz\/wp-json\/wp\/v2\/pages"}],"about":[{"href":"https:\/\/www2.uepg.br\/ppgz\/wp-json\/wp\/v2\/types\/page"}],"author":[{"embeddable":true,"href":"https:\/\/www2.uepg.br\/ppgz\/wp-json\/wp\/v2\/users\/71"}],"replies":[{"embeddable":true,"href":"https:\/\/www2.uepg.br\/ppgz\/wp-json\/wp\/v2\/comments?post=1363"}],"version-history":[{"count":1,"href":"https:\/\/www2.uepg.br\/ppgz\/wp-json\/wp\/v2\/pages\/1363\/revisions"}],"predecessor-version":[{"id":1367,"href":"https:\/\/www2.uepg.br\/ppgz\/wp-json\/wp\/v2\/pages\/1363\/revisions\/1367"}],"wp:attachment":[{"href":"https:\/\/www2.uepg.br\/ppgz\/wp-json\/wp\/v2\/media?parent=1363"}],"curies":[{"name":"wp","href":"https:\/\/api.w.org\/{rel}","templated":true}]}}