{"id":145,"date":"2021-06-14T08:38:38","date_gmt":"2021-06-14T11:38:38","guid":{"rendered":"https:\/\/www2.uepg.br\/ppgz\/?page_id=145"},"modified":"2023-03-13T13:59:01","modified_gmt":"2023-03-13T16:59:01","slug":"discentes-2","status":"publish","type":"page","link":"https:\/\/www2.uepg.br\/ppgz\/discentes-2\/","title":{"rendered":"Discentes"},"content":{"rendered":"<div id=\"pl-145\"  class=\"panel-layout\" ><div id=\"pg-145-0\"  class=\"panel-grid panel-no-style\" ><div id=\"pgc-145-0-0\"  class=\"panel-grid-cell\" ><div id=\"panel-145-0-0-0\" class=\"so-panel widget widget_sow-accordion panel-first-child panel-last-child\" data-index=\"0\" ><div\n\t\t\t\n\t\t\tclass=\"so-widget-sow-accordion so-widget-sow-accordion-default-46163303d345-145\"\n\t\t\t\n\t\t><div>\n\t<div class=\"sow-accordion\">\n\t\t\t<div class=\"sow-accordion-panel\"\n\t\t\t data-anchor=\"turma-2019\">\n\t\t\t\t<div class=\"sow-accordion-panel-header-container\" role=\"heading\" aria-level=\"2\">\n\t\t\t\t\t<div class=\"sow-accordion-panel-header\" tabindex=\"0\" role=\"button\" id=\"accordion-label-turma-2019\" aria-controls=\"accordion-content-turma-2019\" aria-expanded=\"false\">\n\t\t\t\t\t\t<div class=\"sow-accordion-title sow-accordion-title-icon-left\">\n\t\t\t\t\t\t\t\t\t\t\t\t\t\tTurma 2019\t\t\t\t\t\t\t\t\t\t\t\t\t<\/div>\n\t\t\t\t\t\t<div class=\"sow-accordion-open-close-button\">\n\t\t\t\t\t\t\t<div class=\"sow-accordion-open-button\">\n\t\t\t\t\t\t\t\t<span class=\"sow-icon-ionicons\" data-sow-icon=\"&#xf218;\"\n\t\t \n\t\taria-hidden=\"true\"><\/span>\t\t\t\t\t\t\t<\/div>\n\t\t\t\t\t\t\t<div class=\"sow-accordion-close-button\">\n\t\t\t\t\t\t\t\t<span class=\"sow-icon-ionicons\" data-sow-icon=\"&#xf209;\"\n\t\t \n\t\taria-hidden=\"true\"><\/span>\t\t\t\t\t\t\t<\/div>\n\t\t\t\t\t\t<\/div>\n\t\t\t\t\t<\/div>\n\t\t\t\t<\/div>\n\n\t\t\t<div\n\t\t\t\tclass=\"sow-accordion-panel-content\"\n\t\t\t\trole=\"region\"\n\t\t\t\taria-labelledby=\"accordion-label-turma-2019\"\n\t\t\t\tid=\"accordion-content-turma-2019\"\n\t\t\t\tstyle=\"display: none;\"\t\t\t>\n\t\t\t\t<div class=\"sow-accordion-panel-border\" tabindex=\"0\">\n\t\t\t\t\t<table width=\"618\">\n<tbody>\n<tr>\n<td width=\"217\"><strong>Discente<\/strong><\/td>\n<td width=\"38\"><\/td>\n<td width=\"227\"><strong>Orientador(a)<\/strong><\/td>\n<td width=\"38\"><\/td>\n<\/tr>\n<tr>\n<td width=\"217\">Jo\u00e3o Ot\u00e1vio Hilgemberg<\/td>\n<td width=\"38\"><a href=\"http:\/\/lattes.cnpq.br\/7864084368537353\"><img class=\"alignleft wp-image-377\" src=\"https:\/\/www2.uepg.br\/ppgz\/wp-content\/uploads\/sites\/195\/2021\/08\/icone-150x150.png\" alt=\"\" width=\"33\" height=\"33\" \/><\/a><\/td>\n<td width=\"227\">Cheila Roberta Lehnen<\/td>\n<td width=\"38\"><a href=\"http:\/\/lattes.cnpq.br\/6592450638931890\"><img class=\"alignleft wp-image-377\" src=\"https:\/\/www2.uepg.br\/ppgz\/wp-content\/uploads\/sites\/195\/2021\/08\/icone-150x150.png\" alt=\"\" width=\"33\" height=\"33\" \/><\/a><\/td>\n<\/tr>\n<tr>\n<td width=\"217\">Karina Petkowicz<\/td>\n<td width=\"38\"><a href=\"http:\/\/lattes.cnpq.br\/1878957632776486\"><img class=\"alignleft wp-image-377\" src=\"https:\/\/www2.uepg.br\/ppgz\/wp-content\/uploads\/sites\/195\/2021\/08\/icone-150x150.png\" alt=\"\" width=\"33\" height=\"33\" \/><\/a><\/td>\n<td width=\"227\">La\u00edse da Pontes Silveira<\/td>\n<td width=\"38\"><a href=\"http:\/\/lattes.cnpq.br\/1551379867003353\"><img class=\"alignleft wp-image-377\" src=\"https:\/\/www2.uepg.br\/ppgz\/wp-content\/uploads\/sites\/195\/2021\/08\/icone-150x150.png\" alt=\"\" width=\"33\" height=\"33\" \/><\/a><\/td>\n<\/tr>\n<tr>\n<td width=\"217\">Marcos Aur\u00e9lio Laidane Filho<\/td>\n<td width=\"38\"><a href=\"http:\/\/lattes.cnpq.br\/5496332889944679\"><img class=\"alignleft wp-image-377\" src=\"https:\/\/www2.uepg.br\/ppgz\/wp-content\/uploads\/sites\/195\/2021\/08\/icone-150x150.png\" alt=\"\" width=\"33\" height=\"33\" \/><\/a><\/td>\n<td width=\"227\">Raquel Abdallah da Rocha Oliveira<\/td>\n<td width=\"38\"><a href=\"http:\/\/lattes.cnpq.br\/6152301257739977\"><img class=\"alignleft wp-image-377\" src=\"https:\/\/www2.uepg.br\/ppgz\/wp-content\/uploads\/sites\/195\/2021\/08\/icone-150x150.png\" alt=\"\" width=\"33\" height=\"33\" \/><\/a><\/td>\n<\/tr>\n<tr>\n<td width=\"217\">Pamela Carla Machado<\/td>\n<td width=\"38\"><a href=\"http:\/\/lattes.cnpq.br\/6317711615082518\"><img class=\"alignleft wp-image-377\" src=\"https:\/\/www2.uepg.br\/ppgz\/wp-content\/uploads\/sites\/195\/2021\/08\/icone-150x150.png\" alt=\"\" width=\"33\" height=\"33\" \/><\/a><\/td>\n<td width=\"227\">Victor Breno Pedrosa<\/td>\n<td width=\"38\"><a href=\"http:\/\/lattes.cnpq.br\/3933840910557276\"><img class=\"alignleft wp-image-377\" src=\"https:\/\/www2.uepg.br\/ppgz\/wp-content\/uploads\/sites\/195\/2021\/08\/icone-150x150.png\" alt=\"\" width=\"33\" height=\"33\" \/><\/a><\/td>\n<\/tr>\n<tr>\n<td width=\"217\">Pedro Augusto Galiotto Miranda<\/td>\n<td width=\"38\"><a href=\"http:\/\/lattes.cnpq.br\/7093144356390107\"><img class=\"alignleft wp-image-377\" src=\"https:\/\/www2.uepg.br\/ppgz\/wp-content\/uploads\/sites\/195\/2021\/08\/icone-150x150.png\" alt=\"\" width=\"33\" height=\"33\" \/><\/a><\/td>\n<td width=\"227\">Cheila Roberta Lehnen<\/td>\n<td width=\"38\"><a href=\"http:\/\/lattes.cnpq.br\/6592450638931890\"><img class=\"alignleft wp-image-377\" src=\"https:\/\/www2.uepg.br\/ppgz\/wp-content\/uploads\/sites\/195\/2021\/08\/icone-150x150.png\" alt=\"\" width=\"33\" height=\"33\" \/><\/a><\/td>\n<\/tr>\n<tr>\n<td width=\"217\">Thais F\u00e1tima Ferreira Neves<\/td>\n<td width=\"38\"><a href=\"http:\/\/lattes.cnpq.br\/5798227271632270\"><img class=\"alignleft wp-image-377\" src=\"https:\/\/www2.uepg.br\/ppgz\/wp-content\/uploads\/sites\/195\/2021\/08\/icone-150x150.png\" alt=\"\" width=\"33\" height=\"33\" \/><\/a><\/td>\n<td width=\"227\">Adriana de Souza Martins<\/td>\n<td width=\"38\"><a href=\"http:\/\/lattes.cnpq.br\/6959960829989681\"><img class=\"alignleft wp-image-377\" src=\"https:\/\/www2.uepg.br\/ppgz\/wp-content\/uploads\/sites\/195\/2021\/08\/icone-150x150.png\" alt=\"\" width=\"33\" height=\"33\" \/><\/a><\/td>\n<\/tr>\n<\/tbody>\n<\/table>\n\t\t\t\t<\/div>\n\t\t\t<\/div>\n\t\t<\/div>\n\t\t\t<div class=\"sow-accordion-panel\"\n\t\t\t data-anchor=\"turma-2020\">\n\t\t\t\t<div class=\"sow-accordion-panel-header-container\" role=\"heading\" aria-level=\"2\">\n\t\t\t\t\t<div class=\"sow-accordion-panel-header\" tabindex=\"0\" role=\"button\" id=\"accordion-label-turma-2020\" aria-controls=\"accordion-content-turma-2020\" aria-expanded=\"false\">\n\t\t\t\t\t\t<div class=\"sow-accordion-title sow-accordion-title-icon-left\">\n\t\t\t\t\t\t\t\t\t\t\t\t\t\tTurma 2020\t\t\t\t\t\t\t\t\t\t\t\t\t<\/div>\n\t\t\t\t\t\t<div class=\"sow-accordion-open-close-button\">\n\t\t\t\t\t\t\t<div class=\"sow-accordion-open-button\">\n\t\t\t\t\t\t\t\t<span class=\"sow-icon-ionicons\" data-sow-icon=\"&#xf218;\"\n\t\t \n\t\taria-hidden=\"true\"><\/span>\t\t\t\t\t\t\t<\/div>\n\t\t\t\t\t\t\t<div class=\"sow-accordion-close-button\">\n\t\t\t\t\t\t\t\t<span class=\"sow-icon-ionicons\" data-sow-icon=\"&#xf209;\"\n\t\t \n\t\taria-hidden=\"true\"><\/span>\t\t\t\t\t\t\t<\/div>\n\t\t\t\t\t\t<\/div>\n\t\t\t\t\t<\/div>\n\t\t\t\t<\/div>\n\n\t\t\t<div\n\t\t\t\tclass=\"sow-accordion-panel-content\"\n\t\t\t\trole=\"region\"\n\t\t\t\taria-labelledby=\"accordion-label-turma-2020\"\n\t\t\t\tid=\"accordion-content-turma-2020\"\n\t\t\t\tstyle=\"display: none;\"\t\t\t>\n\t\t\t\t<div class=\"sow-accordion-panel-border\" tabindex=\"0\">\n\t\t\t\t\t<p>&nbsp;<\/p>\n<table width=\"618\">\n<tbody>\n<tr>\n<td width=\"254\">Fernanda Antunes Martins<\/td>\n<td width=\"44\"><a href=\"http:\/\/lattes.cnpq.br\/5284200135454654\"><img class=\"alignleft wp-image-377\" src=\"https:\/\/www2.uepg.br\/ppgz\/wp-content\/uploads\/sites\/195\/2021\/08\/icone-150x150.png\" alt=\"\" width=\"33\" height=\"33\" \/><\/a><\/td>\n<td width=\"265\">Adriana de Souza Martins<\/td>\n<td width=\"44\"><a href=\"http:\/\/lattes.cnpq.br\/6959960829989681\"><img class=\"alignleft wp-image-377\" src=\"https:\/\/www2.uepg.br\/ppgz\/wp-content\/uploads\/sites\/195\/2021\/08\/icone-150x150.png\" alt=\"\" width=\"33\" height=\"33\" \/><\/a><\/td>\n<\/tr>\n<tr>\n<td width=\"254\">Joice Rodrigues<\/td>\n<td width=\"44\"><a href=\"http:\/\/lattes.cnpq.br\/9005201999482312\"><img class=\"alignleft wp-image-377\" src=\"https:\/\/www2.uepg.br\/ppgz\/wp-content\/uploads\/sites\/195\/2021\/08\/icone-150x150.png\" alt=\"\" width=\"33\" height=\"33\" \/><\/a><\/td>\n<td width=\"265\">Raquel Abdallah da Rocha Oliveira<\/td>\n<td width=\"44\"><a href=\"http:\/\/lattes.cnpq.br\/6152301257739977\"><img class=\"alignleft wp-image-377\" src=\"https:\/\/www2.uepg.br\/ppgz\/wp-content\/uploads\/sites\/195\/2021\/08\/icone-150x150.png\" alt=\"\" width=\"33\" height=\"33\" \/><\/a><\/td>\n<\/tr>\n<tr>\n<td width=\"254\">Rhuanna Sabrina Hillebrant<\/td>\n<td width=\"44\"><a href=\"http:\/\/lattes.cnpq.br\/1652321982848942\"><img class=\"alignleft wp-image-377\" src=\"https:\/\/www2.uepg.br\/ppgz\/wp-content\/uploads\/sites\/195\/2021\/08\/icone-150x150.png\" alt=\"\" width=\"33\" height=\"33\" \/><\/a><\/td>\n<td width=\"265\">Leandro Cavalcante Lipinski<\/td>\n<td width=\"44\"><a href=\"http:\/\/lattes.cnpq.br\/8776063396753167\"><img class=\"alignleft wp-image-377\" src=\"https:\/\/www2.uepg.br\/ppgz\/wp-content\/uploads\/sites\/195\/2021\/08\/icone-150x150.png\" alt=\"\" width=\"33\" height=\"33\" \/><\/a><\/td>\n<\/tr>\n<\/tbody>\n<\/table>\n\t\t\t\t<\/div>\n\t\t\t<\/div>\n\t\t<\/div>\n\t\t\t<div class=\"sow-accordion-panel\"\n\t\t\t data-anchor=\"turma-2021\">\n\t\t\t\t<div class=\"sow-accordion-panel-header-container\" role=\"heading\" aria-level=\"2\">\n\t\t\t\t\t<div class=\"sow-accordion-panel-header\" tabindex=\"0\" role=\"button\" id=\"accordion-label-turma-2021\" aria-controls=\"accordion-content-turma-2021\" aria-expanded=\"false\">\n\t\t\t\t\t\t<div class=\"sow-accordion-title sow-accordion-title-icon-left\">\n\t\t\t\t\t\t\t\t\t\t\t\t\t\tTurma 2021\t\t\t\t\t\t\t\t\t\t\t\t\t<\/div>\n\t\t\t\t\t\t<div class=\"sow-accordion-open-close-button\">\n\t\t\t\t\t\t\t<div class=\"sow-accordion-open-button\">\n\t\t\t\t\t\t\t\t<span class=\"sow-icon-ionicons\" data-sow-icon=\"&#xf218;\"\n\t\t \n\t\taria-hidden=\"true\"><\/span>\t\t\t\t\t\t\t<\/div>\n\t\t\t\t\t\t\t<div class=\"sow-accordion-close-button\">\n\t\t\t\t\t\t\t\t<span class=\"sow-icon-ionicons\" data-sow-icon=\"&#xf209;\"\n\t\t \n\t\taria-hidden=\"true\"><\/span>\t\t\t\t\t\t\t<\/div>\n\t\t\t\t\t\t<\/div>\n\t\t\t\t\t<\/div>\n\t\t\t\t<\/div>\n\n\t\t\t<div\n\t\t\t\tclass=\"sow-accordion-panel-content\"\n\t\t\t\trole=\"region\"\n\t\t\t\taria-labelledby=\"accordion-label-turma-2021\"\n\t\t\t\tid=\"accordion-content-turma-2021\"\n\t\t\t\tstyle=\"display: none;\"\t\t\t>\n\t\t\t\t<div class=\"sow-accordion-panel-border\" tabindex=\"0\">\n\t\t\t\t\t<table width=\"618\">\n<tbody>\n<tr>\n<td width=\"217\">Juliane A. Ferreira dos Santos<\/td>\n<td width=\"38\"><a href=\"http:\/\/lattes.cnpq.br\/5204995587560711\"><img class=\"alignleft wp-image-377\" src=\"https:\/\/www2.uepg.br\/ppgz\/wp-content\/uploads\/sites\/195\/2021\/08\/icone-150x150.png\" alt=\"\" width=\"33\" height=\"33\" \/><\/a><\/td>\n<td width=\"227\">Raquel Abdallah da Rocha Oliveira<\/td>\n<td width=\"38\"><a href=\"http:\/\/lattes.cnpq.br\/6152301257739977\"><img class=\"alignleft wp-image-377\" src=\"https:\/\/www2.uepg.br\/ppgz\/wp-content\/uploads\/sites\/195\/2021\/08\/icone-150x150.png\" alt=\"\" width=\"33\" height=\"33\" \/><\/a><\/td>\n<\/tr>\n<tr>\n<td width=\"217\">Let\u00edcia Galv\u00e3o Matoso<\/td>\n<td width=\"38\"><a href=\"http:\/\/lattes.cnpq.br\/2928108108361519\"><img class=\"alignleft wp-image-377\" src=\"https:\/\/www2.uepg.br\/ppgz\/wp-content\/uploads\/sites\/195\/2021\/08\/icone-150x150.png\" alt=\"\" width=\"33\" height=\"33\" \/><\/a><\/td>\n<td width=\"227\">Cheila Roberta Lehnen<\/td>\n<td width=\"38\"><a href=\"http:\/\/lattes.cnpq.br\/6592450638931890\"><img class=\"alignleft wp-image-377\" src=\"https:\/\/www2.uepg.br\/ppgz\/wp-content\/uploads\/sites\/195\/2021\/08\/icone-150x150.png\" alt=\"\" width=\"33\" height=\"33\" \/><\/a><\/td>\n<\/tr>\n<tr>\n<td width=\"217\">Luiza de Souza Carneiro<\/td>\n<td width=\"38\"><a href=\"http:\/\/lattes.cnpq.br\/8911782992652636\"><img class=\"alignleft wp-image-377\" src=\"https:\/\/www2.uepg.br\/ppgz\/wp-content\/uploads\/sites\/195\/2021\/08\/icone-150x150.png\" alt=\"\" width=\"33\" height=\"33\" \/><\/a><\/td>\n<td width=\"227\">La\u00edse da Silveira Pontes<\/td>\n<td width=\"38\"><a href=\"http:\/\/lattes.cnpq.br\/1551379867003353\"><img class=\"alignleft wp-image-377\" src=\"https:\/\/www2.uepg.br\/ppgz\/wp-content\/uploads\/sites\/195\/2021\/08\/icone-150x150.png\" alt=\"\" width=\"33\" height=\"33\" \/><\/a><\/td>\n<\/tr>\n<tr>\n<td width=\"217\">Rafaela Hilgemberg<\/td>\n<td width=\"38\"><a href=\"http:\/\/lattes.cnpq.br\/0019752095048648\"><img class=\"alignleft wp-image-377\" src=\"https:\/\/www2.uepg.br\/ppgz\/wp-content\/uploads\/sites\/195\/2021\/08\/icone-150x150.png\" alt=\"\" width=\"33\" height=\"33\" \/><\/a><\/td>\n<td width=\"227\">Cheila Roberta Lehnen<\/td>\n<td width=\"38\"><a href=\"http:\/\/lattes.cnpq.br\/6592450638931890\"><img class=\"alignleft wp-image-377\" src=\"https:\/\/www2.uepg.br\/ppgz\/wp-content\/uploads\/sites\/195\/2021\/08\/icone-150x150.png\" alt=\"\" width=\"33\" height=\"33\" \/><\/a><\/td>\n<\/tr>\n<tr>\n<td width=\"217\">Renata de Morais Farias<\/td>\n<td width=\"38\"><a href=\"http:\/\/lattes.cnpq.br\/4346430676582185\"><img class=\"alignleft wp-image-377\" src=\"https:\/\/www2.uepg.br\/ppgz\/wp-content\/uploads\/sites\/195\/2021\/08\/icone-150x150.png\" alt=\"\" width=\"33\" height=\"33\" \/><\/a><\/td>\n<td width=\"227\">Leandro Cavalcante Lipinski<\/td>\n<td width=\"38\"><a href=\"http:\/\/lattes.cnpq.br\/8776063396753167\"><img class=\"alignleft wp-image-377\" src=\"https:\/\/www2.uepg.br\/ppgz\/wp-content\/uploads\/sites\/195\/2021\/08\/icone-150x150.png\" alt=\"\" width=\"33\" height=\"33\" \/><\/a><\/td>\n<\/tr>\n<tr>\n<td width=\"217\">Rita Carolina Gaia<\/td>\n<td width=\"38\"><a href=\"http:\/\/lattes.cnpq.br\/0853375164123440\"><img class=\"alignleft wp-image-377\" src=\"https:\/\/www2.uepg.br\/ppgz\/wp-content\/uploads\/sites\/195\/2021\/08\/icone-150x150.png\" alt=\"\" width=\"33\" height=\"33\" \/><\/a><\/td>\n<td width=\"227\">Victor Breno Pedrosa<\/td>\n<td width=\"38\"><a href=\"http:\/\/lattes.cnpq.br\/3933840910557276\"><img class=\"alignleft wp-image-377\" src=\"https:\/\/www2.uepg.br\/ppgz\/wp-content\/uploads\/sites\/195\/2021\/08\/icone-150x150.png\" alt=\"\" width=\"33\" height=\"33\" \/><\/a><\/td>\n<\/tr>\n<tr>\n<td width=\"217\">Thaisa Cristina Alves da Cruz<\/td>\n<td width=\"38\"><a href=\"http:\/\/lattes.cnpq.br\/4009523660529425\"><img class=\"alignleft wp-image-377\" src=\"https:\/\/www2.uepg.br\/ppgz\/wp-content\/uploads\/sites\/195\/2021\/08\/icone-150x150.png\" alt=\"\" width=\"33\" height=\"33\" \/><\/a><\/td>\n<td width=\"227\">Adriana de Souza Martins<\/td>\n<td width=\"38\"><a href=\"http:\/\/lattes.cnpq.br\/6959960829989681\"><img class=\"alignleft wp-image-377\" src=\"https:\/\/www2.uepg.br\/ppgz\/wp-content\/uploads\/sites\/195\/2021\/08\/icone-150x150.png\" alt=\"\" width=\"33\" height=\"33\" \/><\/a><\/td>\n<\/tr>\n<\/tbody>\n<\/table>\n<p>&nbsp;<\/p>\n\t\t\t\t<\/div>\n\t\t\t<\/div>\n\t\t<\/div>\n\t\t\t<div class=\"sow-accordion-panel\"\n\t\t\t data-anchor=\"turma-2022\">\n\t\t\t\t<div class=\"sow-accordion-panel-header-container\" role=\"heading\" aria-level=\"2\">\n\t\t\t\t\t<div class=\"sow-accordion-panel-header\" tabindex=\"0\" role=\"button\" id=\"accordion-label-turma-2022\" aria-controls=\"accordion-content-turma-2022\" aria-expanded=\"false\">\n\t\t\t\t\t\t<div class=\"sow-accordion-title sow-accordion-title-icon-left\">\n\t\t\t\t\t\t\t\t\t\t\t\t\t\tTurma 2022\t\t\t\t\t\t\t\t\t\t\t\t\t<\/div>\n\t\t\t\t\t\t<div class=\"sow-accordion-open-close-button\">\n\t\t\t\t\t\t\t<div class=\"sow-accordion-open-button\">\n\t\t\t\t\t\t\t\t<span class=\"sow-icon-ionicons\" data-sow-icon=\"&#xf218;\"\n\t\t \n\t\taria-hidden=\"true\"><\/span>\t\t\t\t\t\t\t<\/div>\n\t\t\t\t\t\t\t<div class=\"sow-accordion-close-button\">\n\t\t\t\t\t\t\t\t<span class=\"sow-icon-ionicons\" data-sow-icon=\"&#xf209;\"\n\t\t \n\t\taria-hidden=\"true\"><\/span>\t\t\t\t\t\t\t<\/div>\n\t\t\t\t\t\t<\/div>\n\t\t\t\t\t<\/div>\n\t\t\t\t<\/div>\n\n\t\t\t<div\n\t\t\t\tclass=\"sow-accordion-panel-content\"\n\t\t\t\trole=\"region\"\n\t\t\t\taria-labelledby=\"accordion-label-turma-2022\"\n\t\t\t\tid=\"accordion-content-turma-2022\"\n\t\t\t\tstyle=\"display: none;\"\t\t\t>\n\t\t\t\t<div class=\"sow-accordion-panel-border\" tabindex=\"0\">\n\t\t\t\t\t<p>&nbsp;<\/p>\n<table width=\"637\">\n<tbody>\n<tr>\n<td width=\"262\">Ana Vit\u00f3ria Oliveira Pereira<\/td>\n<td width=\"46\"><a href=\"http:\/\/lattes.cnpq.br\/8751807110086701\"><img class=\"alignleft wp-image-377\" src=\"https:\/\/www2.uepg.br\/ppgz\/wp-content\/uploads\/sites\/195\/2021\/08\/icone-150x150.png\" alt=\"\" width=\"33\" height=\"33\" \/><\/a><\/td>\n<td width=\"274\">Adriana de Souza Martins<\/td>\n<td width=\"46\"><a href=\"http:\/\/lattes.cnpq.br\/6959960829989681\"><img class=\"alignleft wp-image-377\" src=\"https:\/\/www2.uepg.br\/ppgz\/wp-content\/uploads\/sites\/195\/2021\/08\/icone-150x150.png\" alt=\"\" width=\"33\" height=\"33\" \/><\/a><\/td>\n<\/tr>\n<tr>\n<td width=\"262\">Emanueli de F\u00e1tima Pereira da Silva<\/td>\n<td width=\"46\"><a href=\"http:\/\/lattes.cnpq.br\/0554581713407646\"><img class=\"alignleft wp-image-377\" src=\"https:\/\/www2.uepg.br\/ppgz\/wp-content\/uploads\/sites\/195\/2021\/08\/icone-150x150.png\" alt=\"\" width=\"33\" height=\"33\" \/><\/a><\/td>\n<td width=\"274\">Victor Breno Pedrosa<\/td>\n<td width=\"46\"><a href=\"http:\/\/lattes.cnpq.br\/3933840910557276\"><img class=\"alignleft wp-image-377\" src=\"https:\/\/www2.uepg.br\/ppgz\/wp-content\/uploads\/sites\/195\/2021\/08\/icone-150x150.png\" alt=\"\" width=\"33\" height=\"33\" \/><\/a><\/td>\n<\/tr>\n<tr>\n<td width=\"262\">Jo\u00e3o Ant\u00f4nio Galiotto Miranda<\/td>\n<td width=\"46\"><a href=\"http:\/\/lattes.cnpq.br\/6456599190399157\"><img class=\"alignleft wp-image-377\" src=\"https:\/\/www2.uepg.br\/ppgz\/wp-content\/uploads\/sites\/195\/2021\/08\/icone-150x150.png\" alt=\"\" width=\"33\" height=\"33\" \/><\/a><\/td>\n<td width=\"274\">Val\u00e9ria Rossetto Barriviera Furuya<\/td>\n<td width=\"46\"><a href=\"http:\/\/lattes.cnpq.br\/0864622140088580\"><img class=\"alignleft wp-image-377\" src=\"https:\/\/www2.uepg.br\/ppgz\/wp-content\/uploads\/sites\/195\/2021\/08\/icone-150x150.png\" alt=\"\" width=\"33\" height=\"33\" \/><\/a><\/td>\n<\/tr>\n<tr>\n<td width=\"262\">Luiza Caroline Chiezi Mendes<\/td>\n<td width=\"46\"><a href=\"http:\/\/lattes.cnpq.br\/2549102052385383\"><img class=\"alignleft wp-image-377\" src=\"https:\/\/www2.uepg.br\/ppgz\/wp-content\/uploads\/sites\/195\/2021\/08\/icone-150x150.png\" alt=\"\" width=\"33\" height=\"33\" \/><\/a><\/td>\n<td width=\"274\">La\u00edse da Silveira Pontes<\/td>\n<td width=\"46\"><a href=\"http:\/\/lattes.cnpq.br\/1551379867003353\"><img class=\"alignleft wp-image-377\" src=\"https:\/\/www2.uepg.br\/ppgz\/wp-content\/uploads\/sites\/195\/2021\/08\/icone-150x150.png\" alt=\"\" width=\"33\" height=\"33\" \/><\/a><\/td>\n<\/tr>\n<\/tbody>\n<\/table>\n\t\t\t\t<\/div>\n\t\t\t<\/div>\n\t\t<\/div>\n\t\t\t<div class=\"sow-accordion-panel\"\n\t\t\t data-anchor=\"turma-2023\">\n\t\t\t\t<div class=\"sow-accordion-panel-header-container\" role=\"heading\" aria-level=\"2\">\n\t\t\t\t\t<div class=\"sow-accordion-panel-header\" tabindex=\"0\" role=\"button\" id=\"accordion-label-turma-2023\" aria-controls=\"accordion-content-turma-2023\" aria-expanded=\"false\">\n\t\t\t\t\t\t<div class=\"sow-accordion-title sow-accordion-title-icon-left\">\n\t\t\t\t\t\t\t\t\t\t\t\t\t\tTurma 2023\t\t\t\t\t\t\t\t\t\t\t\t\t<\/div>\n\t\t\t\t\t\t<div class=\"sow-accordion-open-close-button\">\n\t\t\t\t\t\t\t<div class=\"sow-accordion-open-button\">\n\t\t\t\t\t\t\t\t<span class=\"sow-icon-ionicons\" data-sow-icon=\"&#xf218;\"\n\t\t \n\t\taria-hidden=\"true\"><\/span>\t\t\t\t\t\t\t<\/div>\n\t\t\t\t\t\t\t<div class=\"sow-accordion-close-button\">\n\t\t\t\t\t\t\t\t<span class=\"sow-icon-ionicons\" data-sow-icon=\"&#xf209;\"\n\t\t \n\t\taria-hidden=\"true\"><\/span>\t\t\t\t\t\t\t<\/div>\n\t\t\t\t\t\t<\/div>\n\t\t\t\t\t<\/div>\n\t\t\t\t<\/div>\n\n\t\t\t<div\n\t\t\t\tclass=\"sow-accordion-panel-content\"\n\t\t\t\trole=\"region\"\n\t\t\t\taria-labelledby=\"accordion-label-turma-2023\"\n\t\t\t\tid=\"accordion-content-turma-2023\"\n\t\t\t\tstyle=\"display: none;\"\t\t\t>\n\t\t\t\t<div class=\"sow-accordion-panel-border\" tabindex=\"0\">\n\t\t\t\t\t<p style=\"text-align: center\">\u00a0 \u00a0<strong>\u00a0 \u00a0 \u00a0 \u00a0 \u00a0 \u00a0 \u00a0 \u00a0 \u00a0 \u00a0 Discente\u00a0 \u00a0 \u00a0 \u00a0 \u00a0 \u00a0 \u00a0 \u00a0 \u00a0 \u00a0 \u00a0 \u00a0 \u00a0 \u00a0 \u00a0 \u00a0 \u00a0 \u00a0 \u00a0 \u00a0 \u00a0 \u00a0 \u00a0 \u00a0 \u00a0 \u00a0 \u00a0 \u00a0 \u00a0 \u00a0 \u00a0 \u00a0 \u00a0Orientador (a)<\/strong><\/p>\n<table width=\"643\">\n<tbody>\n<tr>\n<td width=\"252\">Cintia Renata do Carmo Harms<\/td>\n<td width=\"55\"><a href=\"http:\/\/lattes.cnpq.br\/3386754173352142\"><img class=\"wp-image-377 alignleft\" src=\"https:\/\/www2.uepg.br\/ppgz\/wp-content\/uploads\/sites\/195\/2021\/08\/icone-150x150.png\" alt=\"\" width=\"38\" height=\"38\" \/><\/a><\/td>\n<td width=\"272\">Marcelo Ricardo Vicari<\/td>\n<td width=\"54\"><a href=\"http:\/\/lattes.cnpq.br\/9824170107078686\"><img class=\"alignleft wp-image-377\" src=\"https:\/\/www2.uepg.br\/ppgz\/wp-content\/uploads\/sites\/195\/2021\/08\/icone-150x150.png\" alt=\"\" width=\"33\" height=\"33\" \/><\/a><\/td>\n<\/tr>\n<tr>\n<td width=\"252\">Giulia Ferracin Ferreira<\/td>\n<td width=\"55\"><img class=\"alignleft wp-image-377\" style=\"color: #0000ee\" src=\"https:\/\/www2.uepg.br\/ppgz\/wp-content\/uploads\/sites\/195\/2021\/08\/icone-150x150.png\" alt=\"\" width=\"33\" height=\"33\" \/><\/td>\n<td width=\"272\">Adriana de Souza Martins<\/td>\n<td width=\"54\"><a href=\"http:\/\/lattes.cnpq.br\/6959960829989681\"><img class=\"alignleft wp-image-377\" src=\"https:\/\/www2.uepg.br\/ppgz\/wp-content\/uploads\/sites\/195\/2021\/08\/icone-150x150.png\" alt=\"\" width=\"33\" height=\"33\" \/><\/a><\/td>\n<\/tr>\n<tr>\n<td width=\"252\">Paulo Cesar Oliveira Arruda<\/td>\n<td width=\"55\"><a href=\"http:\/\/lattes.cnpq.br\/7646809712501707\"><img class=\"alignleft wp-image-377\" src=\"https:\/\/www2.uepg.br\/ppgz\/wp-content\/uploads\/sites\/195\/2021\/08\/icone-150x150.png\" alt=\"\" width=\"33\" height=\"33\" \/><\/a><\/td>\n<td width=\"272\">Leandro Cavalcante Lipinski<\/td>\n<td width=\"54\"><a href=\"http:\/\/lattes.cnpq.br\/8776063396753167\"><img class=\"alignleft wp-image-377\" src=\"https:\/\/www2.uepg.br\/ppgz\/wp-content\/uploads\/sites\/195\/2021\/08\/icone-150x150.png\" alt=\"\" width=\"33\" height=\"33\" \/><\/a><\/td>\n<\/tr>\n<tr>\n<td width=\"252\">Renata Thais Loman<\/td>\n<td width=\"55\"><a href=\"http:\/\/lattes.cnpq.br\/7123451640793538\"><img class=\"alignleft wp-image-377\" src=\"https:\/\/www2.uepg.br\/ppgz\/wp-content\/uploads\/sites\/195\/2021\/08\/icone-150x150.png\" alt=\"\" width=\"33\" height=\"33\" \/><\/a><\/td>\n<td width=\"272\">Cheila Roberta Lehnen<\/td>\n<td width=\"54\"><a href=\"http:\/\/lattes.cnpq.br\/6592450638931890\"><img class=\"alignleft wp-image-377\" src=\"https:\/\/www2.uepg.br\/ppgz\/wp-content\/uploads\/sites\/195\/2021\/08\/icone-150x150.png\" alt=\"\" width=\"33\" height=\"33\" \/><\/a><\/td>\n<\/tr>\n<\/tbody>\n<\/table>\n\t\t\t\t<\/div>\n\t\t\t<\/div>\n\t\t<\/div>\n\t\t<\/div>\n<\/div>\n<\/div><\/div><\/div><\/div><\/div>","protected":false},"excerpt":{"rendered":"<p>Turma 2019 Discente Orientador(a) Jo\u00e3o Ot\u00e1vio Hilgemberg Cheila Roberta Lehnen Karina Petkowicz La\u00edse da Pontes Silveira Marcos Aur\u00e9lio Laidane Filho Raquel Abdallah da Rocha Oliveira Pamela Carla Machado Victor Breno Pedrosa Pedro Augusto Galiotto Miranda Cheila Roberta Lehnen Thais F\u00e1tima Ferreira Neves Adriana de Souza Martins Turma 2020 &nbsp; Fernanda Antunes Martins Adriana de Souza&nbsp;&hellip;<\/p>\n","protected":false},"author":305,"featured_media":0,"parent":0,"menu_order":0,"comment_status":"closed","ping_status":"closed","template":"","meta":[],"_links":{"self":[{"href":"https:\/\/www2.uepg.br\/ppgz\/wp-json\/wp\/v2\/pages\/145"}],"collection":[{"href":"https:\/\/www2.uepg.br\/ppgz\/wp-json\/wp\/v2\/pages"}],"about":[{"href":"https:\/\/www2.uepg.br\/ppgz\/wp-json\/wp\/v2\/types\/page"}],"author":[{"embeddable":true,"href":"https:\/\/www2.uepg.br\/ppgz\/wp-json\/wp\/v2\/users\/305"}],"replies":[{"embeddable":true,"href":"https:\/\/www2.uepg.br\/ppgz\/wp-json\/wp\/v2\/comments?post=145"}],"version-history":[{"count":17,"href":"https:\/\/www2.uepg.br\/ppgz\/wp-json\/wp\/v2\/pages\/145\/revisions"}],"predecessor-version":[{"id":850,"href":"https:\/\/www2.uepg.br\/ppgz\/wp-json\/wp\/v2\/pages\/145\/revisions\/850"}],"wp:attachment":[{"href":"https:\/\/www2.uepg.br\/ppgz\/wp-json\/wp\/v2\/media?parent=145"}],"curies":[{"name":"wp","href":"https:\/\/api.w.org\/{rel}","templated":true}]}}