{"id":231,"date":"2021-06-16T08:40:23","date_gmt":"2021-06-16T11:40:23","guid":{"rendered":"https:\/\/www2.uepg.br\/ppgz\/?page_id=231"},"modified":"2025-03-20T21:24:34","modified_gmt":"2025-03-21T00:24:34","slug":"estagio-orientado-de-docencia","status":"publish","type":"page","link":"https:\/\/www2.uepg.br\/ppgz\/estagio-orientado-de-docencia\/","title":{"rendered":"Est\u00e1gio Orientado de Doc\u00eancia"},"content":{"rendered":"<h2 style=\"text-align: center\">Est\u00e1gio de Doc\u00eancia do Mestrando &#8211; EDM<\/h2>\n<p style=\"text-align: center\"><b>N\u00edvel<\/b><strong>:\u00a0<\/strong>Mestrado<\/p>\n<p style=\"text-align: center\"><a href=\"https:\/\/www2.uepg.br\/ppgz\/estagio-orientado-de-docencia\/regulamento-edm-2016\/\" target=\"_blank\" rel=\"noopener\"><strong>Obrigat\u00f3ria em conformidade com a Resolu\u00e7\u00e3o CEPE no 021, de 19 de julho de 2016<\/strong><\/a><\/p>\n<p style=\"text-align: center\"><b>\u00c1rea<\/b><strong>\u00a0de Concentra\u00e7\u00e3o:\u00a0<\/strong>Produ\u00e7\u00e3o animal<\/p>\n<p style=\"text-align: center\"><strong>Carga Horaria: <\/strong>30<\/p>\n<p style=\"text-align: center\"><strong>Cr\u00e9ditos:\u00a0<\/strong>2<\/p>\n<p style=\"text-align: center\"><strong>Ementa:<\/strong><br \/>\nOs discentes do Programa participar\u00e3o como docente em uma disciplina espec\u00edfica, de acordo com o assunto de dom\u00ednio, sob a responsabilidade de um professor, para possibilitar aos estudantes o treinamento efetivo em atividades letivas na gradua\u00e7\u00e3o.<\/p>\n<p>&nbsp;<\/p>\n<p><a href=\"https:\/\/www2.uepg.br\/ppgz\/wp-content\/uploads\/sites\/195\/2025\/03\/ESTAGIO-DE-DOCENCIA-NO-MESTRADO.pdf\">Ementa e Bibliografia<\/a><\/p>\n","protected":false},"excerpt":{"rendered":"<p>Est\u00e1gio de Doc\u00eancia do Mestrando &#8211; EDM N\u00edvel:\u00a0Mestrado Obrigat\u00f3ria em conformidade com a Resolu\u00e7\u00e3o CEPE no 021, de 19 de julho de 2016 \u00c1rea\u00a0de Concentra\u00e7\u00e3o:\u00a0Produ\u00e7\u00e3o animal Carga Horaria: 30 Cr\u00e9ditos:\u00a02 Ementa: Os discentes do Programa participar\u00e3o como docente em uma disciplina espec\u00edfica, de acordo com o assunto de dom\u00ednio, sob a responsabilidade de um professor,&nbsp;&hellip;<\/p>\n","protected":false},"author":305,"featured_media":0,"parent":0,"menu_order":0,"comment_status":"closed","ping_status":"closed","template":"","meta":[],"_links":{"self":[{"href":"https:\/\/www2.uepg.br\/ppgz\/wp-json\/wp\/v2\/pages\/231"}],"collection":[{"href":"https:\/\/www2.uepg.br\/ppgz\/wp-json\/wp\/v2\/pages"}],"about":[{"href":"https:\/\/www2.uepg.br\/ppgz\/wp-json\/wp\/v2\/types\/page"}],"author":[{"embeddable":true,"href":"https:\/\/www2.uepg.br\/ppgz\/wp-json\/wp\/v2\/users\/305"}],"replies":[{"embeddable":true,"href":"https:\/\/www2.uepg.br\/ppgz\/wp-json\/wp\/v2\/comments?post=231"}],"version-history":[{"count":5,"href":"https:\/\/www2.uepg.br\/ppgz\/wp-json\/wp\/v2\/pages\/231\/revisions"}],"predecessor-version":[{"id":1297,"href":"https:\/\/www2.uepg.br\/ppgz\/wp-json\/wp\/v2\/pages\/231\/revisions\/1297"}],"wp:attachment":[{"href":"https:\/\/www2.uepg.br\/ppgz\/wp-json\/wp\/v2\/media?parent=231"}],"curies":[{"name":"wp","href":"https:\/\/api.w.org\/{rel}","templated":true}]}}