{"id":266,"date":"2021-06-16T08:47:44","date_gmt":"2021-06-16T11:47:44","guid":{"rendered":"https:\/\/www2.uepg.br\/ppgz\/?page_id=266"},"modified":"2025-03-27T17:03:21","modified_gmt":"2025-03-27T20:03:21","slug":"sistematizacao-e-meta-analise-de-dados","status":"publish","type":"page","link":"https:\/\/www2.uepg.br\/ppgz\/sistematizacao-e-meta-analise-de-dados\/","title":{"rendered":"Sistematiza\u00e7\u00e3o e meta-an\u00e1lise de dados"},"content":{"rendered":"<h2 style=\"text-align: center\">Sistematiza\u00e7\u00e3o e meta-an\u00e1lise de dados<\/h2>\n<p style=\"text-align: center\"><strong>Profa. Dra. Cheila Roberta Lehnen<\/strong><\/p>\n<p style=\"text-align: center\"><strong>Nivel:\u00a0<\/strong>Mestrado<\/p>\n<p style=\"text-align: center\"><strong>Optativa<\/strong><\/p>\n<p style=\"text-align: center\"><strong>Area de Concentra\u00e7\u00e3o:\u00a0<\/strong>Produ\u00e7\u00e3o animal<\/p>\n<p style=\"text-align: center\"><strong>Carga Horario:\u00a0<\/strong>45<\/p>\n<p style=\"text-align: center\"><strong>Cr\u00e9ditos:\u00a0<\/strong>3<\/p>\n<p style=\"text-align: center\"><strong>Ementa:<\/strong><br \/>\nAbordagem sist\u00eamica na produ\u00e7\u00e3o animal. Revis\u00e3o bibliogr\u00e1fica, sistem\u00e1tica e meta-an\u00e1lise. Sistematiza\u00e7\u00e3o das informa\u00e7\u00f5es e gerenciamento de bases bibiogr\u00e1ficas. Objetivos t\u00e9cnicos da meta-an\u00e1lise. Procedimentos qualitativos e quantitativos em base de dados. Estudo anal\u00edtico. Biologia integrativa e modelagem.<\/p>\n<p>&nbsp;<\/p>\n<p><a href=\"https:\/\/www2.uepg.br\/ppgz\/wp-content\/uploads\/sites\/195\/2025\/03\/SISTEMATIZACAO-E-META-ANALISE-DE-DADOS.pdf\">Ementa e Bibliografia<\/a><\/p>\n","protected":false},"excerpt":{"rendered":"<p>Sistematiza\u00e7\u00e3o e meta-an\u00e1lise de dados Profa. Dra. Cheila Roberta Lehnen Nivel:\u00a0Mestrado Optativa Area de Concentra\u00e7\u00e3o:\u00a0Produ\u00e7\u00e3o animal Carga Horario:\u00a045 Cr\u00e9ditos:\u00a03 Ementa: Abordagem sist\u00eamica na produ\u00e7\u00e3o animal. Revis\u00e3o bibliogr\u00e1fica, sistem\u00e1tica e meta-an\u00e1lise. Sistematiza\u00e7\u00e3o das informa\u00e7\u00f5es e gerenciamento de bases bibiogr\u00e1ficas. Objetivos t\u00e9cnicos da meta-an\u00e1lise. Procedimentos qualitativos e quantitativos em base de dados. Estudo anal\u00edtico. Biologia integrativa e&nbsp;&hellip;<\/p>\n","protected":false},"author":305,"featured_media":0,"parent":0,"menu_order":0,"comment_status":"closed","ping_status":"closed","template":"","meta":[],"_links":{"self":[{"href":"https:\/\/www2.uepg.br\/ppgz\/wp-json\/wp\/v2\/pages\/266"}],"collection":[{"href":"https:\/\/www2.uepg.br\/ppgz\/wp-json\/wp\/v2\/pages"}],"about":[{"href":"https:\/\/www2.uepg.br\/ppgz\/wp-json\/wp\/v2\/types\/page"}],"author":[{"embeddable":true,"href":"https:\/\/www2.uepg.br\/ppgz\/wp-json\/wp\/v2\/users\/305"}],"replies":[{"embeddable":true,"href":"https:\/\/www2.uepg.br\/ppgz\/wp-json\/wp\/v2\/comments?post=266"}],"version-history":[{"count":5,"href":"https:\/\/www2.uepg.br\/ppgz\/wp-json\/wp\/v2\/pages\/266\/revisions"}],"predecessor-version":[{"id":1358,"href":"https:\/\/www2.uepg.br\/ppgz\/wp-json\/wp\/v2\/pages\/266\/revisions\/1358"}],"wp:attachment":[{"href":"https:\/\/www2.uepg.br\/ppgz\/wp-json\/wp\/v2\/media?parent=266"}],"curies":[{"name":"wp","href":"https:\/\/api.w.org\/{rel}","templated":true}]}}