{"id":345,"date":"2021-08-17T16:44:16","date_gmt":"2021-08-17T19:44:16","guid":{"rendered":"https:\/\/www2.uepg.br\/ppgz\/?page_id=345"},"modified":"2021-08-20T10:07:37","modified_gmt":"2021-08-20T13:07:37","slug":"sobre-o-curso","status":"publish","type":"page","link":"https:\/\/www2.uepg.br\/ppgz\/sobre-o-curso\/","title":{"rendered":"Sobre o Curso"},"content":{"rendered":"<p style=\"text-align: center\"><strong>Objetivos<\/strong><\/p>\n<p style=\"text-align: center\">O objetivo principal do PPG-ZOO \u00e9 formar recursos humanos qualificados para doc\u00eancia e pesquisa, com vistas a promover o desenvolvimento socioecon\u00f4mico e cient\u00edfico-tecnol\u00f3gico no campo da Zootecnia, por meio de atividades integradas de ensino, pesquisa, inova\u00e7\u00e3o e extens\u00e3o.<\/p>\n<p style=\"text-align: center\">Contribuir na forma\u00e7\u00e3o de recursos humanos qualificados para atuar em diferentes \u00e1reas da produ\u00e7\u00e3o pecu\u00e1ria, com \u00eanfase em nutri\u00e7\u00e3o e alimenta\u00e7\u00e3o de animais, biotecnologia e melhoramento gen\u00e9tico, produ\u00e7\u00e3o e conserva\u00e7\u00e3o de forragens e manejo de pastagens, para atua\u00e7\u00e3o no mercado nacional ou internacional, mas com conhecimentos sobre as particularidades regionais, o que contribuir\u00e1 para fixa\u00e7\u00e3o de profissionais da \u00e1rea de Zootecnia e afins, reduzindo a migra\u00e7\u00e3o para outras regi\u00f5es, na busca de oportunidades de qualifica\u00e7\u00e3o em Programas de P\u00f3s-Gradua\u00e7\u00e3o.<\/p>\n<p style=\"text-align: center\">Desenvolvimento regional, com relev\u00e2ncia para a fixa\u00e7\u00e3o do homem no campo e o desenvolvimento social e econ\u00f4mico regional, em atendimentos \u00e0s diretrizes de pol\u00edticas mundiais para promover o desenvolvimento socioecon\u00f4mico e redu\u00e7\u00e3o da fome e pobreza.<\/p>\n<p style=\"text-align: center\"><strong>\u00c1rea de Concentra\u00e7\u00e3o<\/strong><\/p>\n<p style=\"text-align: center\">Produ\u00e7\u00e3o Animal<\/p>\n<p style=\"text-align: center\"><strong>Linhas de pesquisa<\/strong><\/p>\n<p style=\"text-align: center\">Produ\u00e7\u00e3o e nutri\u00e7\u00e3o de n\u00e3o ruminantes<\/p>\n<p style=\"text-align: center\">Produ\u00e7\u00e3o, nutri\u00e7\u00e3o de ruminantes e forragicultura<\/p>\n<p style=\"text-align: center\">Gen\u00e9tica, melhoramento e reprodu\u00e7\u00e3o animal<\/p>\n","protected":false},"excerpt":{"rendered":"<p>Objetivos O objetivo principal do PPG-ZOO \u00e9 formar recursos humanos qualificados para doc\u00eancia e pesquisa, com vistas a promover o desenvolvimento socioecon\u00f4mico e cient\u00edfico-tecnol\u00f3gico no campo da Zootecnia, por meio de atividades integradas de ensino, pesquisa, inova\u00e7\u00e3o e extens\u00e3o. Contribuir na forma\u00e7\u00e3o de recursos humanos qualificados para atuar em diferentes \u00e1reas da produ\u00e7\u00e3o pecu\u00e1ria, com&nbsp;&hellip;<\/p>\n","protected":false},"author":378,"featured_media":0,"parent":0,"menu_order":0,"comment_status":"closed","ping_status":"closed","template":"","meta":[],"_links":{"self":[{"href":"https:\/\/www2.uepg.br\/ppgz\/wp-json\/wp\/v2\/pages\/345"}],"collection":[{"href":"https:\/\/www2.uepg.br\/ppgz\/wp-json\/wp\/v2\/pages"}],"about":[{"href":"https:\/\/www2.uepg.br\/ppgz\/wp-json\/wp\/v2\/types\/page"}],"author":[{"embeddable":true,"href":"https:\/\/www2.uepg.br\/ppgz\/wp-json\/wp\/v2\/users\/378"}],"replies":[{"embeddable":true,"href":"https:\/\/www2.uepg.br\/ppgz\/wp-json\/wp\/v2\/comments?post=345"}],"version-history":[{"count":4,"href":"https:\/\/www2.uepg.br\/ppgz\/wp-json\/wp\/v2\/pages\/345\/revisions"}],"predecessor-version":[{"id":477,"href":"https:\/\/www2.uepg.br\/ppgz\/wp-json\/wp\/v2\/pages\/345\/revisions\/477"}],"wp:attachment":[{"href":"https:\/\/www2.uepg.br\/ppgz\/wp-json\/wp\/v2\/media?parent=345"}],"curies":[{"name":"wp","href":"https:\/\/api.w.org\/{rel}","templated":true}]}}