{"id":437,"date":"2021-08-18T16:09:21","date_gmt":"2021-08-18T19:09:21","guid":{"rendered":"https:\/\/www2.uepg.br\/ppgz\/?page_id=437"},"modified":"2025-03-25T10:57:34","modified_gmt":"2025-03-25T13:57:34","slug":"egressos","status":"publish","type":"page","link":"https:\/\/www2.uepg.br\/ppgz\/egressos\/","title":{"rendered":"Egressos"},"content":{"rendered":"<h2 class=\"hero-title\">Atua\u00e7\u00e3o Profissional e Acad\u00eamica dos Egressos<\/h2>\n<p><span style=\"font-weight: 400\">Cerca de 70% dos egressos do programa atuam em empresas, agroind\u00fastrias, cooperativas e institutos de pesquisa e extens\u00e3o, ou est\u00e3o em doutoramento.<\/span><\/p>\n<p>&nbsp;<\/p>\n<p><b>Egressos com v\u00ednculos institucionais:<\/b><\/p>\n<p><b>Raphael Patrick Moreira<\/b><span style=\"font-weight: 400\"> \u2013 Coordenador regional\u00a0 no Instituto de Desenvolvimento Rural do Paran\u00e1 (IDR-PR)<\/span><\/p>\n<p><b>Bianca Leticia Richter<\/b><span style=\"font-weight: 400\"> \u2013 Bolsista de Desenvolvimento Tecnol\u00f3gico Industrial do CNPq \u2013 N\u00edvel B \u2013 Universidade Federal de Santa Catarina<\/span><\/p>\n<p><b>Bianca Let\u00edcia Barbosa<\/b><span style=\"font-weight: 400\"> \u2013 Funcion\u00e1ria da Fazenda Escola Cap\u00e3o da On\u00e7a \/ Universdidade Estadual de Ponta Grossa.<\/span><\/p>\n<p><b>Rafaela Hilgemberg<\/b><span style=\"font-weight: 400\"> \u2013\u00a0 Aleris Nutrition Jundia\u00ed SP<\/span><\/p>\n<p><b>Jo\u00e3o Ot\u00e1vio Hilgemberg<\/b><span style=\"font-weight: 400\"> \u2013 JBS Seberi RS<\/span><\/p>\n<p><b>Pedro Galiotto Miranda<\/b><span style=\"font-weight: 400\"> \u2013 JBS Frederico Westphalen RS<\/span><\/p>\n<p><b>Let\u00edcia Galv\u00e3o Matoso<\/b><span style=\"font-weight: 400\"> \u2013 trabalha na Cooperativa Castrolanda<\/span><\/p>\n<p><span style=\"font-weight: 400\"><strong>Thais Pereira da Cruz<\/strong> \u2013 professora Colaboradora do Departamento de Zootecnia da Universidade Estadual de Ponta Grossa<\/span><\/p>\n<p><span style=\"font-weight: 400\"><strong>Ana Vit\u00f3ria Oliveira Pereira<\/strong> \u2013 empresa DSM \u2013 nutri\u00e7\u00e3o animal<\/span><\/p>\n<p><b>Rita Carolina Gaia<\/b><span style=\"font-weight: 400\">&#8211; trabalha no setor de registros de animais na Associa\u00e7\u00e3o Paranaense dos Criadores de Bovinos da Ra\u00e7a Holandesa<\/span><\/p>\n<p><b>Barbara Haline Buss Baiak<\/b><span style=\"font-weight: 400\"> \u2013 professora da Faculdade UNICESUMAR<\/span><\/p>\n<p><b>Fernanda Antunes Martins<\/b><span style=\"font-weight: 400\"> \u2013 trabalha na empresa MSDC &#8211; laborat\u00f3rio de an\u00e1lises bromatol\u00f3gicas e consultoria.<\/span><\/p>\n<p><b>Thais de F\u00e1tima Ferreira Neves<\/b><span style=\"font-weight: 400\"> \u2013 trabalha na Cooperativa Capal \u2013 Arapoti- PR<\/span><\/p>\n<p><b>Luiza Carolina Chiezi Mendes<\/b><span style=\"font-weight: 400\"> \u2013 trabalha na GENARI- empresa de nutri\u00e7\u00e3o animal.<\/span><\/p>\n<p><b>Rha\u00edssa Garcia de Assis<\/b><span style=\"font-weight: 400\"> &#8211; professora Colaboradora do Departamento de Zootecnia da Universidade Estadual de Ponta Grossa<\/span><\/p>\n<p>&nbsp;<\/p>\n<p><b>Egressos em doutoramento:<\/b><\/p>\n<p><b>Lidiane Pescke Pereira<\/b><span style=\"font-weight: 400\"> \u2013 Universidade Estadual de Ponta Grossa<\/span><\/p>\n<p><b>Henrique Alberto Mulim<\/b><span style=\"font-weight: 400\"> \u2013 doutorado sandu\u00edche Universidade Federal da Bahia e Universidade de Purdue (EUA).<\/span><\/p>\n<p><b>Luiza de Souza Carneiro &#8211;<\/b><span style=\"font-weight: 400\"> Universidade Federal do Paran\u00e1<\/span><\/p>\n<p><b>Jo\u00e3o Pedro Galiotto Miranda:<\/b><span style=\"font-weight: 400\"> Universidade Federal do Paran\u00e1<\/span><\/p>\n<p><b>Emanueli de F\u00e1tima Pereira da Silva<\/b><span style=\"font-weight: 400\"> \u2013 Universidade de Guelph (Canad\u00e1).<\/span><\/p>\n<p><b>Rafaela Martins<\/b><span style=\"font-weight: 400\"> \u2013 Universidade Federal do Paran\u00e1.<\/span><\/p>\n","protected":false},"excerpt":{"rendered":"<p>Atua\u00e7\u00e3o Profissional e Acad\u00eamica dos Egressos Cerca de 70% dos egressos do programa atuam em empresas, agroind\u00fastrias, cooperativas e institutos de pesquisa e extens\u00e3o, ou est\u00e3o em doutoramento. &nbsp; Egressos com v\u00ednculos institucionais: Raphael Patrick Moreira \u2013 Coordenador regional\u00a0 no Instituto de Desenvolvimento Rural do Paran\u00e1 (IDR-PR) Bianca Leticia Richter \u2013 Bolsista de Desenvolvimento Tecnol\u00f3gico&nbsp;&hellip;<\/p>\n","protected":false},"author":378,"featured_media":0,"parent":0,"menu_order":0,"comment_status":"closed","ping_status":"closed","template":"","meta":[],"_links":{"self":[{"href":"https:\/\/www2.uepg.br\/ppgz\/wp-json\/wp\/v2\/pages\/437"}],"collection":[{"href":"https:\/\/www2.uepg.br\/ppgz\/wp-json\/wp\/v2\/pages"}],"about":[{"href":"https:\/\/www2.uepg.br\/ppgz\/wp-json\/wp\/v2\/types\/page"}],"author":[{"embeddable":true,"href":"https:\/\/www2.uepg.br\/ppgz\/wp-json\/wp\/v2\/users\/378"}],"replies":[{"embeddable":true,"href":"https:\/\/www2.uepg.br\/ppgz\/wp-json\/wp\/v2\/comments?post=437"}],"version-history":[{"count":9,"href":"https:\/\/www2.uepg.br\/ppgz\/wp-json\/wp\/v2\/pages\/437\/revisions"}],"predecessor-version":[{"id":1339,"href":"https:\/\/www2.uepg.br\/ppgz\/wp-json\/wp\/v2\/pages\/437\/revisions\/1339"}],"wp:attachment":[{"href":"https:\/\/www2.uepg.br\/ppgz\/wp-json\/wp\/v2\/media?parent=437"}],"curies":[{"name":"wp","href":"https:\/\/api.w.org\/{rel}","templated":true}]}}