{"id":813,"date":"2023-03-13T12:03:51","date_gmt":"2023-03-13T15:03:51","guid":{"rendered":"https:\/\/www2.uepg.br\/ppgz\/?page_id=813"},"modified":"2025-03-20T21:31:43","modified_gmt":"2025-03-21T00:31:43","slug":"genetica-molecular-e-biotecnologia-animal","status":"publish","type":"page","link":"https:\/\/www2.uepg.br\/ppgz\/genetica-molecular-e-biotecnologia-animal\/","title":{"rendered":"Gen\u00e9tica Molecular e Biotecnologia Animal"},"content":{"rendered":"<h1 style=\"text-align: center\">Gen\u00e9tica Molecular e Biotecnologia Animal<\/h1>\n<p style=\"text-align: center\"><strong>Prof. Dr.\u00a0 Marcelo Ricardo Viccari<\/strong><\/p>\n<p style=\"text-align: center\"><strong>Nivel:\u00a0<\/strong>Mestrado<\/p>\n<p style=\"text-align: center\"><strong>Optativa<\/strong><\/p>\n<p style=\"text-align: center\"><b>\u00c1rea<\/b><strong>\u00a0de Concentra\u00e7\u00e3o:\u00a0<\/strong>Produ\u00e7\u00e3o animal<\/p>\n<p style=\"text-align: center\"><b>Carga Hor\u00e1rio: <\/b>45<\/p>\n<p style=\"text-align: center\"><strong>Cr\u00e9ditos:\u00a0<\/strong>3<\/p>\n<p style=\"text-align: center\"><strong>Ementa:<\/strong><\/p>\n<p style=\"text-align: center\">Estrutura e organiza\u00e7\u00e3o dos genes e genomas. Altera\u00e7\u00f5es do material gen\u00e9tico e variabilidade gen\u00e9tica. Controle da express\u00e3o g\u00eanica em eucariotos. M\u00e9todos moleculares aplicados \u00e0 produ\u00e7\u00e3o animal. Biotecnologia. Gen\u00f4mica, transcript\u00f4mica e prote\u00f4mica.<\/p>\n<p>&nbsp;<\/p>\n<p><a href=\"https:\/\/www2.uepg.br\/ppgz\/wp-content\/uploads\/sites\/195\/2025\/03\/GENETICA-MOLECULAR-E-BIOTECNOLOGIA-ANIMAL.pdf\">Ementa e Bibliografia<\/a><\/p>\n","protected":false},"excerpt":{"rendered":"<p>Gen\u00e9tica Molecular e Biotecnologia Animal Prof. Dr.\u00a0 Marcelo Ricardo Viccari Nivel:\u00a0Mestrado Optativa \u00c1rea\u00a0de Concentra\u00e7\u00e3o:\u00a0Produ\u00e7\u00e3o animal Carga Hor\u00e1rio: 45 Cr\u00e9ditos:\u00a03 Ementa: Estrutura e organiza\u00e7\u00e3o dos genes e genomas. Altera\u00e7\u00f5es do material gen\u00e9tico e variabilidade gen\u00e9tica. Controle da express\u00e3o g\u00eanica em eucariotos. M\u00e9todos moleculares aplicados \u00e0 produ\u00e7\u00e3o animal. Biotecnologia. Gen\u00f4mica, transcript\u00f4mica e prote\u00f4mica. &nbsp; Ementa e Bibliografia<\/p>\n","protected":false},"author":71,"featured_media":0,"parent":0,"menu_order":0,"comment_status":"closed","ping_status":"closed","template":"","meta":[],"_links":{"self":[{"href":"https:\/\/www2.uepg.br\/ppgz\/wp-json\/wp\/v2\/pages\/813"}],"collection":[{"href":"https:\/\/www2.uepg.br\/ppgz\/wp-json\/wp\/v2\/pages"}],"about":[{"href":"https:\/\/www2.uepg.br\/ppgz\/wp-json\/wp\/v2\/types\/page"}],"author":[{"embeddable":true,"href":"https:\/\/www2.uepg.br\/ppgz\/wp-json\/wp\/v2\/users\/71"}],"replies":[{"embeddable":true,"href":"https:\/\/www2.uepg.br\/ppgz\/wp-json\/wp\/v2\/comments?post=813"}],"version-history":[{"count":5,"href":"https:\/\/www2.uepg.br\/ppgz\/wp-json\/wp\/v2\/pages\/813\/revisions"}],"predecessor-version":[{"id":1307,"href":"https:\/\/www2.uepg.br\/ppgz\/wp-json\/wp\/v2\/pages\/813\/revisions\/1307"}],"wp:attachment":[{"href":"https:\/\/www2.uepg.br\/ppgz\/wp-json\/wp\/v2\/media?parent=813"}],"curies":[{"name":"wp","href":"https:\/\/api.w.org\/{rel}","templated":true}]}}