{"id":230,"date":"2019-05-17T14:44:40","date_gmt":"2019-05-17T17:44:40","guid":{"rendered":"http:\/\/www2.uepg.br\/prae\/?page_id=230"},"modified":"2019-09-09T08:50:08","modified_gmt":"2019-09-09T11:50:08","slug":"atendimentos","status":"publish","type":"page","link":"https:\/\/www2.uepg.br\/prae\/atendimentos\/","title":{"rendered":"Atendimentos"},"content":{"rendered":"<div id=\"atendimento-social\"><img loading=\"lazy\" class=\"wp-image-734 aligncenter\" src=\"http:\/\/www2.uepg.br\/prae\/wp-content\/uploads\/sites\/18\/2019\/09\/FOLDER-FEIRA-DE-PROFISS\u00d5ES.frente-300x212.png\" alt=\"\" width=\"504\" height=\"356\" srcset=\"https:\/\/www2.uepg.br\/prae\/wp-content\/uploads\/sites\/18\/2019\/09\/FOLDER-FEIRA-DE-PROFISS\u00d5ES.frente-300x212.png 300w, https:\/\/www2.uepg.br\/prae\/wp-content\/uploads\/sites\/18\/2019\/09\/FOLDER-FEIRA-DE-PROFISS\u00d5ES.frente-768x543.png 768w, https:\/\/www2.uepg.br\/prae\/wp-content\/uploads\/sites\/18\/2019\/09\/FOLDER-FEIRA-DE-PROFISS\u00d5ES.frente-1024x725.png 1024w, https:\/\/www2.uepg.br\/prae\/wp-content\/uploads\/sites\/18\/2019\/09\/FOLDER-FEIRA-DE-PROFISS\u00d5ES.frente-1232x872.png 1232w, https:\/\/www2.uepg.br\/prae\/wp-content\/uploads\/sites\/18\/2019\/09\/FOLDER-FEIRA-DE-PROFISS\u00d5ES.frente-1526x1080.png 1526w\" sizes=\"(max-width: 504px) 100vw, 504px\" \/><\/div>\n<div><img loading=\"lazy\" class=\"wp-image-735 aligncenter\" src=\"http:\/\/www2.uepg.br\/prae\/wp-content\/uploads\/sites\/18\/2019\/09\/FOLDER-FEIRA-DE-PROFISS\u00d5ESverso-300x212.png\" alt=\"\" width=\"503\" height=\"355\" srcset=\"https:\/\/www2.uepg.br\/prae\/wp-content\/uploads\/sites\/18\/2019\/09\/FOLDER-FEIRA-DE-PROFISS\u00d5ESverso-300x212.png 300w, https:\/\/www2.uepg.br\/prae\/wp-content\/uploads\/sites\/18\/2019\/09\/FOLDER-FEIRA-DE-PROFISS\u00d5ESverso-768x543.png 768w, https:\/\/www2.uepg.br\/prae\/wp-content\/uploads\/sites\/18\/2019\/09\/FOLDER-FEIRA-DE-PROFISS\u00d5ESverso-1024x725.png 1024w, https:\/\/www2.uepg.br\/prae\/wp-content\/uploads\/sites\/18\/2019\/09\/FOLDER-FEIRA-DE-PROFISS\u00d5ESverso-1232x872.png 1232w, https:\/\/www2.uepg.br\/prae\/wp-content\/uploads\/sites\/18\/2019\/09\/FOLDER-FEIRA-DE-PROFISS\u00d5ESverso-1526x1080.png 1526w\" sizes=\"(max-width: 503px) 100vw, 503px\" \/><\/div>\n<h2><\/h2>\n<h2><\/h2>\n<h2 style=\"text-align: center\">ATENDIMENTO SOCIAL<\/h2>\n<p align=\"center\"><a href=\"https:\/\/sistemas.uepg.br\/producao\/reitoria\/documentos\/1332018-12-1324.pdf\"><span style=\"color: #000000\"><span style=\"font-family: Arial, sans-serif\"><span style=\"font-size: small\"><b>Regulamentado pela Resolu\u00e7\u00e3o Univ n\u00ba 33 de dezembro de 2018<\/b><\/span><\/span><\/span><\/a><\/p>\n<p align=\"justify\"><span style=\"color: #000000\"><span style=\"font-family: Arial, sans-serif\"><span style=\"font-size: medium\">O Atendimento Social tem como objetivo a inser\u00e7\u00e3o, perman\u00eancia e a conclus\u00e3o do acad\u00eamico no Ensino Superior em conson\u00e2ncia com que preconiza a Pr\u00f3-Reitoria de Assuntos Estudantis (PRAE) da Universidade Estadual de Ponta Grossa (UEPG) articulado as compet\u00eancias do Servi\u00e7o Social: <\/span><\/span><\/span><\/p>\n<ul>\n<li>\n<p align=\"justify\"><span style=\"color: #000000\"><span style=\"font-family: Arial, sans-serif\"><span style=\"font-size: medium\">Analisar as situa\u00e7\u00f5es existentes problematizadas na vida acad\u00eamica e orientar para prover solu\u00e7\u00f5es;<\/span><\/span><\/span><\/p>\n<\/li>\n<li>\n<p align=\"justify\"><span style=\"color: #000000\"><span style=\"font-family: Arial, sans-serif\"><span style=\"font-size: medium\">Favorecer a integra\u00e7\u00e3o dos acad\u00eamicos a comunidade universit\u00e1ria e social, orientando-as na solu\u00e7\u00e3o de problemas identificados;<\/span><\/span><\/span><\/p>\n<\/li>\n<li>\n<p align=\"justify\"><span style=\"color: #000000\"><span style=\"font-family: Arial, sans-serif\"><span style=\"font-size: medium\">Verificar, avaliar e emitir parecer sobre a situa\u00e7\u00e3o econ\u00f4mica dos acad\u00eamicos que solicitem qualquer tipo de aux\u00edlio;<\/span><\/span><\/span><\/p>\n<\/li>\n<li>\n<p align=\"justify\"><span style=\"color: #000000\"><span style=\"font-family: Arial, sans-serif\"><span style=\"font-size: medium\">Participar do processo de planejamento, execu\u00e7\u00e3o e avalia\u00e7\u00e3o das a\u00e7\u00f5es de Assist\u00eancia Estudantil;<\/span><\/span><\/span><\/p>\n<\/li>\n<\/ul>\n<div id=\"atendimento-pedagogico\" style=\"text-align: center\"><\/div>\n<div><\/div>\n<h2 style=\"text-align: center\">ATENDIMENTO PEDAG\u00d3GICO<\/h2>\n<div id=\"atendimento-tecnico-educacional\" style=\"text-align: center\">\n<p align=\"center\"><span style=\"color: #000000\"><span style=\"font-family: Arial, sans-serif\"><span style=\"font-size: large\"><b>ATENDIMENTO ESPECIAL PARA OS ACAD\u00caMICOS COM NECESSIDADES ESPECIAIS \u2013 CAD<\/b><\/span><\/span><\/span><\/p>\n<p align=\"center\"><a href=\"https:\/\/sistemas.uepg.br\/producao\/reitoria\/documentos\/1312017-12-1424.pdf\"><span style=\"color: #000000\"><span style=\"font-family: Arial, sans-serif\"><span style=\"font-size: small\"><b>Regulamentado pela Resolu\u00e7\u00e3o Univ\u00a0 n\u00ba 31 de dezembro de 2017<\/b><\/span><\/span><\/span><\/a><\/p>\n<p align=\"justify\"><span style=\"color: #000000\"><span style=\"font-family: Arial, sans-serif\"><span style=\"font-size: medium\">Atendimento especial \u00e9 o conjunto de atividades e recursos de acessibilidade e pedag\u00f3gicos organizados institucional e continuamente ofertados aos discentes da Universidade Estadual de Ponta Grossa (UEPG), desde a sua inclus\u00e3o, perman\u00eancia e conclus\u00e3o, o atendimento especial \u00e9 uma pol\u00edtica voltada a pessoa com defici\u00eancia, transtornos globais do desenvolvimento e altas habilidades ou superdota\u00e7\u00e3o.<\/span><\/span><\/span><\/p>\n<p align=\"justify\"><span style=\"font-family: Arial, sans-serif\"><span style=\"font-size: medium\"><b>Objetivos <\/b><\/span><\/span><\/p>\n<ul>\n<li>\n<p align=\"justify\"><span style=\"font-family: Arial, sans-serif\"><span style=\"font-size: medium\"><span style=\"color: #000000\">Orientar, apoiar e implementar pol\u00edticas e a\u00e7\u00f5es que assegurem a acessibilidade;<\/span><\/span><\/span><\/p>\n<\/li>\n<li>\n<p align=\"justify\"><span style=\"color: #000000\"><span style=\"font-family: Arial, sans-serif\"><span style=\"font-size: medium\">Auxiliar no acesso, na perman\u00eancia e no desempenho dos acad\u00eamicos com necessidades educativas especiais;<\/span><\/span><\/span><\/p>\n<\/li>\n<li>\n<p align=\"justify\"><span style=\"color: #000000\"><span style=\"font-family: Arial, sans-serif\"><span style=\"font-size: medium\">Coordenar a execu\u00e7\u00e3o das atividades de apoio e suporte a comunidades acad\u00eamica da Universidade Estadual de Ponta Grossa (UEPG) quanto as necessidades especiais, de forma a garantir a inclus\u00e3o em todos os espa\u00e7os da Institui\u00e7\u00e3o;<\/span><\/span><\/span><\/p>\n<\/li>\n<li>\n<p align=\"justify\"><span style=\"color: #000000\"><span style=\"font-family: Arial, sans-serif\"><span style=\"font-size: medium\">Incluir a Pessoa com Necessidades Educativa Especial na comunidade universit\u00e1ria para a aquisi\u00e7\u00e3o de habilidades profissionais e ocupacionais, respeitando suas condi\u00e7\u00f5es e preservando seus direitos de cidad\u00e3o;<\/span><\/span><\/span><\/p>\n<\/li>\n<li>\n<p align=\"justify\"><span style=\"color: #000000\"><span style=\"font-family: Arial, sans-serif\"><span style=\"font-size: medium\">Contribuir para com a comunidade social, utilizando meios ou recursos especiais para que a pessoa possa receber ou transmitir informa\u00e7\u00f5es necess\u00e1rias ao seu bem-estar pessoal e ao desempenho de fun\u00e7\u00e3o ou atividade a ser exercida, preparando-a como elemento \u00fatil ao seu desenvolvimento.<\/span><\/span><\/span><\/p>\n<\/li>\n<\/ul>\n<\/div>\n<h3 style=\"text-align: center\"><\/h3>\n<p>&nbsp;<\/p>\n<h2 style=\"text-align: center\">ATENDIMENTO T\u00c9CNICO EDUCACIONAL<\/h2>\n<div id=\"atendimento-especial-vestibular\" style=\"text-align: center\"><\/div>\n<div>\n<p class=\"western\" align=\"justify\">O Atendimento T\u00e9cnico Educacional caracteriza-se pela promo\u00e7\u00e3o educacional, social e cultural da comunidade discente, assim como o aprimoramento da pol\u00edtica assistencial estudantil. Tal pr\u00e1tica se justifica a medida que inclui e acompanha os movimentos estudantis no \u00e2mbito da Universidade Estadual de Ponta Grossa.<\/p>\n<p class=\"western\" align=\"justify\">Nessa perspectiva as atividades fundamentam-se na melhoria das condi\u00e7\u00f5es de conviv\u00eancia, al\u00e9m do apoio ao processo de ensino, elabora\u00e7\u00e3o de normas, orienta\u00e7\u00e3o aos representantes discentes, e intera\u00e7\u00e3o com segmentos e entidades da comunidade universit\u00e1ria interna e externa.<\/p>\n<p class=\"western\" align=\"justify\">Nas atividades desenvolvidas encontra-se a coordena\u00e7\u00e3o da Comiss\u00e3o Permanente de Apoio aos Acad\u00eamicos com Necessidades Educacionais Especiais (CAD), acompanhamento e suporte a Casa do Estudante, e os seguintes projetos:<\/p>\n<ul>\n<li>\n<p class=\"western\" align=\"justify\">Rodas de Conversas e Levantamento de demandas;<\/p>\n<\/li>\n<li>\n<p class=\"western\" align=\"justify\">Ciclo de Apoio Acad\u00eamico aos Estudantes Ind\u00edgenas.<\/p>\n<\/li>\n<\/ul>\n<\/div>\n<h3 style=\"text-align: center\"><\/h3>\n<h2 style=\"text-align: center\">ATENDIMENTO ESPECIAL PARA VESTIBULAR<\/h2>\n<p align=\"justify\"><span style=\"font-family: Arial, sans-serif\"><span style=\"font-size: medium\"><span style=\"color: #000000\">O Atendimento Especial nos Vestibulares de Ver\u00e3o, Inverno e Processo Seletivo Seriado (PSS) \u00e9 prestado aos vestibulandos que apresentam alguma necessidade especial (defici\u00eancia visual, auditiva, motora, mental, dentre outra), e que <\/span><span style=\"color: #000000\">necessitam <\/span><span style=\"color: #000000\">de aux<\/span><span style=\"color: #000000\">\u00ed<\/span><span style=\"color: #000000\">lio especializado<\/span><\/span><\/span><span style=\"font-family: Arial, sans-serif\"><span style=\"font-size: medium\"><span style=\"color: #000000\">\u00a0(professor para ler e transcrever a prova, prova ampliada, cadeira ou mesa diferenciada, aumento de 50% do tempo de prova, sala individualizada, sorob\u00e3, m\u00e1quina braile entre outros) para que possam realizar a prova.<\/span><\/span><\/span><\/p>\n<ul>\n<li>\n<p align=\"justify\"><strong><span style=\"font-family: Arial, sans-serif\"><span style=\"font-size: medium\"><span style=\"color: #000000\"><u>Crit\u00e9rio:<\/u><\/span><\/span><\/span><\/strong><\/p>\n<\/li>\n<\/ul>\n<ul>\n<li>\n<p align=\"justify\"><span style=\"color: #000000\"><span style=\"font-family: Arial, sans-serif\"><span style=\"font-size: medium\">Apresentar Laudo M\u00e9dico com C\u00f3digo Internacional de Doen\u00e7as &#8211; CID<\/span><\/span><\/span><\/p>\n<\/li>\n<\/ul>\n<p>&nbsp;<\/p>\n<ul>\n<li>\n<p align=\"justify\"><strong><span style=\"font-family: Arial, sans-serif\"><span style=\"font-size: medium\"><u><span style=\"color: #000000\">Procedimento:<\/span><\/u><\/span><\/span><\/strong><\/p>\n<\/li>\n<\/ul>\n<ul>\n<li>\n<p align=\"justify\"><span style=\"font-family: Arial, sans-serif\"><span style=\"font-size: medium\"><span style=\"color: #000000\">Protocolar seu pedido para atendimento especial no <\/span><span style=\"color: #000000\">Sistema Eletr\u00f4nico de Informa\u00e7\u00e3o (<\/span><span style=\"color: #000000\">SEI<\/span><span style=\"color: #000000\">) da Universidade Estadual de Ponta Grossa (UEPG)<\/span><span style=\"color: #000000\">, anexando laudo m\u00e9dico e fi<\/span><span style=\"color: #000000\">cha<\/span><span style=\"color: #000000\"> de inscri\u00e7\u00e3o.<\/span><\/span><\/span><\/p>\n<\/li>\n<\/ul>\n","protected":false},"excerpt":{"rendered":"<p>ATENDIMENTO SOCIAL Regulamentado pela Resolu\u00e7\u00e3o Univ n\u00ba 33 de dezembro de 2018 O Atendimento Social tem como objetivo a inser\u00e7\u00e3o, perman\u00eancia e a conclus\u00e3o do acad\u00eamico no Ensino Superior em conson\u00e2ncia com que preconiza a Pr\u00f3-Reitoria de Assuntos Estudantis (PRAE) da Universidade Estadual de Ponta Grossa (UEPG) articulado as compet\u00eancias do Servi\u00e7o Social: Analisar as&nbsp;&hellip;<\/p>\n","protected":false},"author":24,"featured_media":0,"parent":0,"menu_order":0,"comment_status":"closed","ping_status":"closed","template":"page-templates\/page-with-right-sidebar.php","meta":[],"_links":{"self":[{"href":"https:\/\/www2.uepg.br\/prae\/wp-json\/wp\/v2\/pages\/230"}],"collection":[{"href":"https:\/\/www2.uepg.br\/prae\/wp-json\/wp\/v2\/pages"}],"about":[{"href":"https:\/\/www2.uepg.br\/prae\/wp-json\/wp\/v2\/types\/page"}],"author":[{"embeddable":true,"href":"https:\/\/www2.uepg.br\/prae\/wp-json\/wp\/v2\/users\/24"}],"replies":[{"embeddable":true,"href":"https:\/\/www2.uepg.br\/prae\/wp-json\/wp\/v2\/comments?post=230"}],"version-history":[{"count":25,"href":"https:\/\/www2.uepg.br\/prae\/wp-json\/wp\/v2\/pages\/230\/revisions"}],"predecessor-version":[{"id":749,"href":"https:\/\/www2.uepg.br\/prae\/wp-json\/wp\/v2\/pages\/230\/revisions\/749"}],"wp:attachment":[{"href":"https:\/\/www2.uepg.br\/prae\/wp-json\/wp\/v2\/media?parent=230"}],"curies":[{"name":"wp","href":"https:\/\/api.w.org\/{rel}","templated":true}]}}