{"id":37,"date":"2019-05-15T13:31:36","date_gmt":"2019-05-15T16:31:36","guid":{"rendered":"http:\/\/www2.uepg.br\/prae\/?page_id=37"},"modified":"2019-06-10T10:34:21","modified_gmt":"2019-06-10T13:34:21","slug":"acoes-afirmativas-e-diversidade","status":"publish","type":"page","link":"https:\/\/www2.uepg.br\/prae\/acoes-afirmativas-e-diversidade\/","title":{"rendered":"A\u00e7\u00f5es Afirmativas e Diversidade"},"content":{"rendered":"<div id=\"acoes-afirmativas-e-diversidade-objetivos-e-competencias\"><\/div>\n<h3 style=\"text-align: center\"><strong>OBJETIVOS E COMPET\u00caNCIAS<\/strong><\/h3>\n<p style=\"text-align: center\">Acolhimento das diferen\u00e7as sociais, raciais, \u00e9tnicas, g\u00eanero e sexualidade, religiosas, defici\u00eancias, transtornos globais do desenvolvimento, transtornos funcionais espec\u00edficos e altas habilidades, entre outros<\/p>\n<h3 style=\"text-align: center\"><strong>EIXOS DE ATUA\u00c7\u00c3O<\/strong><\/h3>\n<p style=\"text-align: center\">Eixo da preven\u00e7\u00e3o: campanhas, eventos cient\u00edficos e culturais, assim como, oficinas de preven\u00e7\u00e3o e palestras educativas<\/p>\n<p style=\"text-align: center\">Eixo da promo\u00e7\u00e3o: Atendimento social, pedag\u00f3gico e t\u00e9cnico educacional especializado e tempor\u00e1rio. Rodas de conversas, media\u00e7\u00f5es de conflitos e c\u00edrculos restaurativos<\/p>\n<p style=\"text-align: center\">Eixo da prote\u00e7\u00e3o: Atendimento socio-pedag\u00f3gico individualizado e em grupo. Grupos operativos voltados \u00e0 diversas tem\u00e1ticas, assim como encaminhamentos para rede de atendimento interna e externa Conselho Tutelar e\/ou Minist\u00e9rio P\u00fablico.<\/p>\n<p style=\"text-align: center\">Eixo da transpar\u00eancia e controle: Relat\u00f3rios mensais das a\u00e7\u00f5es desenvolvidas. Divulga\u00e7\u00e3o dos relat\u00f3rios no site da Pr\u00f3-Reitoria de Assuntos Estudantis &#8211; PRAE, m\u00eddias local, regional e estadual. Abertura de comunica\u00e7\u00e3o com o movimentos estudantil da UEPG<\/p>\n<h3 style=\"text-align: center\"><strong>A\u00c7\u00d5ES<\/strong><\/h3>\n<p style=\"text-align: center\">Propor e executar projetos que atendam a comunidade acad\u00eamica contemplando o respeito e acolhimento \u00e0s diferen\u00e7as sociais, raciais, \u00e9tnicas, g\u00eanero e sexualidade, religiosas, defici\u00eancias, transtornos globais do desenvolvimento, transtornos funcionais espec\u00edficos e altas habilidades, entre outros.<\/p>\n","protected":false},"excerpt":{"rendered":"<p>OBJETIVOS E COMPET\u00caNCIAS Acolhimento das diferen\u00e7as sociais, raciais, \u00e9tnicas, g\u00eanero e sexualidade, religiosas, defici\u00eancias, transtornos globais do desenvolvimento, transtornos funcionais espec\u00edficos e altas habilidades, entre outros EIXOS DE ATUA\u00c7\u00c3O Eixo da preven\u00e7\u00e3o: campanhas, eventos cient\u00edficos e culturais, assim como, oficinas de preven\u00e7\u00e3o e palestras educativas Eixo da promo\u00e7\u00e3o: Atendimento social, pedag\u00f3gico e t\u00e9cnico educacional especializado&nbsp;&hellip;<\/p>\n","protected":false},"author":24,"featured_media":371,"parent":0,"menu_order":0,"comment_status":"closed","ping_status":"closed","template":"page-templates\/page-with-right-sidebar.php","meta":[],"_links":{"self":[{"href":"https:\/\/www2.uepg.br\/prae\/wp-json\/wp\/v2\/pages\/37"}],"collection":[{"href":"https:\/\/www2.uepg.br\/prae\/wp-json\/wp\/v2\/pages"}],"about":[{"href":"https:\/\/www2.uepg.br\/prae\/wp-json\/wp\/v2\/types\/page"}],"author":[{"embeddable":true,"href":"https:\/\/www2.uepg.br\/prae\/wp-json\/wp\/v2\/users\/24"}],"replies":[{"embeddable":true,"href":"https:\/\/www2.uepg.br\/prae\/wp-json\/wp\/v2\/comments?post=37"}],"version-history":[{"count":16,"href":"https:\/\/www2.uepg.br\/prae\/wp-json\/wp\/v2\/pages\/37\/revisions"}],"predecessor-version":[{"id":480,"href":"https:\/\/www2.uepg.br\/prae\/wp-json\/wp\/v2\/pages\/37\/revisions\/480"}],"wp:featuredmedia":[{"embeddable":true,"href":"https:\/\/www2.uepg.br\/prae\/wp-json\/wp\/v2\/media\/371"}],"wp:attachment":[{"href":"https:\/\/www2.uepg.br\/prae\/wp-json\/wp\/v2\/media?parent=37"}],"curies":[{"name":"wp","href":"https:\/\/api.w.org\/{rel}","templated":true}]}}