{"id":441,"date":"2019-05-22T09:59:20","date_gmt":"2019-05-22T12:59:20","guid":{"rendered":"http:\/\/www2.uepg.br\/prae\/?page_id=441"},"modified":"2021-10-04T11:23:47","modified_gmt":"2021-10-04T14:23:47","slug":"links-uteis","status":"publish","type":"page","link":"https:\/\/www2.uepg.br\/prae\/links-uteis\/","title":{"rendered":"Links \u00dateis"},"content":{"rendered":"<ul>\n<li><a href=\"https:\/\/portal.uepg.br\/\" target=\"_blank\" rel=\"noopener noreferrer\">Portal UEPG<\/a><\/li>\n<li><a href=\"https:\/\/sei.uepg.br\/\">SEI Protocolo Digital UEPG<\/a><\/li>\n<li><a href=\"http:\/\/pitangui.uepg.br\/segurancaUEPG\/Seguranca.png\" target=\"_blank\" rel=\"noopener noreferrer\">UEPG Mais Segura<\/a><\/li>\n<li><a href=\"http:\/\/www2.uepg.br\/prae\/wp-content\/uploads\/sites\/18\/2021\/10\/dados_consultas_disciplinas_praticas.pdf\">Relat\u00f3rio Final consulta sobre as aulas presenciais em disciplinas com grades curriculares que demandam aulas pr\u00e1ticas<\/a><\/li>\n<li><a href=\"http:\/\/www2.uepg.br\/prae\/wp-content\/uploads\/sites\/18\/2020\/11\/RELATORIO-FINAL-PESQUISA-PERFIL-EAD-PARA-O-COU-1.pdf\">Relat\u00f3rio Final Pesquisa do Perfil dos\/as Estudantes da UEPG acerca da Educa\u00e7\u00e3o a Dist\u00e2ncia <\/a><\/li>\n<\/ul>\n","protected":false},"excerpt":{"rendered":"<p>Portal UEPG SEI Protocolo Digital UEPG UEPG Mais Segura Relat\u00f3rio Final consulta sobre as aulas presenciais em disciplinas com grades curriculares que demandam aulas pr\u00e1ticas Relat\u00f3rio Final Pesquisa do Perfil dos\/as Estudantes da UEPG acerca da Educa\u00e7\u00e3o a Dist\u00e2ncia<\/p>\n","protected":false},"author":24,"featured_media":0,"parent":0,"menu_order":0,"comment_status":"closed","ping_status":"closed","template":"page-templates\/page-with-right-sidebar.php","meta":[],"_links":{"self":[{"href":"https:\/\/www2.uepg.br\/prae\/wp-json\/wp\/v2\/pages\/441"}],"collection":[{"href":"https:\/\/www2.uepg.br\/prae\/wp-json\/wp\/v2\/pages"}],"about":[{"href":"https:\/\/www2.uepg.br\/prae\/wp-json\/wp\/v2\/types\/page"}],"author":[{"embeddable":true,"href":"https:\/\/www2.uepg.br\/prae\/wp-json\/wp\/v2\/users\/24"}],"replies":[{"embeddable":true,"href":"https:\/\/www2.uepg.br\/prae\/wp-json\/wp\/v2\/comments?post=441"}],"version-history":[{"count":7,"href":"https:\/\/www2.uepg.br\/prae\/wp-json\/wp\/v2\/pages\/441\/revisions"}],"predecessor-version":[{"id":1777,"href":"https:\/\/www2.uepg.br\/prae\/wp-json\/wp\/v2\/pages\/441\/revisions\/1777"}],"wp:attachment":[{"href":"https:\/\/www2.uepg.br\/prae\/wp-json\/wp\/v2\/media?parent=441"}],"curies":[{"name":"wp","href":"https:\/\/api.w.org\/{rel}","templated":true}]}}