{"id":926,"date":"2020-03-06T14:47:57","date_gmt":"2020-03-06T17:47:57","guid":{"rendered":"http:\/\/www2.uepg.br\/prae\/?page_id=926"},"modified":"2023-07-20T09:03:31","modified_gmt":"2023-07-20T12:03:31","slug":"eventos-e-campanhas","status":"publish","type":"page","link":"https:\/\/www2.uepg.br\/prae\/eventos-e-campanhas\/","title":{"rendered":"Eventos e Campanhas"},"content":{"rendered":"<div id=\"pl-926\"  class=\"panel-layout\" ><div id=\"pg-926-0\"  class=\"panel-grid panel-no-style\" ><div id=\"pgc-926-0-0\"  class=\"panel-grid-cell\" ><div id=\"panel-926-0-0-0\" class=\"so-panel widget widget_sow-accordion panel-first-child panel-last-child\" data-index=\"0\" ><div class=\"panel-widget-style panel-widget-style-for-926-0-0-0\" ><div\n\t\t\t\n\t\t\tclass=\"so-widget-sow-accordion so-widget-sow-accordion-default-cb315fb9f873-926\"\n\t\t\t\n\t\t><div>\n\t<div class=\"sow-accordion\">\n\t\t\t<div class=\"sow-accordion-panel\"\n\t\t\t data-anchor=\"painel-ass%c3%a9dios-plurais\">\n\t\t\t\t<div class=\"sow-accordion-panel-header-container\" role=\"heading\" aria-level=\"2\">\n\t\t\t\t\t<div class=\"sow-accordion-panel-header\" tabindex=\"0\" role=\"button\" id=\"accordion-label-painel-ass%c3%a9dios-plurais\" aria-controls=\"accordion-content-painel-ass%c3%a9dios-plurais\" aria-expanded=\"false\">\n\t\t\t\t\t\t<div class=\"sow-accordion-title sow-accordion-title-icon-left\">\n\t\t\t\t\t\t\t\t\t\t\t\t\t\tPainel: Ass\u00e9dios Plurais\t\t\t\t\t\t\t\t\t\t\t\t\t<\/div>\n\t\t\t\t\t\t<div class=\"sow-accordion-open-close-button\">\n\t\t\t\t\t\t\t<div class=\"sow-accordion-open-button\">\n\t\t\t\t\t\t\t\t<span class=\"sow-icon-ionicons\" data-sow-icon=\"&#xf218;\"\n\t\t \n\t\taria-hidden=\"true\"><\/span>\t\t\t\t\t\t\t<\/div>\n\t\t\t\t\t\t\t<div class=\"sow-accordion-close-button\">\n\t\t\t\t\t\t\t\t<span class=\"sow-icon-ionicons\" data-sow-icon=\"&#xf209;\"\n\t\t \n\t\taria-hidden=\"true\"><\/span>\t\t\t\t\t\t\t<\/div>\n\t\t\t\t\t\t<\/div>\n\t\t\t\t\t<\/div>\n\t\t\t\t<\/div>\n\n\t\t\t<div\n\t\t\t\tclass=\"sow-accordion-panel-content\"\n\t\t\t\trole=\"region\"\n\t\t\t\taria-labelledby=\"accordion-label-painel-ass%c3%a9dios-plurais\"\n\t\t\t\tid=\"accordion-content-painel-ass%c3%a9dios-plurais\"\n\t\t\t\tstyle=\"display: none;\"\t\t\t>\n\t\t\t\t<div class=\"sow-accordion-panel-border\" tabindex=\"0\">\n\t\t\t\t\t<p><strong>V\u00eddeo:<\/strong>\u00a0<a href=\"https:\/\/www.youtube.com\/watch?v=rgIgDXiYCDw&amp;ab_channel=UEPG-Nutead\">ASS\u00c9DIOS PLURAIS - Enfrentamento na UEPG<\/a><\/p>\n<div dir=\"auto\"><\/div>\n<div dir=\"auto\"><\/div>\n<div dir=\"auto\"><strong>ASS\u00c9DIO NA INSTITUI\u00c7\u00c3O DE ENSINO SUPERIOR<\/strong><\/div>\n<div dir=\"auto\"><\/div>\n<div dir=\"auto\"><\/div>\n<div dir=\"auto\">A PRAE desenvolveu, em parceria com o Curso de Zootecnia, um painel sobre Ass\u00e9dio Moral e Sexual na IES. O painel foi conduzido pela Pr\u00f3_Reitora de Assuntos Estudantis Prof\u00aa Dr\u00aa Ione da Silva Jovino, pela Psic\u00f3loga Bruna Regina Catapan, pela Coordenadora de Programas e Projetos, Silmara Carneiro e Silva e pela Diretora de A\u00e7\u00f5es Afirmativas e Diversidade. Foi uma manh\u00e3 de muita informa\u00e7\u00e3o e reflex\u00f5es acerca do enfrentamento dos Ass\u00e9dios na IES.<\/div>\n\t\t\t\t<\/div>\n\t\t\t<\/div>\n\t\t<\/div>\n\t\t\t<div class=\"sow-accordion-panel\"\n\t\t\t data-anchor=\"painel-o-autismo-no-ambiente-universit%c3%a1rio\">\n\t\t\t\t<div class=\"sow-accordion-panel-header-container\" role=\"heading\" aria-level=\"2\">\n\t\t\t\t\t<div class=\"sow-accordion-panel-header\" tabindex=\"0\" role=\"button\" id=\"accordion-label-painel-o-autismo-no-ambiente-universit%c3%a1rio\" aria-controls=\"accordion-content-painel-o-autismo-no-ambiente-universit%c3%a1rio\" aria-expanded=\"false\">\n\t\t\t\t\t\t<div class=\"sow-accordion-title sow-accordion-title-icon-left\">\n\t\t\t\t\t\t\t\t\t\t\t\t\t\tPainel: O autismo no ambiente universit\u00e1rio\t\t\t\t\t\t\t\t\t\t\t\t\t<\/div>\n\t\t\t\t\t\t<div class=\"sow-accordion-open-close-button\">\n\t\t\t\t\t\t\t<div class=\"sow-accordion-open-button\">\n\t\t\t\t\t\t\t\t<span class=\"sow-icon-ionicons\" data-sow-icon=\"&#xf218;\"\n\t\t \n\t\taria-hidden=\"true\"><\/span>\t\t\t\t\t\t\t<\/div>\n\t\t\t\t\t\t\t<div class=\"sow-accordion-close-button\">\n\t\t\t\t\t\t\t\t<span class=\"sow-icon-ionicons\" data-sow-icon=\"&#xf209;\"\n\t\t \n\t\taria-hidden=\"true\"><\/span>\t\t\t\t\t\t\t<\/div>\n\t\t\t\t\t\t<\/div>\n\t\t\t\t\t<\/div>\n\t\t\t\t<\/div>\n\n\t\t\t<div\n\t\t\t\tclass=\"sow-accordion-panel-content\"\n\t\t\t\trole=\"region\"\n\t\t\t\taria-labelledby=\"accordion-label-painel-o-autismo-no-ambiente-universit%c3%a1rio\"\n\t\t\t\tid=\"accordion-content-painel-o-autismo-no-ambiente-universit%c3%a1rio\"\n\t\t\t\tstyle=\"display: none;\"\t\t\t>\n\t\t\t\t<div class=\"sow-accordion-panel-border\" tabindex=\"0\">\n\t\t\t\t\t<p>Relat\u00f3rio evento O Autismo na Universidade: demandas psicossociais e jur\u00eddicas. <strong>Acesse aqui:<\/strong> <a href=\"http:\/\/www2.uepg.br\/prae\/wp-content\/uploads\/sites\/18\/2020\/12\/ELEMENTOS-TEXTUAIS-DO-EVENTO-AUTISMO.pdf\">ELEMENTOS TEXTUAIS DO EVENTO AUTISMO<\/a>.<\/p>\n<p>&nbsp;<\/p>\n<div dir=\"auto\"><strong>IV PAINEL SOBRE AUTISMO \u201cNADA SOBRE N\u00d3S SEM N\u00d3S\u201d<\/strong><\/div>\n<div dir=\"auto\"><\/div>\n<div dir=\"auto\">A PRAE DAAD promoveu na \u00faltima sexta-feira, em conjunto com o SEXATAS, o IV painel sobre pessoas com TEA (Transtorno de Espectro Autista).\u00a0 Evento\u00a0 organizado e conduzido por pessoas com TEA. Os objetivos foram desmistificar estere\u00f3tipos, conhecer algumas viv\u00eancias e construir conhecimentos. Mais um evento visando o enfrentamento e a preven\u00e7\u00e3o do preconceito e discrimina\u00e7\u00e3o por meio do conhecimento qualificado. <a href=\"https:\/\/www.youtube.com\/watch?v=MRCIHKniU0E\">Link para acessar o evento na \u00edntegra<\/a>.<\/div>\n<div dir=\"auto\"><\/div>\n<div dir=\"auto\"><\/div>\n<div dir=\"auto\"><\/div>\n\t\t\t\t<\/div>\n\t\t\t<\/div>\n\t\t<\/div>\n\t\t\t<div class=\"sow-accordion-panel\"\n\t\t\t data-anchor=\"campanha-prae-pela-inclus%c3%a3o\">\n\t\t\t\t<div class=\"sow-accordion-panel-header-container\" role=\"heading\" aria-level=\"2\">\n\t\t\t\t\t<div class=\"sow-accordion-panel-header\" tabindex=\"0\" role=\"button\" id=\"accordion-label-campanha-prae-pela-inclus%c3%a3o\" aria-controls=\"accordion-content-campanha-prae-pela-inclus%c3%a3o\" aria-expanded=\"false\">\n\t\t\t\t\t\t<div class=\"sow-accordion-title sow-accordion-title-icon-left\">\n\t\t\t\t\t\t\t\t\t\t\t\t\t\tCampanha PRAE pela Inclus\u00e3o\t\t\t\t\t\t\t\t\t\t\t\t\t<\/div>\n\t\t\t\t\t\t<div class=\"sow-accordion-open-close-button\">\n\t\t\t\t\t\t\t<div class=\"sow-accordion-open-button\">\n\t\t\t\t\t\t\t\t<span class=\"sow-icon-ionicons\" data-sow-icon=\"&#xf218;\"\n\t\t \n\t\taria-hidden=\"true\"><\/span>\t\t\t\t\t\t\t<\/div>\n\t\t\t\t\t\t\t<div class=\"sow-accordion-close-button\">\n\t\t\t\t\t\t\t\t<span class=\"sow-icon-ionicons\" data-sow-icon=\"&#xf209;\"\n\t\t \n\t\taria-hidden=\"true\"><\/span>\t\t\t\t\t\t\t<\/div>\n\t\t\t\t\t\t<\/div>\n\t\t\t\t\t<\/div>\n\t\t\t\t<\/div>\n\n\t\t\t<div\n\t\t\t\tclass=\"sow-accordion-panel-content\"\n\t\t\t\trole=\"region\"\n\t\t\t\taria-labelledby=\"accordion-label-campanha-prae-pela-inclus%c3%a3o\"\n\t\t\t\tid=\"accordion-content-campanha-prae-pela-inclus%c3%a3o\"\n\t\t\t\tstyle=\"display: none;\"\t\t\t>\n\t\t\t\t<div class=\"sow-accordion-panel-border\" tabindex=\"0\">\n\t\t\t\t\t<p>\n\t\t<style type=\"text\/css\">\n\t\t\t#gallery-1 {\n\t\t\t\tmargin: auto;\n\t\t\t}\n\t\t\t#gallery-1 .gallery-item {\n\t\t\t\tfloat: left;\n\t\t\t\tmargin-top: 10px;\n\t\t\t\ttext-align: center;\n\t\t\t\twidth: 20%;\n\t\t\t}\n\t\t\t#gallery-1 img {\n\t\t\t\tborder: 2px solid #cfcfcf;\n\t\t\t}\n\t\t\t#gallery-1 .gallery-caption {\n\t\t\t\tmargin-left: 0;\n\t\t\t}\n\t\t\t\/* see gallery_shortcode() in wp-includes\/media.php *\/\n\t\t<\/style>\n\t\t<div id='gallery-1' class='gallery galleryid-926 gallery-columns-5 gallery-size-medium'><dl class='gallery-item'>\n\t\t\t<dt class='gallery-icon portrait'>\n\t\t\t\t<a href='https:\/\/www2.uepg.br\/prae\/wp-content\/uploads\/sites\/18\/2020\/12\/WhatsApp-Image-2020-11-26-at-10.17.23-1.jpeg'><img width=\"300\" height=\"300\" src=\"https:\/\/www2.uepg.br\/prae\/wp-content\/uploads\/sites\/18\/2020\/12\/WhatsApp-Image-2020-11-26-at-10.17.23-1-300x300.jpeg\" class=\"attachment-medium size-medium\" alt=\"CAD - Comiss\u00e3o Permanente de Apoio aos Acad\u00eamicos com Necessidades Especiais - Saiba mais acessando: https:\/\/www2.uepg.br\/\/prae\/wp-content\/uploads\/sites\/18\/2020\/11\/6_Regulamento-Interno-da-Comissao-Permanente-de-Apoio-aos-Estudantes-com-Necessidades-Especiais.pdf\" loading=\"lazy\" aria-describedby=\"gallery-1-1402\" srcset=\"https:\/\/www2.uepg.br\/prae\/wp-content\/uploads\/sites\/18\/2020\/12\/WhatsApp-Image-2020-11-26-at-10.17.23-1-300x300.jpeg 300w, https:\/\/www2.uepg.br\/prae\/wp-content\/uploads\/sites\/18\/2020\/12\/WhatsApp-Image-2020-11-26-at-10.17.23-1-1024x1024.jpeg 1024w, https:\/\/www2.uepg.br\/prae\/wp-content\/uploads\/sites\/18\/2020\/12\/WhatsApp-Image-2020-11-26-at-10.17.23-1-150x150.jpeg 150w, https:\/\/www2.uepg.br\/prae\/wp-content\/uploads\/sites\/18\/2020\/12\/WhatsApp-Image-2020-11-26-at-10.17.23-1-768x769.jpeg 768w, https:\/\/www2.uepg.br\/prae\/wp-content\/uploads\/sites\/18\/2020\/12\/WhatsApp-Image-2020-11-26-at-10.17.23-1-1232x1233.jpeg 1232w, https:\/\/www2.uepg.br\/prae\/wp-content\/uploads\/sites\/18\/2020\/12\/WhatsApp-Image-2020-11-26-at-10.17.23-1-1079x1080.jpeg 1079w, https:\/\/www2.uepg.br\/prae\/wp-content\/uploads\/sites\/18\/2020\/12\/WhatsApp-Image-2020-11-26-at-10.17.23-1.jpeg 1279w\" sizes=\"(max-width: 300px) 100vw, 300px\" \/><\/a>\n\t\t\t<\/dt>\n\t\t\t\t<dd class='wp-caption-text gallery-caption' id='gallery-1-1402'>\n\t\t\t\tA CAD \u00e9 uma comiss\u00e3o da UEPG voltada \u00e0 pessoa com defici\u00eancia, transtornos globais do desenvolvimento e altas habilidades ou superdota\u00e7\u00e3o. \n\t\t\t\t<\/dd><\/dl><dl class='gallery-item'>\n\t\t\t<dt class='gallery-icon portrait'>\n\t\t\t\t<a href='https:\/\/www2.uepg.br\/prae\/wp-content\/uploads\/sites\/18\/2020\/12\/WhatsApp-Image-2020-11-26-at-10.17.24.jpeg'><img width=\"300\" height=\"300\" src=\"https:\/\/www2.uepg.br\/prae\/wp-content\/uploads\/sites\/18\/2020\/12\/WhatsApp-Image-2020-11-26-at-10.17.24-300x300.jpeg\" class=\"attachment-medium size-medium\" alt=\"PROTUDI - Programa de Tutoria Discente - Saiba mais acessando: https:\/\/www2.uepg.br\/\/prae\/wp-content\/uploads\/sites\/18\/2020\/11\/7_REGULAMENTO-DO-PROGRAMA-DE-TUTORIA-DISCENTE-DA-UEPG.pdf\" loading=\"lazy\" aria-describedby=\"gallery-1-1406\" srcset=\"https:\/\/www2.uepg.br\/prae\/wp-content\/uploads\/sites\/18\/2020\/12\/WhatsApp-Image-2020-11-26-at-10.17.24-300x300.jpeg 300w, https:\/\/www2.uepg.br\/prae\/wp-content\/uploads\/sites\/18\/2020\/12\/WhatsApp-Image-2020-11-26-at-10.17.24-1024x1024.jpeg 1024w, https:\/\/www2.uepg.br\/prae\/wp-content\/uploads\/sites\/18\/2020\/12\/WhatsApp-Image-2020-11-26-at-10.17.24-150x150.jpeg 150w, https:\/\/www2.uepg.br\/prae\/wp-content\/uploads\/sites\/18\/2020\/12\/WhatsApp-Image-2020-11-26-at-10.17.24-768x769.jpeg 768w, https:\/\/www2.uepg.br\/prae\/wp-content\/uploads\/sites\/18\/2020\/12\/WhatsApp-Image-2020-11-26-at-10.17.24-1232x1233.jpeg 1232w, https:\/\/www2.uepg.br\/prae\/wp-content\/uploads\/sites\/18\/2020\/12\/WhatsApp-Image-2020-11-26-at-10.17.24-1079x1080.jpeg 1079w, https:\/\/www2.uepg.br\/prae\/wp-content\/uploads\/sites\/18\/2020\/12\/WhatsApp-Image-2020-11-26-at-10.17.24.jpeg 1279w\" sizes=\"(max-width: 300px) 100vw, 300px\" \/><\/a>\n\t\t\t<\/dt>\n\t\t\t\t<dd class='wp-caption-text gallery-caption' id='gallery-1-1406'>\n\t\t\t\tO Programa de Tutoria Discente da UEPG tem o objetivo de beneficiar os acad\u00eamicos ind\u00edgenas, intercambistas e estudantes que apresentem alguma necessidade educativa especial, atrav\u00e9s da escolha de um tutor.\n\t\t\t\t<\/dd><\/dl><dl class='gallery-item'>\n\t\t\t<dt class='gallery-icon portrait'>\n\t\t\t\t<a href='https:\/\/www2.uepg.br\/prae\/wp-content\/uploads\/sites\/18\/2020\/12\/WhatsApp-Image-2020-11-26-at-10.17.24-2.jpeg'><img width=\"300\" height=\"300\" src=\"https:\/\/www2.uepg.br\/prae\/wp-content\/uploads\/sites\/18\/2020\/12\/WhatsApp-Image-2020-11-26-at-10.17.24-2-300x300.jpeg\" class=\"attachment-medium size-medium\" alt=\"Presenciei uma situa\u00e7\u00e3o de discrimina\u00e7\u00e3o \u00e0 pessoa com necessidades especiais, o que fa\u00e7o? - Saiba mais acessando: https:\/\/pitangui.uepg.br\/ouvidoria\" loading=\"lazy\" aria-describedby=\"gallery-1-1405\" srcset=\"https:\/\/www2.uepg.br\/prae\/wp-content\/uploads\/sites\/18\/2020\/12\/WhatsApp-Image-2020-11-26-at-10.17.24-2-300x300.jpeg 300w, https:\/\/www2.uepg.br\/prae\/wp-content\/uploads\/sites\/18\/2020\/12\/WhatsApp-Image-2020-11-26-at-10.17.24-2-1024x1024.jpeg 1024w, https:\/\/www2.uepg.br\/prae\/wp-content\/uploads\/sites\/18\/2020\/12\/WhatsApp-Image-2020-11-26-at-10.17.24-2-150x150.jpeg 150w, https:\/\/www2.uepg.br\/prae\/wp-content\/uploads\/sites\/18\/2020\/12\/WhatsApp-Image-2020-11-26-at-10.17.24-2-768x769.jpeg 768w, https:\/\/www2.uepg.br\/prae\/wp-content\/uploads\/sites\/18\/2020\/12\/WhatsApp-Image-2020-11-26-at-10.17.24-2-1232x1233.jpeg 1232w, https:\/\/www2.uepg.br\/prae\/wp-content\/uploads\/sites\/18\/2020\/12\/WhatsApp-Image-2020-11-26-at-10.17.24-2-1079x1080.jpeg 1079w, https:\/\/www2.uepg.br\/prae\/wp-content\/uploads\/sites\/18\/2020\/12\/WhatsApp-Image-2020-11-26-at-10.17.24-2.jpeg 1279w\" sizes=\"(max-width: 300px) 100vw, 300px\" \/><\/a>\n\t\t\t<\/dt>\n\t\t\t\t<dd class='wp-caption-text gallery-caption' id='gallery-1-1405'>\n\t\t\t\tEntre em contato com a UEPG atrav\u00e9s da Ouvidoria da Universidade (3220-3184) ou atrav\u00e9s do endere\u00e7o na descri\u00e7\u00e3o da imagem.\n\t\t\t\t<\/dd><\/dl><dl class='gallery-item'>\n\t\t\t<dt class='gallery-icon portrait'>\n\t\t\t\t<a href='https:\/\/www2.uepg.br\/prae\/wp-content\/uploads\/sites\/18\/2020\/12\/WhatsApp-Image-2020-11-26-at-10.17.24-1.jpeg'><img width=\"300\" height=\"300\" src=\"https:\/\/www2.uepg.br\/prae\/wp-content\/uploads\/sites\/18\/2020\/12\/WhatsApp-Image-2020-11-26-at-10.17.24-1-300x300.jpeg\" class=\"attachment-medium size-medium\" alt=\"A PRAE atua pela inclus\u00e3o - Saiba mais acessando: https:\/\/www2.uepg.br\/prae\/acompanhamento-educacional-especializado\/\" loading=\"lazy\" aria-describedby=\"gallery-1-1404\" srcset=\"https:\/\/www2.uepg.br\/prae\/wp-content\/uploads\/sites\/18\/2020\/12\/WhatsApp-Image-2020-11-26-at-10.17.24-1-300x300.jpeg 300w, https:\/\/www2.uepg.br\/prae\/wp-content\/uploads\/sites\/18\/2020\/12\/WhatsApp-Image-2020-11-26-at-10.17.24-1-1024x1024.jpeg 1024w, https:\/\/www2.uepg.br\/prae\/wp-content\/uploads\/sites\/18\/2020\/12\/WhatsApp-Image-2020-11-26-at-10.17.24-1-150x150.jpeg 150w, https:\/\/www2.uepg.br\/prae\/wp-content\/uploads\/sites\/18\/2020\/12\/WhatsApp-Image-2020-11-26-at-10.17.24-1-768x769.jpeg 768w, https:\/\/www2.uepg.br\/prae\/wp-content\/uploads\/sites\/18\/2020\/12\/WhatsApp-Image-2020-11-26-at-10.17.24-1-1232x1233.jpeg 1232w, https:\/\/www2.uepg.br\/prae\/wp-content\/uploads\/sites\/18\/2020\/12\/WhatsApp-Image-2020-11-26-at-10.17.24-1-1079x1080.jpeg 1079w, https:\/\/www2.uepg.br\/prae\/wp-content\/uploads\/sites\/18\/2020\/12\/WhatsApp-Image-2020-11-26-at-10.17.24-1.jpeg 1279w\" sizes=\"(max-width: 300px) 100vw, 300px\" \/><\/a>\n\t\t\t<\/dt>\n\t\t\t\t<dd class='wp-caption-text gallery-caption' id='gallery-1-1404'>\n\t\t\t\tA PRAE atua pela inclus\u00e3o quando desenvolve a\u00e7\u00f5es voltadas ao respeito e ao acolhimento \u00e0s diferen\u00e7as sociais, raciais, \u00e9tnicas, de g\u00eanero\/sexualidade, religiosas, defici\u00eancias, transtornos globais do desenvolvimento, transtornos funcionais espec\u00edficos e altas habilidades ou superdota\u00e7\u00e3o.\n\t\t\t\t<\/dd><\/dl><dl class='gallery-item'>\n\t\t\t<dt class='gallery-icon portrait'>\n\t\t\t\t<a href='https:\/\/www2.uepg.br\/prae\/wp-content\/uploads\/sites\/18\/2020\/12\/WhatsApp-Image-2020-11-26-at-10.17.23.jpeg'><img width=\"300\" height=\"300\" src=\"https:\/\/www2.uepg.br\/prae\/wp-content\/uploads\/sites\/18\/2020\/12\/WhatsApp-Image-2020-11-26-at-10.17.23-300x300.jpeg\" class=\"attachment-medium size-medium\" alt=\"Vestibular - Saiba mais acessando http:\/\/www.planalto.gov.br\/ccivil_03\/_ato2015-2018\/2015\/lei\/l13146.htm\" loading=\"lazy\" aria-describedby=\"gallery-1-1403\" srcset=\"https:\/\/www2.uepg.br\/prae\/wp-content\/uploads\/sites\/18\/2020\/12\/WhatsApp-Image-2020-11-26-at-10.17.23-300x300.jpeg 300w, https:\/\/www2.uepg.br\/prae\/wp-content\/uploads\/sites\/18\/2020\/12\/WhatsApp-Image-2020-11-26-at-10.17.23-1024x1024.jpeg 1024w, https:\/\/www2.uepg.br\/prae\/wp-content\/uploads\/sites\/18\/2020\/12\/WhatsApp-Image-2020-11-26-at-10.17.23-150x150.jpeg 150w, https:\/\/www2.uepg.br\/prae\/wp-content\/uploads\/sites\/18\/2020\/12\/WhatsApp-Image-2020-11-26-at-10.17.23-768x769.jpeg 768w, https:\/\/www2.uepg.br\/prae\/wp-content\/uploads\/sites\/18\/2020\/12\/WhatsApp-Image-2020-11-26-at-10.17.23-1232x1233.jpeg 1232w, https:\/\/www2.uepg.br\/prae\/wp-content\/uploads\/sites\/18\/2020\/12\/WhatsApp-Image-2020-11-26-at-10.17.23-1079x1080.jpeg 1079w, https:\/\/www2.uepg.br\/prae\/wp-content\/uploads\/sites\/18\/2020\/12\/WhatsApp-Image-2020-11-26-at-10.17.23.jpeg 1279w\" sizes=\"(max-width: 300px) 100vw, 300px\" \/><\/a>\n\t\t\t<\/dt>\n\t\t\t\t<dd class='wp-caption-text gallery-caption' id='gallery-1-1403'>\n\t\t\t\tA(s) pessoa(s) com defici\u00eancia(s) pode(m) pleitear atendimento especializado para as provas dos Vestibulares da UEPG.\n\t\t\t\t<\/dd><\/dl><br style=\"clear: both\" \/>\n\t\t<\/div>\n<\/p>\n\t\t\t\t<\/div>\n\t\t\t<\/div>\n\t\t<\/div>\n\t\t\t<div class=\"sow-accordion-panel\"\n\t\t\t data-anchor=\"painel-n%c3%a3o-%c3%a9-brincadeira\">\n\t\t\t\t<div class=\"sow-accordion-panel-header-container\" role=\"heading\" aria-level=\"2\">\n\t\t\t\t\t<div class=\"sow-accordion-panel-header\" tabindex=\"0\" role=\"button\" id=\"accordion-label-painel-n%c3%a3o-%c3%a9-brincadeira\" aria-controls=\"accordion-content-painel-n%c3%a3o-%c3%a9-brincadeira\" aria-expanded=\"false\">\n\t\t\t\t\t\t<div class=\"sow-accordion-title sow-accordion-title-icon-left\">\n\t\t\t\t\t\t\t\t\t\t\t\t\t\tPainel: \"N\u00e3o \u00e9 Brincadeira\"\t\t\t\t\t\t\t\t\t\t\t\t\t<\/div>\n\t\t\t\t\t\t<div class=\"sow-accordion-open-close-button\">\n\t\t\t\t\t\t\t<div class=\"sow-accordion-open-button\">\n\t\t\t\t\t\t\t\t<span class=\"sow-icon-ionicons\" data-sow-icon=\"&#xf218;\"\n\t\t \n\t\taria-hidden=\"true\"><\/span>\t\t\t\t\t\t\t<\/div>\n\t\t\t\t\t\t\t<div class=\"sow-accordion-close-button\">\n\t\t\t\t\t\t\t\t<span class=\"sow-icon-ionicons\" data-sow-icon=\"&#xf209;\"\n\t\t \n\t\taria-hidden=\"true\"><\/span>\t\t\t\t\t\t\t<\/div>\n\t\t\t\t\t\t<\/div>\n\t\t\t\t\t<\/div>\n\t\t\t\t<\/div>\n\n\t\t\t<div\n\t\t\t\tclass=\"sow-accordion-panel-content\"\n\t\t\t\trole=\"region\"\n\t\t\t\taria-labelledby=\"accordion-label-painel-n%c3%a3o-%c3%a9-brincadeira\"\n\t\t\t\tid=\"accordion-content-painel-n%c3%a3o-%c3%a9-brincadeira\"\n\t\t\t\tstyle=\"display: none;\"\t\t\t>\n\t\t\t\t<div class=\"sow-accordion-panel-border\" tabindex=\"0\">\n\t\t\t\t\t<h4 dir=\"auto\"><strong>\u201cN\u00c3O \u00c9 BRINCADEIRA \u2013 LINGUAGEM E RACISMO\u201d<\/strong><\/h4>\n<div dir=\"auto\"><\/div>\n<div dir=\"auto\">A PRAE promoveu dia 28 de mar\u00e7o, a palestra Linguagem e Racismo, com a Professora Dra. Glenda Melo. Uma palestra sens\u00edvel e que proporcionou muita reflex\u00e3o. Audit\u00f3rios do Campus Central e Uvaranas da UEPG lotados!<\/div>\n<div dir=\"auto\"><\/div>\n<div dir=\"auto\"><\/div>\n<div dir=\"auto\"><\/div>\n<div dir=\"auto\"><\/div>\n<div dir=\"auto\"><\/div>\n<div dir=\"auto\"><\/div>\n<div dir=\"auto\"><\/div>\n<div dir=\"auto\"><\/div>\n<h4 dir=\"auto\"><strong>\u201cN\u00c3O \u00c9 BRINCADEIRA \u2013 NAZISMO\u201d<\/strong><\/h4>\n<div dir=\"auto\"><\/div>\n<div dir=\"auto\">A PRAE recebeu o Professor Daniel Osowicki, da Stand With Us, no dia 16 de novembro de 2022, para um di\u00e1logo com a comunidade universit\u00e1ria a respeito da preven\u00e7\u00e3o e enfrentamento da apologia ao Nazismo. Professores e Professoras, Estudantes, Gestoras e Gestores, T\u00e9cnicos e t\u00e9cnicas\u00a0 presentes puderam debater e acessar informa\u00e7\u00f5es a respeito das marcas hist\u00f3ricas deixadas pela Sho\u00e1.<\/div>\n<div dir=\"auto\"><\/div>\n<div dir=\"auto\"><\/div>\n<div dir=\"auto\"><\/div>\n<div dir=\"auto\"><\/div>\n<div dir=\"auto\"><\/div>\n<div dir=\"auto\"><\/div>\n\t\t\t\t<\/div>\n\t\t\t<\/div>\n\t\t<\/div>\n\t\t\t<div class=\"sow-accordion-panel\"\n\t\t\t data-anchor=\"curso-de-forma%c3%a7%c3%a3o-bancas-de-heteroidentifica%c3%a7%c3%a3o-racial\">\n\t\t\t\t<div class=\"sow-accordion-panel-header-container\" role=\"heading\" aria-level=\"2\">\n\t\t\t\t\t<div class=\"sow-accordion-panel-header\" tabindex=\"0\" role=\"button\" id=\"accordion-label-curso-de-forma%c3%a7%c3%a3o-bancas-de-heteroidentifica%c3%a7%c3%a3o-racial\" aria-controls=\"accordion-content-curso-de-forma%c3%a7%c3%a3o-bancas-de-heteroidentifica%c3%a7%c3%a3o-racial\" aria-expanded=\"false\">\n\t\t\t\t\t\t<div class=\"sow-accordion-title sow-accordion-title-icon-left\">\n\t\t\t\t\t\t\t\t\t\t\t\t\t\tCurso de Forma\u00e7\u00e3o: Bancas de Heteroidentifica\u00e7\u00e3o Racial\t\t\t\t\t\t\t\t\t\t\t\t\t<\/div>\n\t\t\t\t\t\t<div class=\"sow-accordion-open-close-button\">\n\t\t\t\t\t\t\t<div class=\"sow-accordion-open-button\">\n\t\t\t\t\t\t\t\t<span class=\"sow-icon-ionicons\" data-sow-icon=\"&#xf218;\"\n\t\t \n\t\taria-hidden=\"true\"><\/span>\t\t\t\t\t\t\t<\/div>\n\t\t\t\t\t\t\t<div class=\"sow-accordion-close-button\">\n\t\t\t\t\t\t\t\t<span class=\"sow-icon-ionicons\" data-sow-icon=\"&#xf209;\"\n\t\t \n\t\taria-hidden=\"true\"><\/span>\t\t\t\t\t\t\t<\/div>\n\t\t\t\t\t\t<\/div>\n\t\t\t\t\t<\/div>\n\t\t\t\t<\/div>\n\n\t\t\t<div\n\t\t\t\tclass=\"sow-accordion-panel-content\"\n\t\t\t\trole=\"region\"\n\t\t\t\taria-labelledby=\"accordion-label-curso-de-forma%c3%a7%c3%a3o-bancas-de-heteroidentifica%c3%a7%c3%a3o-racial\"\n\t\t\t\tid=\"accordion-content-curso-de-forma%c3%a7%c3%a3o-bancas-de-heteroidentifica%c3%a7%c3%a3o-racial\"\n\t\t\t\tstyle=\"display: none;\"\t\t\t>\n\t\t\t\t<div class=\"sow-accordion-panel-border\" tabindex=\"0\">\n\t\t\t\t\t<p>Curso promovido pela PRAE, com o Professor Dr. Delton Felipe. Os participantes da comunidade interna ou externa tiveram a oportunidadede aprender a respeito dos fundamentos \u00e9ticos, legais, te\u00f3ricos e epistemol\u00f3gicos que embasam a forma\u00e7\u00e3o das bancas de heteroidentifica\u00e7\u00e3o racial.<\/p>\n<p>&nbsp;<\/p>\n\t\t\t\t<\/div>\n\t\t\t<\/div>\n\t\t<\/div>\n\t\t\t<div class=\"sow-accordion-panel\"\n\t\t\t data-anchor=\"acolhida-ao-calouro-2023\">\n\t\t\t\t<div class=\"sow-accordion-panel-header-container\" role=\"heading\" aria-level=\"2\">\n\t\t\t\t\t<div class=\"sow-accordion-panel-header\" tabindex=\"0\" role=\"button\" id=\"accordion-label-acolhida-ao-calouro-2023\" aria-controls=\"accordion-content-acolhida-ao-calouro-2023\" aria-expanded=\"false\">\n\t\t\t\t\t\t<div class=\"sow-accordion-title sow-accordion-title-icon-left\">\n\t\t\t\t\t\t\t\t\t\t\t\t\t\tAcolhida ao calouro - 2023\t\t\t\t\t\t\t\t\t\t\t\t\t<\/div>\n\t\t\t\t\t\t<div class=\"sow-accordion-open-close-button\">\n\t\t\t\t\t\t\t<div class=\"sow-accordion-open-button\">\n\t\t\t\t\t\t\t\t<span class=\"sow-icon-ionicons\" data-sow-icon=\"&#xf218;\"\n\t\t \n\t\taria-hidden=\"true\"><\/span>\t\t\t\t\t\t\t<\/div>\n\t\t\t\t\t\t\t<div class=\"sow-accordion-close-button\">\n\t\t\t\t\t\t\t\t<span class=\"sow-icon-ionicons\" data-sow-icon=\"&#xf209;\"\n\t\t \n\t\taria-hidden=\"true\"><\/span>\t\t\t\t\t\t\t<\/div>\n\t\t\t\t\t\t<\/div>\n\t\t\t\t\t<\/div>\n\t\t\t\t<\/div>\n\n\t\t\t<div\n\t\t\t\tclass=\"sow-accordion-panel-content\"\n\t\t\t\trole=\"region\"\n\t\t\t\taria-labelledby=\"accordion-label-acolhida-ao-calouro-2023\"\n\t\t\t\tid=\"accordion-content-acolhida-ao-calouro-2023\"\n\t\t\t\tstyle=\"display: none;\"\t\t\t>\n\t\t\t\t<div class=\"sow-accordion-panel-border\" tabindex=\"0\">\n\t\t\t\t\t<p>Com muita alegria, a equipe da PRAE realizou nos dias 09 e 10 de mar\u00e7o, a Acolhida aos Calouros e \u00e0s Calouras 2023. Foram momentos de muita confraterniza\u00e7\u00e3o na recep\u00e7\u00e3o que teve visita guiada ao campus de Uvaranas e Museu de Ci\u00eancias Naturais, depoimentos de estudantes, informa\u00e7\u00f5es, muito afeto, pipoca e algod\u00e3o doce.<\/p>\n\t\t\t\t<\/div>\n\t\t\t<\/div>\n\t\t<\/div>\n\t\t\t<div class=\"sow-accordion-panel\"\n\t\t\t data-anchor=\"uepg-prae-de-olho-no-ass%c3%a9dio\">\n\t\t\t\t<div class=\"sow-accordion-panel-header-container\" role=\"heading\" aria-level=\"2\">\n\t\t\t\t\t<div class=\"sow-accordion-panel-header\" tabindex=\"0\" role=\"button\" id=\"accordion-label-uepg-prae-de-olho-no-ass%c3%a9dio\" aria-controls=\"accordion-content-uepg-prae-de-olho-no-ass%c3%a9dio\" aria-expanded=\"false\">\n\t\t\t\t\t\t<div class=\"sow-accordion-title sow-accordion-title-icon-left\">\n\t\t\t\t\t\t\t\t\t\t\t\t\t\tUEPG-PRAE de olho no ass\u00e9dio\t\t\t\t\t\t\t\t\t\t\t\t\t<\/div>\n\t\t\t\t\t\t<div class=\"sow-accordion-open-close-button\">\n\t\t\t\t\t\t\t<div class=\"sow-accordion-open-button\">\n\t\t\t\t\t\t\t\t<span class=\"sow-icon-ionicons\" data-sow-icon=\"&#xf218;\"\n\t\t \n\t\taria-hidden=\"true\"><\/span>\t\t\t\t\t\t\t<\/div>\n\t\t\t\t\t\t\t<div class=\"sow-accordion-close-button\">\n\t\t\t\t\t\t\t\t<span class=\"sow-icon-ionicons\" data-sow-icon=\"&#xf209;\"\n\t\t \n\t\taria-hidden=\"true\"><\/span>\t\t\t\t\t\t\t<\/div>\n\t\t\t\t\t\t<\/div>\n\t\t\t\t\t<\/div>\n\t\t\t\t<\/div>\n\n\t\t\t<div\n\t\t\t\tclass=\"sow-accordion-panel-content\"\n\t\t\t\trole=\"region\"\n\t\t\t\taria-labelledby=\"accordion-label-uepg-prae-de-olho-no-ass%c3%a9dio\"\n\t\t\t\tid=\"accordion-content-uepg-prae-de-olho-no-ass%c3%a9dio\"\n\t\t\t\tstyle=\"display: none;\"\t\t\t>\n\t\t\t\t<div class=\"sow-accordion-panel-border\" tabindex=\"0\">\n\t\t\t\t\t<p>Cartilha [EM CONSTRU\u00c7\u00c3O]<\/p>\n\t\t\t\t<\/div>\n\t\t\t<\/div>\n\t\t<\/div>\n\t\t<\/div>\n<\/div>\n<\/div><\/div><\/div><\/div><\/div><\/div>","protected":false},"excerpt":{"rendered":"<p>Painel: Ass\u00e9dios Plurais V\u00eddeo:\u00a0ASS\u00c9DIOS PLURAIS &#8211; Enfrentamento na UEPG ASS\u00c9DIO NA INSTITUI\u00c7\u00c3O DE ENSINO SUPERIOR A PRAE desenvolveu, em parceria com o Curso de Zootecnia, um painel sobre Ass\u00e9dio Moral e Sexual na IES. O painel foi conduzido pela Pr\u00f3_Reitora de Assuntos Estudantis Prof\u00aa Dr\u00aa Ione da Silva Jovino, pela Psic\u00f3loga Bruna Regina Catapan, pela&nbsp;&hellip;<\/p>\n","protected":false},"author":24,"featured_media":0,"parent":0,"menu_order":0,"comment_status":"closed","ping_status":"closed","template":"","meta":[],"_links":{"self":[{"href":"https:\/\/www2.uepg.br\/prae\/wp-json\/wp\/v2\/pages\/926"}],"collection":[{"href":"https:\/\/www2.uepg.br\/prae\/wp-json\/wp\/v2\/pages"}],"about":[{"href":"https:\/\/www2.uepg.br\/prae\/wp-json\/wp\/v2\/types\/page"}],"author":[{"embeddable":true,"href":"https:\/\/www2.uepg.br\/prae\/wp-json\/wp\/v2\/users\/24"}],"replies":[{"embeddable":true,"href":"https:\/\/www2.uepg.br\/prae\/wp-json\/wp\/v2\/comments?post=926"}],"version-history":[{"count":12,"href":"https:\/\/www2.uepg.br\/prae\/wp-json\/wp\/v2\/pages\/926\/revisions"}],"predecessor-version":[{"id":2778,"href":"https:\/\/www2.uepg.br\/prae\/wp-json\/wp\/v2\/pages\/926\/revisions\/2778"}],"wp:attachment":[{"href":"https:\/\/www2.uepg.br\/prae\/wp-json\/wp\/v2\/media?parent=926"}],"curies":[{"name":"wp","href":"https:\/\/api.w.org\/{rel}","templated":true}]}}