{"id":10,"date":"2019-11-28T10:19:08","date_gmt":"2019-11-28T13:19:08","guid":{"rendered":"http:\/\/www2.uepg.br\/proad\/?page_id=10"},"modified":"2024-12-10T09:46:35","modified_gmt":"2024-12-10T12:46:35","slug":"quem-somos","status":"publish","type":"page","link":"https:\/\/www2.uepg.br\/proad\/quem-somos\/","title":{"rendered":"QUEM SOMOS"},"content":{"rendered":"<p>A PROAD \u00e9 um\u00a0\u00f3rg\u00e3o vinculado diretamente \u00e0 Reitoria com a miss\u00e3o de\u00a0<strong>&#8220;Garantir a efici\u00eancia e a racionalidade na aplica\u00e7\u00e3o dos recursos dispon\u00edveis&#8221;\u00a0<\/strong>executando\u00a0um planejamento que permita encontrar e utilizar formas de resolver os problemas da Universidade e aproveitar suas qualidades.<\/p>\n<p>O prop\u00f3sito da PROAD \u00e9 produzir alternativas para a utiliza\u00e7\u00e3o eficiente dos recursos, buscando atender o almejado pela nossa comunidade, dentro dos princ\u00edpios de uma gest\u00e3o democr\u00e1tica e descentralizada, produzir alternativas para a utiliza\u00e7\u00e3o eficiente dos recursos, buscando atender o almejado pela nossa comunidade.<\/p>\n<p><strong>Compet\u00eancias da PROAD:<\/strong><\/p>\n<p><strong>Or\u00e7amento<\/strong><\/p>\n<ul>\n<li>Planejamento e execu\u00e7\u00e3o or\u00e7ament\u00e1ria.<\/li>\n<\/ul>\n<p><strong>Servi\u00e7os<\/strong><\/p>\n<ul>\n<li>Transportes;<\/li>\n<li>Correspond\u00eancias;<\/li>\n<li>Hospedagem.<\/li>\n<\/ul>\n<p><strong>Material e Patrim\u00f4nio<\/strong><\/p>\n<ul>\n<li>Gest\u00e3o de materiais;<\/li>\n<li>Compras e contratos;<\/li>\n<li>Licita\u00e7\u00f5es;<\/li>\n<li>Importa\u00e7\u00f5es;<\/li>\n<li>Manuten\u00e7\u00e3o;<\/li>\n<li>Cadastro e controle dos bens patrimoniais;<\/li>\n<li>Almoxarifado.<\/li>\n<\/ul>\n<p><strong>Finan\u00e7as<\/strong><\/p>\n<ul>\n<li>Gest\u00e3o financeira;<\/li>\n<li>Presta\u00e7\u00e3o de contas;<\/li>\n<li>Controle de arrecada\u00e7\u00e3o;<\/li>\n<li>Controle de despesa;<\/li>\n<li>Controle de contas a pagar e a receber;<\/li>\n<li>Registros cont\u00e1beis.<\/li>\n<\/ul>\n","protected":false},"excerpt":{"rendered":"<p>A PROAD \u00e9 um\u00a0\u00f3rg\u00e3o vinculado diretamente \u00e0 Reitoria com a miss\u00e3o de\u00a0&#8220;Garantir a efici\u00eancia e a racionalidade na aplica\u00e7\u00e3o dos recursos dispon\u00edveis&#8221;\u00a0executando\u00a0um planejamento que permita encontrar e utilizar formas de resolver os problemas da Universidade e aproveitar suas qualidades. O prop\u00f3sito da PROAD \u00e9 produzir alternativas para a utiliza\u00e7\u00e3o eficiente dos recursos, buscando atender o&nbsp;&hellip;<\/p>\n","protected":false},"author":24,"featured_media":0,"parent":0,"menu_order":0,"comment_status":"closed","ping_status":"closed","template":"","meta":[],"_links":{"self":[{"href":"https:\/\/www2.uepg.br\/proad\/wp-json\/wp\/v2\/pages\/10"}],"collection":[{"href":"https:\/\/www2.uepg.br\/proad\/wp-json\/wp\/v2\/pages"}],"about":[{"href":"https:\/\/www2.uepg.br\/proad\/wp-json\/wp\/v2\/types\/page"}],"author":[{"embeddable":true,"href":"https:\/\/www2.uepg.br\/proad\/wp-json\/wp\/v2\/users\/24"}],"replies":[{"embeddable":true,"href":"https:\/\/www2.uepg.br\/proad\/wp-json\/wp\/v2\/comments?post=10"}],"version-history":[{"count":3,"href":"https:\/\/www2.uepg.br\/proad\/wp-json\/wp\/v2\/pages\/10\/revisions"}],"predecessor-version":[{"id":117,"href":"https:\/\/www2.uepg.br\/proad\/wp-json\/wp\/v2\/pages\/10\/revisions\/117"}],"wp:attachment":[{"href":"https:\/\/www2.uepg.br\/proad\/wp-json\/wp\/v2\/media?parent=10"}],"curies":[{"name":"wp","href":"https:\/\/api.w.org\/{rel}","templated":true}]}}

<p>A PROAD é um órgão vinculado diretamente à Reitoria com a missão de <strong>&#8220;Garantir a eficiência e a racionalidade na aplicação dos recursos disponíveis&#8221; </strong>executando um planejamento que permita encontrar e utilizar formas de resolver os problemas da Universidade e aproveitar suas qualidades.</p>
<p>O propósito da PROAD é produzir alternativas para a utilização eficiente dos recursos, buscando atender o almejado pela nossa comunidade, dentro dos princípios de uma gestão democrática e descentralizada, produzir alternativas para a utilização eficiente dos recursos, buscando atender o almejado pela nossa comunidade.</p>
<p><strong>Competências da PROAD:</strong></p>
<p><strong>Orçamento</strong></p>
<ul>
<li>Planejamento e execução orçamentária.</li>
</ul>
<p><strong>Serviços</strong></p>
<ul>
<li>Transportes;</li>
<li>Correspondências;</li>
<li>Hospedagem.</li>
</ul>
<p><strong>Material e Patrimônio</strong></p>
<ul>
<li>Gestão de materiais;</li>
<li>Compras e contratos;</li>
<li>Licitações;</li>
<li>Importações;</li>
<li>Manutenção;</li>
<li>Cadastro e controle dos bens patrimoniais;</li>
<li>Almoxarifado.</li>
</ul>
<p><strong>Finanças</strong></p>
<ul>
<li>Gestão financeira;</li>
<li>Prestação de contas;</li>
<li>Controle de arrecadação;</li>
<li>Controle de despesa;</li>
<li>Controle de contas a pagar e a receber;</li>
<li>Registros contábeis.</li>
</ul>

<p>A PROAD é um órgão vinculado diretamente à Reitoria com a missão de &#8220;Garantir a eficiência e a racionalidade na aplicação dos recursos disponíveis&#8221; executando um planejamento que permita encontrar e utilizar formas de resolver os problemas da Universidade e aproveitar suas qualidades. O propósito da PROAD é produzir alternativas para a utilização eficiente dos recursos, buscando atender o&nbsp;&hellip;</p>
