{"id":1253,"date":"2023-02-24T10:39:50","date_gmt":"2023-02-24T13:39:50","guid":{"rendered":"https:\/\/www2.uepg.br\/proad\/?page_id=1253"},"modified":"2025-09-26T15:41:22","modified_gmt":"2025-09-26T18:41:22","slug":"procedimentos-e-orientacoes-e-modelosdedocumentos","status":"publish","type":"page","link":"https:\/\/www2.uepg.br\/proad\/procedimentos-e-orientacoes-e-modelosdedocumentos\/","title":{"rendered":"Procedimentos, Orienta\u00e7\u00f5es e Modelos de Documentos"},"content":{"rendered":"<div id=\"pl-1253\"  class=\"panel-layout\" ><div id=\"pg-1253-0\"  class=\"panel-grid panel-no-style\" ><div id=\"pgc-1253-0-0\"  class=\"panel-grid-cell\" ><div id=\"panel-1253-0-0-0\" class=\"so-panel widget widget_sow-accordion panel-first-child panel-last-child\" data-index=\"0\" ><div\n\t\t\t\n\t\t\tclass=\"so-widget-sow-accordion so-widget-sow-accordion-default-2b55ed2807e6-1253\"\n\t\t\t\n\t\t><div>\n\t<div class=\"sow-accordion\">\n\t\t\t<div class=\"sow-accordion-panel\"\n\t\t\t data-anchor=\"dimapa-orienta%c3%a7%c3%b5es-requisi%c3%a7%c3%a3o-de-estoque-almoxarifado\">\n\t\t\t\t<div class=\"sow-accordion-panel-header-container\" role=\"heading\" aria-level=\"2\">\n\t\t\t\t\t<div class=\"sow-accordion-panel-header\" tabindex=\"0\" role=\"button\" id=\"accordion-label-dimapa-orienta%c3%a7%c3%b5es-requisi%c3%a7%c3%a3o-de-estoque-almoxarifado\" aria-controls=\"accordion-content-dimapa-orienta%c3%a7%c3%b5es-requisi%c3%a7%c3%a3o-de-estoque-almoxarifado\" aria-expanded=\"false\">\n\t\t\t\t\t\t<div class=\"sow-accordion-title sow-accordion-title-icon-left\">\n\t\t\t\t\t\t\t\t\t\t\t\t\t\tDIMAPA - Orienta\u00e7\u00f5es - Requisi\u00e7\u00e3o de estoque - Almoxarifado\t\t\t\t\t\t\t\t\t\t\t\t\t<\/div>\n\t\t\t\t\t\t<div class=\"sow-accordion-open-close-button\">\n\t\t\t\t\t\t\t<div class=\"sow-accordion-open-button\">\n\t\t\t\t\t\t\t\t<span class=\"sow-icon-ionicons\" data-sow-icon=\"&#xf218;\"\n\t\t \n\t\taria-hidden=\"true\"><\/span>\t\t\t\t\t\t\t<\/div>\n\t\t\t\t\t\t\t<div class=\"sow-accordion-close-button\">\n\t\t\t\t\t\t\t\t<span class=\"sow-icon-ionicons\" data-sow-icon=\"&#xf209;\"\n\t\t \n\t\taria-hidden=\"true\"><\/span>\t\t\t\t\t\t\t<\/div>\n\t\t\t\t\t\t<\/div>\n\t\t\t\t\t<\/div>\n\t\t\t\t<\/div>\n\n\t\t\t<div\n\t\t\t\tclass=\"sow-accordion-panel-content\"\n\t\t\t\trole=\"region\"\n\t\t\t\taria-labelledby=\"accordion-label-dimapa-orienta%c3%a7%c3%b5es-requisi%c3%a7%c3%a3o-de-estoque-almoxarifado\"\n\t\t\t\tid=\"accordion-content-dimapa-orienta%c3%a7%c3%b5es-requisi%c3%a7%c3%a3o-de-estoque-almoxarifado\"\n\t\t\t\tstyle=\"display: none;\"\t\t\t>\n\t\t\t\t<div class=\"sow-accordion-panel-border\" tabindex=\"0\">\n\t\t\t\t\t<p><a href=\"https:\/\/www.youtube.com\/watch?v=TXpMcBOexqg\" target=\"_blank\" rel=\"noopener\">V\u00eddeo de Treinamento GMS - Pedido de Almoxarifado<\/a><\/p>\n<p><a href=\"https:\/\/www.gms-almoxarifado.pr.gov.br\/gms-almoxarifado\/loginUsuario.do?action=iniciarProcesso\">Link GMS (Gest\u00e3o de Materiais e Servi\u00e7os) - Almoxarifado<\/a><\/p>\n<p><a href=\"http:\/\/www2.uepg.br\/proad\/wp-content\/uploads\/sites\/48\/2023\/04\/MANUAL_GMS_TREINAMENTO_2023_VERSAO_SETOR_DE_CONSUMO_ATUALIZADO.pdf\">Manual GMS - 2023 - Setor de Consumo<\/a><\/p>\n<p><a href=\"http:\/\/www2.uepg.br\/proad\/wp-content\/uploads\/sites\/48\/2023\/04\/MANUAL_GMS_TREINAMENTO_2023_VERSAO_ALMOXARIFADO_ATUALIZADO_compressed.pdf\">Manual GMS - 2023 - Setor de Almoxarifado<\/a><\/p>\n\t\t\t\t<\/div>\n\t\t\t<\/div>\n\t\t<\/div>\n\t\t\t<div class=\"sow-accordion-panel\"\n\t\t\t data-anchor=\"dimapa-orienta%c3%a7%c3%b5es\">\n\t\t\t\t<div class=\"sow-accordion-panel-header-container\" role=\"heading\" aria-level=\"2\">\n\t\t\t\t\t<div class=\"sow-accordion-panel-header\" tabindex=\"0\" role=\"button\" id=\"accordion-label-dimapa-orienta%c3%a7%c3%b5es\" aria-controls=\"accordion-content-dimapa-orienta%c3%a7%c3%b5es\" aria-expanded=\"false\">\n\t\t\t\t\t\t<div class=\"sow-accordion-title sow-accordion-title-icon-left\">\n\t\t\t\t\t\t\t\t\t\t\t\t\t\tDIMAPA - Orienta\u00e7\u00f5es \t\t\t\t\t\t\t\t\t\t\t\t\t<\/div>\n\t\t\t\t\t\t<div class=\"sow-accordion-open-close-button\">\n\t\t\t\t\t\t\t<div class=\"sow-accordion-open-button\">\n\t\t\t\t\t\t\t\t<span class=\"sow-icon-ionicons\" data-sow-icon=\"&#xf218;\"\n\t\t \n\t\taria-hidden=\"true\"><\/span>\t\t\t\t\t\t\t<\/div>\n\t\t\t\t\t\t\t<div class=\"sow-accordion-close-button\">\n\t\t\t\t\t\t\t\t<span class=\"sow-icon-ionicons\" data-sow-icon=\"&#xf209;\"\n\t\t \n\t\taria-hidden=\"true\"><\/span>\t\t\t\t\t\t\t<\/div>\n\t\t\t\t\t\t<\/div>\n\t\t\t\t\t<\/div>\n\t\t\t\t<\/div>\n\n\t\t\t<div\n\t\t\t\tclass=\"sow-accordion-panel-content\"\n\t\t\t\trole=\"region\"\n\t\t\t\taria-labelledby=\"accordion-label-dimapa-orienta%c3%a7%c3%b5es\"\n\t\t\t\tid=\"accordion-content-dimapa-orienta%c3%a7%c3%b5es\"\n\t\t\t\tstyle=\"display: none;\"\t\t\t>\n\t\t\t\t<div class=\"sow-accordion-panel-border\" tabindex=\"0\">\n\t\t\t\t\t<p><a href=\"http:\/\/www2.uepg.br\/proad\/wp-content\/uploads\/sites\/48\/2025\/05\/SEI_UEPG-Ordem-de-Servico-001-2025-Solicitacoes-de-aquisicao-de-bens-e-contratacao-de-servicos-destinados-a-execucao-de-atividades-de-pesquisa-e-desenvolvimento.pdf\">SEI_UEPG - Ordem de Servi\u00e7o 001 2025 - Solicita\u00e7\u00f5es de aquisi\u00e7\u00e3o de bens e contrata\u00e7\u00e3o de servi\u00e7os destinados \u00e0 execu\u00e7\u00e3o de atividades de pesquisa e desenvolvimento<\/a><\/p>\n<p><a href=\"http:\/\/www2.uepg.br\/proad\/wp-content\/uploads\/sites\/48\/2025\/05\/SEI_UEPG-Ordem-de-Servico-002-2025-Solicitacoes-de-aquisicao-material-de-consumo-de-bens-e-contratacao-de-servicos-em-geral.pdf\">SEI_UEPG - Ordem de Servi\u00e7o 002 2025 - Solicita\u00e7\u00f5es de aquisi\u00e7\u00e3o material de consumo, de bens e contrata\u00e7\u00e3o de servi\u00e7os em geral<\/a><\/p>\n<p><a href=\"http:\/\/www2.uepg.br\/proad\/wp-content\/uploads\/sites\/48\/2025\/05\/SEI_UEPG-Ordem-de-Servico-003-2025-Aquisicao-de-bens-e-contratacao-de-servicos-destinados-a-execucao-de-atividades-de-pesquisa-e-desenvolvimento.pdf\">SEI_UEPG - Ordem de Servi\u00e7o 003 2025 - Aquisi\u00e7\u00e3o de bens e contrata\u00e7\u00e3o de servi\u00e7os destinados \u00e0 execu\u00e7\u00e3o de atividades de pesquisa e desenvolvimento<\/a><\/p>\n<p><a href=\"http:\/\/www2.uepg.br\/proad\/wp-content\/uploads\/sites\/48\/2025\/09\/DFD_modelo-1.docx\">Modelo - DFD - Documento de Formaliza\u00e7\u00e3o de Demanda<\/a>\u00a0(Word) Obs.: abrir no navegador Mozilla Firefox ou Explorer<\/p>\n<p><a href=\"https:\/\/www2.uepg.br\/proad\/banco-de-etps\/\">Modelos de ETP<\/a><\/p>\n<p><a href=\"https:\/\/auth-cs.identidadedigital.pr.gov.br\/centralautenticacao\/login.html?response_type=code&amp;client_id=3636638817772e42b59d74cff571fbb3&amp;redirect_uri=https%3A%2F%2Fwww.gms.pr.gov.br%2Fgms&amp;scope=&amp;state=state&amp;urlCert=https:\/\/certauth-cs.identidadedigital.pr.gov.br&amp;dnsCidadao=https:\/\/cidadao-cs.identidadedigital.pr.gov.br\/centralcidadao&amp;loginPadrao=btnCentral&amp;labelCentral=CPF,Login%20Sentinela&amp;modulosDeAutenticacao=btnSentinela,btnExpresso,btnSms,btnCpf,btnToken,btnCentral&amp;urlLogo=https%3A%2F%2Fwww.gms.pr.gov.br%2Fgms%2Fimages%2Flogo_gms_relatorio_2cm.png&amp;acesso=2111&amp;tokenFormat=default&amp;exibirLinkAutoCadastro=true&amp;exibirLinkRecuperarSenha=true&amp;exibirLinkAutoCadastroCertificado=false&amp;captcha=false\">LINK GMS - Materiais e Servi\u00e7os<\/a><\/p>\n\t\t\t\t<\/div>\n\t\t\t<\/div>\n\t\t<\/div>\n\t\t\t<div class=\"sow-accordion-panel\"\n\t\t\t data-anchor=\"diproc-orienta%c3%a7%c3%a3o-relat%c3%b3rio-fiscal-de-contratoconv%c3%aanio\">\n\t\t\t\t<div class=\"sow-accordion-panel-header-container\" role=\"heading\" aria-level=\"2\">\n\t\t\t\t\t<div class=\"sow-accordion-panel-header\" tabindex=\"0\" role=\"button\" id=\"accordion-label-diproc-orienta%c3%a7%c3%a3o-relat%c3%b3rio-fiscal-de-contratoconv%c3%aanio\" aria-controls=\"accordion-content-diproc-orienta%c3%a7%c3%a3o-relat%c3%b3rio-fiscal-de-contratoconv%c3%aanio\" aria-expanded=\"false\">\n\t\t\t\t\t\t<div class=\"sow-accordion-title sow-accordion-title-icon-left\">\n\t\t\t\t\t\t\t\t\t\t\t\t\t\tDIPROC - Orienta\u00e7\u00e3o - Relat\u00f3rio Fiscal de contrato\/conv\u00eanio\t\t\t\t\t\t\t\t\t\t\t\t\t<\/div>\n\t\t\t\t\t\t<div class=\"sow-accordion-open-close-button\">\n\t\t\t\t\t\t\t<div class=\"sow-accordion-open-button\">\n\t\t\t\t\t\t\t\t<span class=\"sow-icon-ionicons\" data-sow-icon=\"&#xf218;\"\n\t\t \n\t\taria-hidden=\"true\"><\/span>\t\t\t\t\t\t\t<\/div>\n\t\t\t\t\t\t\t<div class=\"sow-accordion-close-button\">\n\t\t\t\t\t\t\t\t<span class=\"sow-icon-ionicons\" data-sow-icon=\"&#xf209;\"\n\t\t \n\t\taria-hidden=\"true\"><\/span>\t\t\t\t\t\t\t<\/div>\n\t\t\t\t\t\t<\/div>\n\t\t\t\t\t<\/div>\n\t\t\t\t<\/div>\n\n\t\t\t<div\n\t\t\t\tclass=\"sow-accordion-panel-content\"\n\t\t\t\trole=\"region\"\n\t\t\t\taria-labelledby=\"accordion-label-diproc-orienta%c3%a7%c3%a3o-relat%c3%b3rio-fiscal-de-contratoconv%c3%aanio\"\n\t\t\t\tid=\"accordion-content-diproc-orienta%c3%a7%c3%a3o-relat%c3%b3rio-fiscal-de-contratoconv%c3%aanio\"\n\t\t\t\tstyle=\"display: none;\"\t\t\t>\n\t\t\t\t<div class=\"sow-accordion-panel-border\" tabindex=\"0\">\n\t\t\t\t\t<p><a href=\"http:\/\/www2.uepg.br\/proad\/wp-content\/uploads\/sites\/48\/2023\/09\/Manual-Termo-de-Cooperacao.pdf\">Manual - Termo de Coopera\u00e7\u00e3o<\/a><\/p>\n<p><a href=\"http:\/\/www2.uepg.br\/proad\/wp-content\/uploads\/sites\/48\/2023\/09\/Termo-de-Cooperacao.pdf\">Termo de Coopera\u00e7\u00e3o<\/a><\/p>\n<p><a href=\"http:\/\/www2.uepg.br\/proad\/wp-content\/uploads\/sites\/48\/2023\/03\/Termo_de_ciencia_e_responsabilidade___Fiscal_de_Convenio.odt\">Termo de ci\u00eancia e responsabilidade - Fiscal de Conv\u00eanio<\/a><\/p>\n<p><a href=\"http:\/\/www2.uepg.br\/proad\/wp-content\/uploads\/sites\/48\/2023\/03\/Modelo_de_Relatorio___Fiscal_Fundacao_de_Apoio.docx\">Modelo de Relat\u00f3rio - Fiscal Funda\u00e7\u00e3o de Apoio<\/a><\/p>\n<p><a href=\"http:\/\/www2.uepg.br\/proad\/wp-content\/uploads\/sites\/48\/2023\/09\/Modelo-de-Contrato-de-Comodato.pdf\">Modelo de Contrato de Comodato<\/a><\/p>\n<p><a href=\"http:\/\/www2.uepg.br\/proad\/wp-content\/uploads\/sites\/48\/2023\/10\/Modelo-de-Plano-de-Trabalho.docx\">Modelo de Plano de Trabalho<\/a><\/p>\n<p><a href=\"http:\/\/www2.uepg.br\/proad\/wp-content\/uploads\/sites\/48\/2023\/09\/Termo-de-cessao-de-uso.pdf\">Termo de cess\u00e3o de uso de bem p\u00fablico de forma onerosa<\/a><\/p>\n<p><a href=\"http:\/\/www2.uepg.br\/proad\/wp-content\/uploads\/sites\/48\/2023\/09\/Termo-de-confidencialidade.pdf\">Termo de confidencialidade<\/a><\/p>\n<p><a href=\"http:\/\/www2.uepg.br\/proad\/wp-content\/uploads\/sites\/48\/2023\/09\/Termo-de-permissao-de-uso.pdf\">Termo de permiss\u00e3o de uso<\/a><\/p>\n<p><a href=\"http:\/\/www2.uepg.br\/proad\/wp-content\/uploads\/sites\/48\/2023\/11\/Checklist___Convenios_e_Termos_de_Cooperacao.xls-1.pdf\">Checklist para Conv\u00eanios e Termos de Coopera\u00e7\u00e3o<\/a><\/p>\n<p><a href=\"http:\/\/www2.uepg.br\/proad\/wp-content\/uploads\/sites\/48\/2023\/11\/Checklist___Convenios_FA.pdf\">Checklist para Conv\u00eanios Funda\u00e7\u00e3o Arauc\u00e1ria<\/a><\/p>\n<p>&nbsp;<\/p>\n\t\t\t\t<\/div>\n\t\t\t<\/div>\n\t\t<\/div>\n\t\t\t<div class=\"sow-accordion-panel\"\n\t\t\t data-anchor=\"clog-modelos-e-orienta%c3%a7%c3%b5es\">\n\t\t\t\t<div class=\"sow-accordion-panel-header-container\" role=\"heading\" aria-level=\"2\">\n\t\t\t\t\t<div class=\"sow-accordion-panel-header\" tabindex=\"0\" role=\"button\" id=\"accordion-label-clog-modelos-e-orienta%c3%a7%c3%b5es\" aria-controls=\"accordion-content-clog-modelos-e-orienta%c3%a7%c3%b5es\" aria-expanded=\"false\">\n\t\t\t\t\t\t<div class=\"sow-accordion-title sow-accordion-title-icon-left\">\n\t\t\t\t\t\t\t\t\t\t\t\t\t\tCLOG - Modelos e Orienta\u00e7\u00f5es \t\t\t\t\t\t\t\t\t\t\t\t\t<\/div>\n\t\t\t\t\t\t<div class=\"sow-accordion-open-close-button\">\n\t\t\t\t\t\t\t<div class=\"sow-accordion-open-button\">\n\t\t\t\t\t\t\t\t<span class=\"sow-icon-ionicons\" data-sow-icon=\"&#xf218;\"\n\t\t \n\t\taria-hidden=\"true\"><\/span>\t\t\t\t\t\t\t<\/div>\n\t\t\t\t\t\t\t<div class=\"sow-accordion-close-button\">\n\t\t\t\t\t\t\t\t<span class=\"sow-icon-ionicons\" data-sow-icon=\"&#xf209;\"\n\t\t \n\t\taria-hidden=\"true\"><\/span>\t\t\t\t\t\t\t<\/div>\n\t\t\t\t\t\t<\/div>\n\t\t\t\t\t<\/div>\n\t\t\t\t<\/div>\n\n\t\t\t<div\n\t\t\t\tclass=\"sow-accordion-panel-content\"\n\t\t\t\trole=\"region\"\n\t\t\t\taria-labelledby=\"accordion-label-clog-modelos-e-orienta%c3%a7%c3%b5es\"\n\t\t\t\tid=\"accordion-content-clog-modelos-e-orienta%c3%a7%c3%b5es\"\n\t\t\t\tstyle=\"display: none;\"\t\t\t>\n\t\t\t\t<div class=\"sow-accordion-panel-border\" tabindex=\"0\">\n\t\t\t\t\t<p><a href=\"http:\/\/www2.uepg.br\/proad\/wp-content\/uploads\/sites\/48\/2023\/06\/01.-Modelo-Lista-de-Passageiros1.docx\">Modelo Lista de Passageiros -<\/a><a href=\"http:\/\/www2.uepg.br\/proad\/wp-content\/uploads\/sites\/48\/2023\/09\/ETP-modelo-3.docx\">Obs.: abrir no navegador Mozilla Firefox ou Explorer.<\/a><\/p>\n<p><a href=\"http:\/\/www2.uepg.br\/proad\/wp-content\/uploads\/sites\/48\/2023\/06\/Solicitacao-de-Passagem-Aerea1-1.doc\">Modelo de Solicita\u00e7\u00e3o de Passagem A\u00e9rea- <\/a><a href=\"http:\/\/www2.uepg.br\/proad\/wp-content\/uploads\/sites\/48\/2023\/09\/ETP-modelo-3.docx\">Obs.: abrir no navegador Mozilla Firefox ou Explorer.<\/a><\/p>\n<p><a href=\"http:\/\/www2.uepg.br\/proad\/wp-content\/uploads\/sites\/48\/2023\/06\/Solicitacao-de-Passagem-Aerea1.doc\">Modelo de Solicita\u00e7\u00e3o de Passagem A\u00e9rea - diversos passageiros -<\/a><a href=\"http:\/\/www2.uepg.br\/proad\/wp-content\/uploads\/sites\/48\/2023\/09\/ETP-modelo-3.docx\">Obs.: abrir no navegador Mozilla Firefox ou Explorer.<\/a><\/p>\n<p><a href=\"http:\/\/www2.uepg.br\/proad\/wp-content\/uploads\/sites\/48\/2023\/11\/Solicitacao-de-Hospedagem.Diversos.doc\">Solicita\u00e7\u00e3o de Hospedagem - Diversos - Obs.: abrir no navegador Mozilla Firefox ou Explorer.<\/a><\/p>\n<p><a href=\"http:\/\/www2.uepg.br\/proad\/wp-content\/uploads\/sites\/48\/2023\/11\/Solicitacao-de-Alimentacao1.doc\">Solicita\u00e7\u00e3o de Alimenta\u00e7\u00e3o - Obs.: abrir no navegador Mozilla Firefoz ou Explorer.<\/a><\/p>\n<p><a href=\"http:\/\/www2.uepg.br\/proad\/wp-content\/uploads\/sites\/48\/2023\/11\/Solicitacao-de-Hospedagem.doc\">Solicita\u00e7\u00e3o de Hospedagem - Obs.: abrir no navegador Mozilla Firefoz ou Explorer.<\/a><\/p>\n<p><a href=\"http:\/\/www2.uepg.br\/proad\/wp-content\/uploads\/sites\/48\/2023\/12\/RELATORIO-TECNICO-DA-VIAGEM.docx\">Relat\u00f3rio T\u00e9cnico de Viagem - Obs.: abrir no navegador Mozilla firefoz ou Explorer.<\/a><\/p>\n<p>&nbsp;<\/p>\n\t\t\t\t<\/div>\n\t\t\t<\/div>\n\t\t<\/div>\n\t\t\t<div class=\"sow-accordion-panel\"\n\t\t\t data-anchor=\"difi-orienta%c3%a7%c3%b5es-e-modelos\">\n\t\t\t\t<div class=\"sow-accordion-panel-header-container\" role=\"heading\" aria-level=\"2\">\n\t\t\t\t\t<div class=\"sow-accordion-panel-header\" tabindex=\"0\" role=\"button\" id=\"accordion-label-difi-orienta%c3%a7%c3%b5es-e-modelos\" aria-controls=\"accordion-content-difi-orienta%c3%a7%c3%b5es-e-modelos\" aria-expanded=\"false\">\n\t\t\t\t\t\t<div class=\"sow-accordion-title sow-accordion-title-icon-left\">\n\t\t\t\t\t\t\t\t\t\t\t\t\t\tDIFI - Orienta\u00e7\u00f5es e Modelos\t\t\t\t\t\t\t\t\t\t\t\t\t<\/div>\n\t\t\t\t\t\t<div class=\"sow-accordion-open-close-button\">\n\t\t\t\t\t\t\t<div class=\"sow-accordion-open-button\">\n\t\t\t\t\t\t\t\t<span class=\"sow-icon-ionicons\" data-sow-icon=\"&#xf218;\"\n\t\t \n\t\taria-hidden=\"true\"><\/span>\t\t\t\t\t\t\t<\/div>\n\t\t\t\t\t\t\t<div class=\"sow-accordion-close-button\">\n\t\t\t\t\t\t\t\t<span class=\"sow-icon-ionicons\" data-sow-icon=\"&#xf209;\"\n\t\t \n\t\taria-hidden=\"true\"><\/span>\t\t\t\t\t\t\t<\/div>\n\t\t\t\t\t\t<\/div>\n\t\t\t\t\t<\/div>\n\t\t\t\t<\/div>\n\n\t\t\t<div\n\t\t\t\tclass=\"sow-accordion-panel-content\"\n\t\t\t\trole=\"region\"\n\t\t\t\taria-labelledby=\"accordion-label-difi-orienta%c3%a7%c3%b5es-e-modelos\"\n\t\t\t\tid=\"accordion-content-difi-orienta%c3%a7%c3%b5es-e-modelos\"\n\t\t\t\tstyle=\"display: none;\"\t\t\t>\n\t\t\t\t<div class=\"sow-accordion-panel-border\" tabindex=\"0\">\n\t\t\t\t\t<p><a href=\"http:\/\/www2.uepg.br\/proad\/wp-content\/uploads\/sites\/48\/2023\/08\/modelo-req.previo-empenho.odt\">Modelo de Requisi\u00e7\u00e3o de Pr\u00e9vio empenho - abrir no navegador Mozilla Firefox ou Explorer.\u00a0<\/a><\/p>\n<p><a href=\"http:\/\/www2.uepg.br\/proad\/wp-content\/uploads\/sites\/48\/2023\/11\/novo-valor-de-diarias-2023.pdf\">Valores de di\u00e1rias 2023 - Internacional<\/a><\/p>\n<p><a href=\"http:\/\/www2.uepg.br\/proad\/wp-content\/uploads\/sites\/48\/2023\/11\/novo-valor-de-diarias-2023-nacinal.pdf\">Valores de di\u00e1rias 2023 - Nacional<\/a><\/p>\n<p>&nbsp;<\/p>\n<p>&nbsp;<\/p>\n\t\t\t\t<\/div>\n\t\t\t<\/div>\n\t\t<\/div>\n\t\t<\/div>\n<\/div>\n<\/div><\/div><\/div><\/div><\/div>","protected":false},"excerpt":{"rendered":"<p>DIMAPA &#8211; Orienta\u00e7\u00f5es &#8211; Requisi\u00e7\u00e3o de estoque &#8211; Almoxarifado V\u00eddeo de Treinamento GMS &#8211; Pedido de Almoxarifado Link GMS (Gest\u00e3o de Materiais e Servi\u00e7os) &#8211; Almoxarifado Manual GMS &#8211; 2023 &#8211; Setor de Consumo Manual GMS &#8211; 2023 &#8211; Setor de Almoxarifado DIMAPA &#8211; Orienta\u00e7\u00f5es SEI_UEPG &#8211; Ordem de Servi\u00e7o 001 2025 &#8211; Solicita\u00e7\u00f5es de&nbsp;&hellip;<\/p>\n","protected":false},"author":582,"featured_media":0,"parent":0,"menu_order":0,"comment_status":"closed","ping_status":"closed","template":"","meta":[],"_links":{"self":[{"href":"https:\/\/www2.uepg.br\/proad\/wp-json\/wp\/v2\/pages\/1253"}],"collection":[{"href":"https:\/\/www2.uepg.br\/proad\/wp-json\/wp\/v2\/pages"}],"about":[{"href":"https:\/\/www2.uepg.br\/proad\/wp-json\/wp\/v2\/types\/page"}],"author":[{"embeddable":true,"href":"https:\/\/www2.uepg.br\/proad\/wp-json\/wp\/v2\/users\/582"}],"replies":[{"embeddable":true,"href":"https:\/\/www2.uepg.br\/proad\/wp-json\/wp\/v2\/comments?post=1253"}],"version-history":[{"count":93,"href":"https:\/\/www2.uepg.br\/proad\/wp-json\/wp\/v2\/pages\/1253\/revisions"}],"predecessor-version":[{"id":2755,"href":"https:\/\/www2.uepg.br\/proad\/wp-json\/wp\/v2\/pages\/1253\/revisions\/2755"}],"wp:attachment":[{"href":"https:\/\/www2.uepg.br\/proad\/wp-json\/wp\/v2\/media?parent=1253"}],"curies":[{"name":"wp","href":"https:\/\/api.w.org\/{rel}","templated":true}]}}