{"id":19,"date":"2019-11-28T13:43:58","date_gmt":"2019-11-28T16:43:58","guid":{"rendered":"http:\/\/www2.uepg.br\/proad\/?page_id=19"},"modified":"2022-11-17T13:28:57","modified_gmt":"2022-11-17T16:28:57","slug":"secretaria","status":"publish","type":"page","link":"https:\/\/www2.uepg.br\/proad\/secretaria\/","title":{"rendered":"SECRETARIA"},"content":{"rendered":"<header>\n<p class=\"title\" style=\"text-align: left\"><strong>Respons\u00e1vel<\/strong><\/p>\n<\/header>\n<div class=\"content clearfix\">\n<p style=\"text-align: left\">Bianca Linhares Teleska<\/p>\n<p>&nbsp;<\/p>\n<p style=\"text-align: left\"><strong>Atividades<\/strong><\/p>\n<ul>\n<li style=\"text-align: left\">Agendar e coordenar as audi\u00eancias do pr\u00f3-reitor;<\/li>\n<li style=\"text-align: left\">Elaborar e\/ou redigir of\u00edcios, ordens de servi\u00e7o, despachos em processos;<\/li>\n<li style=\"text-align: left\">Providenciar o encaminhamento de processos nos \u00f3rg\u00e3os internos e demais documentos;<\/li>\n<li style=\"text-align: left\">Providenciar o arquivamento de processos e documentos;<\/li>\n<li style=\"text-align: left\">Providenciar o preenchimento de requisi\u00e7\u00f5es pr\u00f3prias de servi\u00e7os, pr\u00e9vios-empenhos, di\u00e1rias, material, etc;<\/li>\n<li style=\"text-align: left\">Providenciar a prepara\u00e7\u00e3o de documentos oficiais;<\/li>\n<li style=\"text-align: left\">Assessorar a administra\u00e7\u00e3o em assuntos de sua compet\u00eancia;<\/li>\n<li style=\"text-align: left\">Desempenhar, conforme orienta\u00e7\u00e3o do pr\u00f3-reitor, outros trabalhos peri\u00f3dicos ou permanentes.<\/li>\n<\/ul>\n<p style=\"text-align: left\"><strong>Endere\u00e7o<\/strong><\/p>\n<p style=\"text-align: left\">Av. Carlos Cavalcanti, 4748 \u2013 Bloco Reitoria\/PROAD \u2013 84030-900 Ponta Grossa \u2013 Pr<\/p>\n<p style=\"text-align: left\"><strong>Contato<\/strong><\/p>\n<p style=\"text-align: left\">E-mail:\u00a0<a href=\"mailto:proad@uepg.br\">proad@uepg.br<\/a><\/p>\n<p style=\"text-align: left\">Fone: \u00a0(42) 3220-3201<\/p>\n<\/div>\n","protected":false},"excerpt":{"rendered":"<p>Respons\u00e1vel Bianca Linhares Teleska &nbsp; Atividades Agendar e coordenar as audi\u00eancias do pr\u00f3-reitor; Elaborar e\/ou redigir of\u00edcios, ordens de servi\u00e7o, despachos em processos; Providenciar o encaminhamento de processos nos \u00f3rg\u00e3os internos e demais documentos; Providenciar o arquivamento de processos e documentos; Providenciar o preenchimento de requisi\u00e7\u00f5es pr\u00f3prias de servi\u00e7os, pr\u00e9vios-empenhos, di\u00e1rias, material, etc; Providenciar a&nbsp;&hellip;<\/p>\n","protected":false},"author":24,"featured_media":0,"parent":0,"menu_order":0,"comment_status":"closed","ping_status":"closed","template":"","meta":[],"_links":{"self":[{"href":"https:\/\/www2.uepg.br\/proad\/wp-json\/wp\/v2\/pages\/19"}],"collection":[{"href":"https:\/\/www2.uepg.br\/proad\/wp-json\/wp\/v2\/pages"}],"about":[{"href":"https:\/\/www2.uepg.br\/proad\/wp-json\/wp\/v2\/types\/page"}],"author":[{"embeddable":true,"href":"https:\/\/www2.uepg.br\/proad\/wp-json\/wp\/v2\/users\/24"}],"replies":[{"embeddable":true,"href":"https:\/\/www2.uepg.br\/proad\/wp-json\/wp\/v2\/comments?post=19"}],"version-history":[{"count":12,"href":"https:\/\/www2.uepg.br\/proad\/wp-json\/wp\/v2\/pages\/19\/revisions"}],"predecessor-version":[{"id":1118,"href":"https:\/\/www2.uepg.br\/proad\/wp-json\/wp\/v2\/pages\/19\/revisions\/1118"}],"wp:attachment":[{"href":"https:\/\/www2.uepg.br\/proad\/wp-json\/wp\/v2\/media?parent=19"}],"curies":[{"name":"wp","href":"https:\/\/api.w.org\/{rel}","templated":true}]}}