{"id":323,"date":"2019-12-09T10:12:13","date_gmt":"2019-12-09T13:12:13","guid":{"rendered":"http:\/\/www2.uepg.br\/proad\/?page_id=323"},"modified":"2019-12-10T14:57:26","modified_gmt":"2019-12-10T17:57:26","slug":"prestacao-de-contas","status":"publish","type":"page","link":"https:\/\/www2.uepg.br\/proad\/prestacao-de-contas\/","title":{"rendered":"PRESTA\u00c7\u00c3O DE CONTAS"},"content":{"rendered":"<p>-Presta\u00e7\u00e3o de Contas &#8211; 2017 e Or\u00e7amento &#8211; 2018 <a href=\"http:\/\/www2.uepg.br\/proad\/wp-content\/uploads\/sites\/48\/2019\/12\/prestacao2017orcamento2018_1.pdf\" target=\"_blank\" rel=\"noopener noreferrer\">Download<\/a><\/p>\n<p>-Presta\u00e7\u00e3o de Contas &#8211; 2016 e Or\u00e7amento &#8211; 2017 <a href=\"http:\/\/www2.uepg.br\/proad\/wp-content\/uploads\/sites\/48\/2019\/12\/prestacao2016orcamento2017.pdf\" target=\"_blank\" rel=\"noopener noreferrer\">Download<\/a><\/p>\n<p>-Previs\u00e3o de Gastos &#8211; 2016 <a href=\"http:\/\/www2.uepg.br\/proad\/wp-content\/uploads\/sites\/48\/2019\/12\/previsaoDeGastos2016.pdf\" target=\"_blank\" rel=\"noopener noreferrer\">Download<\/a><\/p>\n<p>-Presta\u00e7\u00e3o de contas da execu\u00e7\u00e3o or\u00e7ament\u00e1ria e financeira &#8211; 2015 <a href=\"http:\/\/www2.uepg.br\/proad\/wp-content\/uploads\/sites\/48\/2019\/12\/prestacaodecontas2015.pdf\" target=\"_blank\" rel=\"noopener noreferrer\">Download<\/a><\/p>\n<p>-Previs\u00e3o financeira e or\u00e7ament\u00e1ria &#8211; 2015 <a href=\"http:\/\/www2.uepg.br\/proad\/wp-content\/uploads\/sites\/48\/2019\/12\/previsao2015.pdf\" target=\"_blank\" rel=\"noopener noreferrer\">Download<\/a><\/p>\n<p>-Presta\u00e7\u00e3o de contas da execu\u00e7\u00e3o or\u00e7ament\u00e1ria e financeira &#8211; 2014 <a href=\"http:\/\/www2.uepg.br\/proad\/wp-content\/uploads\/sites\/48\/2019\/12\/prestacaodecontas2014.pdf\" target=\"_blank\" rel=\"noopener noreferrer\">Download<\/a><\/p>\n<p>-Presta\u00e7\u00e3o de contas da execu\u00e7\u00e3o or\u00e7ament\u00e1ria e financeira &#8211; 2011 e Previs\u00e3o financeira e or\u00e7ament\u00e1ria &#8211; 2012 <a href=\"http:\/\/prezi.com\/hfmfo9oltnvb\" target=\"_blank\" rel=\"noopener noreferrer\">Link<\/a><\/p>\n<p>-Presta\u00e7\u00e3o de contas da execu\u00e7\u00e3o or\u00e7ament\u00e1ria e financeira &#8211; 2010 e Previs\u00e3o financeira e or\u00e7ament\u00e1ria &#8211; 2011 <span style=\"color: #ff0000\">Download*<\/span><\/p>\n<p>-Presta\u00e7\u00e3o de contas da execu\u00e7\u00e3o or\u00e7ament\u00e1ria e financeira &#8211; 2009 <a href=\"http:\/\/www2.uepg.br\/proad\/wp-content\/uploads\/sites\/48\/2019\/12\/ca2009.pdf\" target=\"_blank\" rel=\"noopener noreferrer\">Download<\/a><\/p>\n<p>-Previs\u00e3o financeira e or\u00e7ament\u00e1ria &#8211; 2009 <a href=\"http:\/\/www2.uepg.br\/proad\/wp-content\/uploads\/sites\/48\/2019\/12\/previsao2009.pdf\" target=\"_blank\" rel=\"noopener noreferrer\">Download<\/a><\/p>\n<p>-Presta\u00e7\u00e3o de contas da execu\u00e7\u00e3o or\u00e7ament\u00e1ria e financeira &#8211; 2008 <a href=\"http:\/\/www2.uepg.br\/proad\/wp-content\/uploads\/sites\/48\/2019\/12\/ca2008.pdf\" target=\"_blank\" rel=\"noopener noreferrer\">Download<\/a><\/p>\n<p>-Presta\u00e7\u00e3o de contas da execu\u00e7\u00e3o or\u00e7ament\u00e1ria e financeira &#8211; 1\u00ba Semestre de 2008 <a href=\"http:\/\/www2.uepg.br\/proad\/wp-content\/uploads\/sites\/48\/2019\/12\/ca06-2008.pdf\" target=\"_blank\" rel=\"noopener noreferrer\">Download<\/a><\/p>\n<p>-Previs\u00e3o financeira e or\u00e7ament\u00e1ria &#8211; 2008 <a href=\"http:\/\/www2.uepg.br\/proad\/wp-content\/uploads\/sites\/48\/2019\/12\/ca01-2008.pdf\" target=\"_blank\" rel=\"noopener noreferrer\">Download<\/a><\/p>\n<p>-Presta\u00e7\u00e3o de contas da execu\u00e7\u00e3o or\u00e7ament\u00e1ria e financeira &#8211; 2007 <a href=\"http:\/\/www2.uepg.br\/proad\/wp-content\/uploads\/sites\/48\/2019\/12\/ca12-2007.pdf\" target=\"_blank\" rel=\"noopener noreferrer\">Download<\/a><\/p>\n<p>-Presta\u00e7\u00e3o de contas da execu\u00e7\u00e3o or\u00e7ament\u00e1ria e financeira &#8211; 1\u00ba Semestre de 2007\u00a0 <a href=\"http:\/\/www2.uepg.br\/proad\/wp-content\/uploads\/sites\/48\/2019\/12\/ca1sem2007.ppt\" target=\"_blank\" rel=\"noopener noreferrer\">Download<\/a><\/p>\n<p>-Previs\u00e3o financeira e or\u00e7ament\u00e1ria &#8211; 2007 <a href=\"http:\/\/www2.uepg.br\/proad\/wp-content\/uploads\/sites\/48\/2019\/12\/previsao2007.ppt\" target=\"_blank\" rel=\"noopener noreferrer\">Download<\/a><\/p>\n<p>-Presta\u00e7\u00e3o de contas da execu\u00e7\u00e3o or\u00e7ament\u00e1ria e financeira &#8211; 2006 <a href=\"http:\/\/www2.uepg.br\/proad\/wp-content\/uploads\/sites\/48\/2019\/12\/ca2006.ppt\" target=\"_blank\" rel=\"noopener noreferrer\">Download<\/a><\/p>\n<p>-Presta\u00e7\u00e3o de contas da execu\u00e7\u00e3o or\u00e7ament\u00e1ria e financeira &#8211; 1\u00ba Semestre de 2006 <a href=\"http:\/\/www2.uepg.br\/proad\/wp-content\/uploads\/sites\/48\/2019\/12\/ca1sem2006.ppt\" target=\"_blank\" rel=\"noopener noreferrer\">Download<\/a><\/p>\n<p>-Previs\u00e3o financeira e or\u00e7ament\u00e1ria &#8211; 2006\u00a0 <a href=\"http:\/\/www2.uepg.br\/proad\/wp-content\/uploads\/sites\/48\/2019\/12\/previsao2006.ppt\" target=\"_blank\" rel=\"noopener noreferrer\">Download<\/a><\/p>\n<p>-Presta\u00e7\u00e3o de contas da execu\u00e7\u00e3o or\u00e7ament\u00e1ria e financeira &#8211; 2005\u00a0 <a href=\"http:\/\/www2.uepg.br\/proad\/wp-content\/uploads\/sites\/48\/2019\/12\/ca12-2005.ppt\" target=\"_blank\" rel=\"noopener noreferrer\">Download<\/a><\/p>\n<p>-Presta\u00e7\u00e3o de contas da execu\u00e7\u00e3o or\u00e7ament\u00e1ria e financeira &#8211; 1\u00ba Semestre de 2005\u00a0 <a href=\"http:\/\/www2.uepg.br\/proad\/wp-content\/uploads\/sites\/48\/2019\/12\/ca1sem2005.ppt\" target=\"_blank\" rel=\"noopener noreferrer\">Download<\/a><\/p>\n<p>-Previs\u00e3o financeira e or\u00e7ament\u00e1ria &#8211; 2005\u00a0 <a href=\"http:\/\/www2.uepg.br\/proad\/wp-content\/uploads\/sites\/48\/2019\/12\/previsao2005.ppt\" target=\"_blank\" rel=\"noopener noreferrer\">Download<\/a><\/p>\n<p>-Presta\u00e7\u00e3o de contas da execu\u00e7\u00e3o or\u00e7ament\u00e1ria e financeira &#8211; 2004\u00a0 <a href=\"http:\/\/www2.uepg.br\/proad\/wp-content\/uploads\/sites\/48\/2019\/12\/ca12-2004.ppt\" target=\"_blank\" rel=\"noopener noreferrer\">Download<\/a><\/p>\n<p>-Presta\u00e7\u00e3o de contas da execu\u00e7\u00e3o or\u00e7ament\u00e1ria e financeira &#8211; 1\u00ba Semestre de 2004\u00a0 <a href=\"http:\/\/www2.uepg.br\/proad\/wp-content\/uploads\/sites\/48\/2019\/12\/ca2004.ppt\" target=\"_blank\" rel=\"noopener noreferrer\">Download<\/a><\/p>\n<p>-Conselho de Integra\u00e7\u00e3o Universidade &#8211; Sociedade &#8211; 1\u00ba Semestre de 2004\u00a0 <a href=\"http:\/\/www2.uepg.br\/proad\/wp-content\/uploads\/sites\/48\/2019\/12\/cius2004.ppt\" target=\"_blank\" rel=\"noopener noreferrer\">Download<\/a><\/p>\n<p>-Presta\u00e7\u00e3o de Contas ao Conselho de Administra\u00e7\u00e3o &#8211; 2003 <a href=\"http:\/\/www2.uepg.br\/proad\/wp-content\/uploads\/sites\/48\/2019\/12\/ca2003.ppt\" target=\"_blank\" rel=\"noopener noreferrer\">Download<\/a><\/p>\n<p>&nbsp;<\/p>\n","protected":false},"excerpt":{"rendered":"<p>-Presta\u00e7\u00e3o de Contas &#8211; 2017 e Or\u00e7amento &#8211; 2018 Download -Presta\u00e7\u00e3o de Contas &#8211; 2016 e Or\u00e7amento &#8211; 2017 Download -Previs\u00e3o de Gastos &#8211; 2016 Download -Presta\u00e7\u00e3o de contas da execu\u00e7\u00e3o or\u00e7ament\u00e1ria e financeira &#8211; 2015 Download -Previs\u00e3o financeira e or\u00e7ament\u00e1ria &#8211; 2015 Download -Presta\u00e7\u00e3o de contas da execu\u00e7\u00e3o or\u00e7ament\u00e1ria e financeira &#8211; 2014 Download&nbsp;&hellip;<\/p>\n","protected":false},"author":24,"featured_media":0,"parent":0,"menu_order":0,"comment_status":"closed","ping_status":"closed","template":"","meta":[],"_links":{"self":[{"href":"https:\/\/www2.uepg.br\/proad\/wp-json\/wp\/v2\/pages\/323"}],"collection":[{"href":"https:\/\/www2.uepg.br\/proad\/wp-json\/wp\/v2\/pages"}],"about":[{"href":"https:\/\/www2.uepg.br\/proad\/wp-json\/wp\/v2\/types\/page"}],"author":[{"embeddable":true,"href":"https:\/\/www2.uepg.br\/proad\/wp-json\/wp\/v2\/users\/24"}],"replies":[{"embeddable":true,"href":"https:\/\/www2.uepg.br\/proad\/wp-json\/wp\/v2\/comments?post=323"}],"version-history":[{"count":5,"href":"https:\/\/www2.uepg.br\/proad\/wp-json\/wp\/v2\/pages\/323\/revisions"}],"predecessor-version":[{"id":426,"href":"https:\/\/www2.uepg.br\/proad\/wp-json\/wp\/v2\/pages\/323\/revisions\/426"}],"wp:attachment":[{"href":"https:\/\/www2.uepg.br\/proad\/wp-json\/wp\/v2\/media?parent=323"}],"curies":[{"name":"wp","href":"https:\/\/api.w.org\/{rel}","templated":true}]}}