{"id":103,"date":"2018-10-25T16:48:56","date_gmt":"2018-10-25T18:48:56","guid":{"rendered":"http:\/\/www2.uepg.br\/proex\/?page_id=103"},"modified":"2024-05-13T11:23:50","modified_gmt":"2024-05-13T14:23:50","slug":"legislacao-institucional-proex-uepg","status":"publish","type":"page","link":"https:\/\/www2.uepg.br\/proex\/legislacao-institucional-proex-uepg\/","title":{"rendered":"Legisla\u00e7\u00e3o Institucional &#8211; PROEX\/UEPG"},"content":{"rendered":"<div id=\"pl-103\"  class=\"panel-layout\" ><div id=\"pg-103-0\"  class=\"panel-grid panel-no-style\" ><div id=\"pgc-103-0-0\"  class=\"panel-grid-cell\" ><div id=\"panel-103-0-0-0\" class=\"so-panel widget widget_sow-editor panel-first-child panel-last-child\" data-index=\"0\" ><div\n\t\t\t\n\t\t\tclass=\"so-widget-sow-editor so-widget-sow-editor-base\"\n\t\t\t\n\t\t>\n<div class=\"siteorigin-widget-tinymce textwidget\">\n\t<p style=\"text-align: center\"><b>REGULAMENTO DA CURRICULARIZA\u00c7\u00c3O DA EXTENS\u00c3O NA UNIVERSIDADE <\/b><b>ESTADUAL DE PONTA GROSSA<\/b><\/p>\n<p style=\"text-align: center\"><a href=\"https:\/\/www2.uepg.br\/proex\/wp-content\/uploads\/sites\/8\/2024\/05\/Resolucao-CEPE-2024.16.pdf\">Resolu\u00e7\u00e3o CEPE 2024.16<\/a><\/p>\n<h5><\/h5>\n<h5 style=\"text-align: center\"><strong>COORDENA\u00c7\u00c3O DE ATIVIDADES DE EXTENS\u00c3O<\/strong><\/h5>\n<p style=\"text-align: center\"><strong><a href=\"https:\/\/www2.uepg.br\/proex\/wp-content\/uploads\/sites\/8\/2023\/04\/SEI_22.000064185_2-2-1.pdf\">PORTARIA R. - N\u00ba 2023\/256\u00a0<\/a><\/strong><\/p>\n<p>&nbsp;<\/p>\n<h5><\/h5>\n<h5><\/h5>\n<h5 style=\"text-align: center\">INSTRU\u00c7\u00d5ES NORMATIVAS<\/h5>\n<p style=\"text-align: center\"><a href=\"https:\/\/www2.uepg.br\/proex\/wp-content\/uploads\/sites\/8\/2024\/05\/Instrucao-Normativa-PROEX-01-24-1.pdf\">Instrucao-Normativa-PROEX-01-24-1<\/a><\/p>\n<p style=\"text-align: center\"><a href=\"https:\/\/www2.uepg.br\/proex\/wp-content\/uploads\/sites\/8\/2023\/02\/SEI_23.000008833_6.pdf\">INSTRU\u00c7\u00c3O NORMATIVA PROEX N\u00ba 01\/2023<\/a><\/p>\n<p>&nbsp;<\/p>\n<p style=\"text-align: center\"><strong><a href=\"https:\/\/www2.uepg.br\/proex\/wp-content\/uploads\/sites\/8\/2021\/12\/Ordem-de-Servico-DEU-PROEX-2021-2.docx\">ORDEM DE SERVI\u00c7O N\u00b0001\/2021 - PROEX<\/a><\/strong><\/p>\n<p style=\"text-align: center\"><a href=\"http:\/\/www2.uepg.br\/proex\/wp-content\/uploads\/sites\/8\/2021\/04\/INSTRUCAO-DE-SERVICO-001-2021.pdf\" target=\"_blank\" rel=\"noopener\">INSTRU\u00c7\u00c3O DE SERVI\u00c7O N\u00ba 001\/2021 - PROEX-DEU<\/a><\/p>\n<p style=\"text-align: center\"><a href=\"https:\/\/www2.uepg.br\/proex\/wp-content\/uploads\/sites\/8\/2021\/09\/SEI_21.000043585_6.pdf\" target=\"_blank\" rel=\"noopener\">INSTRU\u00c7\u00c3O DE SERVI\u00c7O N\u00ba 002\/2021 - PROEX-DEU<\/a><\/p>\n<p>&nbsp;<\/p>\n<h5 style=\"text-align: center\"><a href=\"https:\/\/www2.uepg.br\/proex\/wp-content\/uploads\/sites\/8\/2022\/03\/ORDEM-DE-SERVICO-2020.0203731-PROEX.pdf\">ORDEM DE SERVI\u00c7O 2020.0203731 - PROEX<\/a><\/h5>\n<p>&nbsp;<\/p>\n<h5 class=\"style3\" style=\"text-align: center\">PROGRAMAS E PROJETOS<\/h5>\n<p class=\"style1\" style=\"text-align: center\">\u00a0<a href=\"http:\/\/www2.uepg.br\/proex\/wp-content\/uploads\/sites\/8\/2018\/10\/LEGISLACAO_RESOLUCAO_CEPE_2009-235.pdf\" target=\"_blank\" rel=\"noopener noreferrer\">Resolu\u00e7\u00e3o CEPE n\u00ba 235 08\/12\/2009 - Programas e Projetos de Extens\u00e3o<\/a><\/p>\n<p style=\"text-align: center\"><a href=\"https:\/\/www2.uepg.br\/proex\/wp-content\/uploads\/sites\/8\/2022\/06\/Resolucao-CA-2022.88.pdf\">RESOLU\u00c7\u00c3O CA - N\u00ba 2022.88 - Volunt\u00e1rio Externo em Atividades de Extens\u00e3o<\/a><\/p>\n<p style=\"text-align: center\"><a href=\"https:\/\/www2.uepg.br\/proex\/wp-content\/uploads\/sites\/8\/2022\/06\/Resca2022.88anexo.pdf\">Anexo da Resolu\u00e7\u00e3o CA n\u00ba 2022.88<\/a><\/p>\n<p>&nbsp;<\/p>\n<h5 class=\"style3\" style=\"text-align: center\">CURSOS\/EVENTOS<\/h5>\n<p class=\"style1\" style=\"text-align: center\">\u00a0<a href=\"http:\/\/www2.uepg.br\/proex\/wp-content\/uploads\/sites\/8\/2018\/10\/LEGISLACAO_RESOLUCAO_CEPE_2009-236.pdf\" target=\"_blank\" rel=\"noopener noreferrer\">Resolu\u00e7\u00e3o CEPE n\u00ba 236 08\/12\/2009 - Cursos e Eventos de Extens\u00e3o<\/a><\/p>\n<p class=\"style1\" style=\"text-align: center\"><a href=\"http:\/\/www2.uepg.br\/proex\/wp-content\/uploads\/sites\/8\/2018\/10\/LEGISLACAO_RESOLUCAO_CA_2004-256.pdf\" target=\"_blank\" rel=\"noopener noreferrer\">Resolu\u00e7\u00e3o CA n\u00ba 256 30\/08\/2004 - Expedi\u00e7\u00e3o de Certificados <\/a><\/p>\n<p class=\"style1\" style=\"text-align: center\"><a href=\"http:\/\/www2.uepg.br\/proex\/wp-content\/uploads\/sites\/8\/2018\/10\/LEGISLACAO_RESOLUCAO_CA_2006-202.pdf\" target=\"_blank\" rel=\"noopener noreferrer\">Resolu\u00e7\u00e3o CA n\u00ba 202 29\/05\/2006 - Remunera\u00e7\u00e3o<\/a><\/p>\n<p>&nbsp;<\/p>\n<h5 class=\"style3\" style=\"text-align: center\">CINE-TEATRO PAX<\/h5>\n<p class=\"style1\" style=\"text-align: center\">\u00a0<a href=\"http:\/\/www2.uepg.br\/proex\/wp-content\/uploads\/sites\/8\/2018\/10\/PAX_RESOLUCAO-CA_2016-149.pdf\" target=\"_blank\" rel=\"noopener noreferrer\">RESOLU\u00c7\u00c3O CA N\u00ba 149 - 2018<\/a><\/p>\n<p class=\"style1\" style=\"text-align: center\"><a href=\"http:\/\/www2.uepg.br\/proex\/wp-content\/uploads\/sites\/8\/2018\/10\/PAX_RESOLUCAO-CA_2017-109.pdf\" target=\"_blank\" rel=\"noopener noreferrer\">RESOLU\u00c7\u00c3O CA N\u00ba 109 - 2017<\/a><\/p>\n<p class=\"style1\" style=\"text-align: center\"><a href=\"http:\/\/www2.uepg.br\/proex\/wp-content\/uploads\/sites\/8\/2018\/10\/PAX_RESOLUCAO-CA_2016-025.pdf\" target=\"_blank\" rel=\"noopener noreferrer\">RESOLU\u00c7\u00c3O CA N\u00ba 025 - 2016<\/a><\/p>\n<p class=\"style1\" style=\"text-align: center\"><a href=\"http:\/\/www2.uepg.br\/proex\/wp-content\/uploads\/sites\/8\/2018\/10\/PAX_RESOLUCAO-CA_2013-666.pdf\" target=\"_blank\" rel=\"noopener noreferrer\">RESOLU\u00c7\u00c3O CA N\u00ba 666 - 2013<\/a><\/p>\n<p class=\"style1\" style=\"text-align: center\"><a href=\"http:\/\/www2.uepg.br\/proex\/wp-content\/uploads\/sites\/8\/2018\/10\/PAX_RESOLUCAO-CA_2008-354.pdf\" target=\"_blank\" rel=\"noopener noreferrer\">RESOLU\u00c7\u00c3O CA N\u00ba 354 - 2008<\/a><\/p>\n<p>&nbsp;<\/p>\n<h5 class=\"style3\" style=\"text-align: center\">PROGRAMA DE BOLSAS<\/h5>\n<p style=\"text-align: center\"><a href=\"https:\/\/www2.uepg.br\/proex\/wp-content\/uploads\/sites\/8\/2022\/02\/Resolucao-CA-257-2011-Regulamento-de-Bolsas-de-Extensao.pdf\">Resolu\u00e7\u00e3o CA N\u00ba 257 - 2011 - Regulamento de Bolsas de Extens\u00e3o<\/a><\/p>\n<p>&nbsp;<\/p>\n<\/div>\n<\/div><\/div><\/div><\/div><\/div>","protected":false},"excerpt":{"rendered":"<p>REGULAMENTO DA CURRICULARIZA\u00c7\u00c3O DA EXTENS\u00c3O NA UNIVERSIDADE ESTADUAL DE PONTA GROSSA Resolu\u00e7\u00e3o CEPE 2024.16 COORDENA\u00c7\u00c3O DE ATIVIDADES DE EXTENS\u00c3O PORTARIA R. &#8211; N\u00ba 2023\/256\u00a0 &nbsp; INSTRU\u00c7\u00d5ES NORMATIVAS Instrucao-Normativa-PROEX-01-24-1 INSTRU\u00c7\u00c3O NORMATIVA PROEX N\u00ba 01\/2023 &nbsp; ORDEM DE SERVI\u00c7O N\u00b0001\/2021 &#8211; PROEX INSTRU\u00c7\u00c3O DE SERVI\u00c7O N\u00ba 001\/2021 &#8211; PROEX-DEU INSTRU\u00c7\u00c3O DE SERVI\u00c7O N\u00ba 002\/2021 &#8211; PROEX-DEU &nbsp;&nbsp;&hellip;<\/p>\n","protected":false},"author":85,"featured_media":0,"parent":0,"menu_order":0,"comment_status":"closed","ping_status":"closed","template":"","meta":[],"_links":{"self":[{"href":"https:\/\/www2.uepg.br\/proex\/wp-json\/wp\/v2\/pages\/103"}],"collection":[{"href":"https:\/\/www2.uepg.br\/proex\/wp-json\/wp\/v2\/pages"}],"about":[{"href":"https:\/\/www2.uepg.br\/proex\/wp-json\/wp\/v2\/types\/page"}],"author":[{"embeddable":true,"href":"https:\/\/www2.uepg.br\/proex\/wp-json\/wp\/v2\/users\/85"}],"replies":[{"embeddable":true,"href":"https:\/\/www2.uepg.br\/proex\/wp-json\/wp\/v2\/comments?post=103"}],"version-history":[{"count":50,"href":"https:\/\/www2.uepg.br\/proex\/wp-json\/wp\/v2\/pages\/103\/revisions"}],"predecessor-version":[{"id":8929,"href":"https:\/\/www2.uepg.br\/proex\/wp-json\/wp\/v2\/pages\/103\/revisions\/8929"}],"wp:attachment":[{"href":"https:\/\/www2.uepg.br\/proex\/wp-json\/wp\/v2\/media?parent=103"}],"curies":[{"name":"wp","href":"https:\/\/api.w.org\/{rel}","templated":true}]}}