{"id":2243,"date":"2020-07-14T10:26:34","date_gmt":"2020-07-14T13:26:34","guid":{"rendered":"http:\/\/www2.uepg.br\/proex\/?page_id=2243"},"modified":"2024-10-25T08:24:14","modified_gmt":"2024-10-25T11:24:14","slug":"dac-divisao-de-assuntos-culturais","status":"publish","type":"page","link":"https:\/\/www2.uepg.br\/proex\/dac-divisao-de-assuntos-culturais\/","title":{"rendered":"DAC- Divis\u00e3o de Assuntos Culturais"},"content":{"rendered":"<p>A PROEX, atrav\u00e9s da\u00a0<b> DAC <\/b>&#8211; Diretoria de Assuntos Culturais, oferta para a sociedade cursos de viol\u00e3o cl\u00e1ssico e popular, piano, canto, desenho, pintura, artes visuais teen e yoga buscando difundir a arte e possibilitar ao p\u00fablico em geral o contato com as mais variadas formas de express\u00e3o art\u00edstica.<\/p>\n<p>Al\u00e9m dessa possibilidade de aprendizagem, tem a preocupa\u00e7\u00e3o social de levar a cultura at\u00e9 os mais diversos espa\u00e7os da cidade, promovendo eventos que j\u00e1 fazem parte do calend\u00e1rio cultural da cidade, tais como o <strong>Festival Universit\u00e1rio da Can\u00e7\u00e3o \u2013 FUC, e o Festival Nacional de Teatro \u2013 FENATA.<\/strong><\/p>\n<p>A <strong>DAC<\/strong> \u00e9 um espa\u00e7o que trabalha com a arte e a cultura, para que aflorem e cres\u00e7am nos diversos segmentos da sociedade. A <strong>Divis\u00e3o de Assuntos Culturais <\/strong>est\u00e1 aberta para receber artistas, alunos, amigos e interessados que buscam atrav\u00e9s da arte encontrar a sua identidade e divulgar os seus talentos.<\/p>\n<p>A Galeria<strong> DAC\/PROEX\/ UEPG<\/strong> recebe exposi\u00e7\u00f5es de artistas convidados e de artistas selecionados por edital, que s\u00e3o abertos, geralmente no in\u00edcio do ano.<\/p>\n<p>A Galeria recebe visita\u00e7\u00f5es de grupos, individuais, com a\u00e7\u00f5es mediadoras.<\/p>\n<p>Para marcar visita\u00e7\u00e3o, escolas, empresas, grupos diversos, com ou sem media\u00e7\u00e3o, entrar em contato atrav\u00e9s dos nossos canais.<\/p>\n<p>Venha nos visitar!<\/p>\n<p><strong>REDES SOCIAIS:\u00a0<\/strong><\/p>\n<p>INSTAGRAM: <a href=\"https:\/\/www.instagram.com\/proexuepg\/\">https:\/\/www.instagram.com\/proexuepg\/<\/a><\/p>\n<p><strong>CONTATOS:<\/strong><\/p>\n<p>ENDERE\u00c7O: Pra\u00e7a Marechal Floriano Peixoto, n\u00ba 129 Centro, Ponta Grossa \u2013 PR CEP: 84010-680<\/p>\n<p>TELEFONE: (42) 3220- 3494<\/p>\n<p>E-MAIL: <a href=\"mailto:dac@uepg.br\">dac@uepg.br<\/a><\/p>\n<p>&nbsp;<\/p>\n","protected":false},"excerpt":{"rendered":"<p>A PROEX, atrav\u00e9s da\u00a0 DAC &#8211; Diretoria de Assuntos Culturais, oferta para a sociedade cursos de viol\u00e3o cl\u00e1ssico e popular, piano, canto, desenho, pintura, artes visuais teen e yoga buscando difundir a arte e possibilitar ao p\u00fablico em geral o contato com as mais variadas formas de express\u00e3o art\u00edstica. Al\u00e9m dessa possibilidade de aprendizagem, tem&nbsp;&hellip;<\/p>\n","protected":false},"author":24,"featured_media":0,"parent":0,"menu_order":0,"comment_status":"closed","ping_status":"closed","template":"","meta":[],"_links":{"self":[{"href":"https:\/\/www2.uepg.br\/proex\/wp-json\/wp\/v2\/pages\/2243"}],"collection":[{"href":"https:\/\/www2.uepg.br\/proex\/wp-json\/wp\/v2\/pages"}],"about":[{"href":"https:\/\/www2.uepg.br\/proex\/wp-json\/wp\/v2\/types\/page"}],"author":[{"embeddable":true,"href":"https:\/\/www2.uepg.br\/proex\/wp-json\/wp\/v2\/users\/24"}],"replies":[{"embeddable":true,"href":"https:\/\/www2.uepg.br\/proex\/wp-json\/wp\/v2\/comments?post=2243"}],"version-history":[{"count":9,"href":"https:\/\/www2.uepg.br\/proex\/wp-json\/wp\/v2\/pages\/2243\/revisions"}],"predecessor-version":[{"id":9508,"href":"https:\/\/www2.uepg.br\/proex\/wp-json\/wp\/v2\/pages\/2243\/revisions\/9508"}],"wp:attachment":[{"href":"https:\/\/www2.uepg.br\/proex\/wp-json\/wp\/v2\/media?parent=2243"}],"curies":[{"name":"wp","href":"https:\/\/api.w.org\/{rel}","templated":true}]}}