{"id":161,"date":"2020-07-07T17:47:52","date_gmt":"2020-07-07T20:47:52","guid":{"rendered":"http:\/\/www2.uepg.br\/profei\/?page_id=161"},"modified":"2023-10-18T09:12:04","modified_gmt":"2023-10-18T12:12:04","slug":"dissertacoes-produtos-educacionais","status":"publish","type":"page","link":"https:\/\/www2.uepg.br\/profei\/dissertacoes-produtos-educacionais\/","title":{"rendered":"DISSERTA\u00c7\u00d5ES E PRODUTOS EDUCACIONAIS"},"content":{"rendered":"<p style=\"text-align: center;\"><strong>DISSERTA\u00c7\u00d5ES DEFENDIDAS<\/strong><\/p>\n<p style=\"text-align: center;\"><strong>2022<\/strong><\/p>\n<table class=\"table\" style=\"height: 2446px;\" summary=\"This table browses all dspace content\" width=\"885\" align=\"center\">\n<colgroup>\n<col width=\"10%\" \/>\n<col width=\"40%\" \/>\n<col width=\"40%\" \/>\n<col width=\"10%\" \/><\/colgroup>\n<tbody>\n<tr>\n<th id=\"t1\" class=\"oddRowEvenCol\" style=\"text-align: center;\">Data do documento<\/th>\n<th id=\"t2\" class=\"oddRowOddCol\" style=\"text-align: center;\"><strong>T\u00edtulo<\/strong><\/th>\n<th id=\"t3\" class=\"oddRowEvenCol\" style=\"text-align: center;\">Autor(es)<\/th>\n<th id=\"t4\" class=\"oddRowOddCol\" style=\"text-align: center;\">Orientador<\/th>\n<\/tr>\n<tr>\n<td class=\"evenRowEvenCol\" headers=\"t1\" align=\"right\" nowrap=\"nowrap\">\n<p style=\"text-align: left;\">31-Out-2022<\/p>\n<\/td>\n<td class=\"evenRowOddCol\" style=\"text-align: center;\" headers=\"t2\"><strong><a href=\"https:\/\/tede2.uepg.br\/jspui\/handle\/prefix\/3977\">A Educa\u00e7\u00e3o F\u00edsica na Modalidade de Educa\u00e7\u00e3o de Jovens e Adultos<\/a><\/strong><\/td>\n<td class=\"evenRowEvenCol\" style=\"text-align: center;\" headers=\"t3\"><em>Winkler, Jos\u00e9 Carlos<\/em><\/td>\n<td class=\"evenRowOddCol\" style=\"text-align: left;\" headers=\"t4\">Rita de C\u00e1ssia da Silva Oliveira<\/td>\n<\/tr>\n<tr>\n<td class=\"oddRowEvenCol\" headers=\"t1\" align=\"right\" nowrap=\"nowrap\">28-Abr-2023<\/td>\n<td class=\"oddRowOddCol\" style=\"text-align: center;\" headers=\"t2\"><strong><a href=\"https:\/\/tede2.uepg.br\/jspui\/handle\/prefix\/3954\">A Forma\u00e7\u00e3o Continuada no Contexto da Educa\u00e7\u00e3o Inclusiva: contribui\u00e7\u00f5es para as pr\u00e1ticas pedag\u00f3gicas de professores do Munic\u00edpio de Ca\u00e7ador-SC<\/a><\/strong><\/td>\n<td class=\"oddRowEvenCol\" style=\"text-align: center;\" headers=\"t3\"><em>Matias, Francine de<\/em><\/td>\n<td class=\"oddRowOddCol\" headers=\"t4\">Elenice Parise Foltran<\/td>\n<\/tr>\n<tr>\n<td class=\"evenRowEvenCol\" headers=\"t1\" align=\"right\" nowrap=\"nowrap\">14-Dez-2022<\/td>\n<td class=\"evenRowOddCol\" style=\"text-align: center;\" headers=\"t2\"><strong><a href=\"https:\/\/tede2.uepg.br\/jspui\/handle\/prefix\/3949\">A dan\u00e7a como meio de inclus\u00e3o para a pessoa com defici\u00eancia na aula de Educa\u00e7\u00e3o F\u00edsica nas s\u00e9ries iniciais do ensino fundamental<\/a><\/strong><\/td>\n<td class=\"evenRowEvenCol\" style=\"text-align: center;\" headers=\"t3\"><em>Martinhuk, Kamila Camilio<\/em><\/td>\n<td class=\"evenRowOddCol\" headers=\"t4\"><em>Carolina Paioli Tavares<\/em><\/td>\n<\/tr>\n<tr>\n<td class=\"oddRowEvenCol\" headers=\"t1\" align=\"right\" nowrap=\"nowrap\">20-Dez-2022<\/td>\n<td class=\"oddRowOddCol\" style=\"text-align: center;\" headers=\"t2\"><strong><a href=\"https:\/\/tede2.uepg.br\/jspui\/handle\/prefix\/3944\">As politicas educacionais voltadas \u00e0 Educa\u00e7\u00e3o Especial no municipio de Ponta Grossa, PR<\/a><\/strong><\/td>\n<td class=\"oddRowEvenCol\" style=\"text-align: center;\" headers=\"t3\"><em>Vieira, Fl\u00e1via de Paula<\/em><\/td>\n<td class=\"oddRowOddCol\" headers=\"t4\">Vera Lucia Martiniak<\/td>\n<\/tr>\n<tr>\n<td class=\"evenRowEvenCol\" headers=\"t1\" align=\"right\" nowrap=\"nowrap\">19-Out-2022<\/td>\n<td class=\"evenRowOddCol\" style=\"text-align: center;\" headers=\"t2\"><strong><a href=\"https:\/\/tede2.uepg.br\/jspui\/handle\/prefix\/3900\">O uso de tecnologias digitais de informa\u00e7\u00e3o e comunica\u00e7\u00e3o por professores da sala de recursos multifuncionais durante o per\u00edodo de pandemia<\/a><\/strong><\/td>\n<td class=\"evenRowEvenCol\" style=\"text-align: center;\" headers=\"t3\"><em>Martins, Danielle Cristina<\/em><\/td>\n<td class=\"evenRowOddCol\" headers=\"t4\">Jos\u00e9 Fabiano Costa Justus<\/td>\n<\/tr>\n<tr>\n<td class=\"oddRowEvenCol\" headers=\"t1\" align=\"right\" nowrap=\"nowrap\">4-Nov-2022<\/td>\n<td class=\"oddRowOddCol\" style=\"text-align: center;\" headers=\"t2\"><strong><a href=\"https:\/\/tede2.uepg.br\/jspui\/handle\/prefix\/3830\">Comunica\u00e7\u00e3o e o desenvolvimento da linguagem de estudantes com transtorno do espectro autista<\/a><\/strong><\/td>\n<td class=\"oddRowEvenCol\" style=\"text-align: center;\" headers=\"t3\"><em>Emiliano, Daiane Olchanheski<\/em><\/td>\n<td class=\"oddRowOddCol\" headers=\"t4\">Nelba Maria Teixeira Pisacco<\/td>\n<\/tr>\n<tr>\n<td class=\"evenRowEvenCol\" headers=\"t1\" align=\"right\" nowrap=\"nowrap\">27-Out-2022<\/td>\n<td class=\"evenRowOddCol\" style=\"text-align: center;\" headers=\"t2\"><strong><a href=\"https:\/\/tede2.uepg.br\/jspui\/handle\/prefix\/3816\">Formar para Incluir \u2013 A Forma\u00e7\u00e3o de Professores do Atendimento Educacional Especializado para a Educa\u00e7\u00e3o Inclusiva, pautada no Ensino Colaborativo e na perspectiva do Desenho Universal para a Aprendizagem<\/a><\/strong><\/td>\n<td class=\"evenRowEvenCol\" style=\"text-align: center;\" headers=\"t3\"><em>Anjos, Adriane Gusm\u00e3o dos<\/em><\/td>\n<td class=\"evenRowOddCol\" headers=\"t4\">Elenice Parise Foltran<\/td>\n<\/tr>\n<tr>\n<td class=\"oddRowEvenCol\" headers=\"t1\" align=\"right\" nowrap=\"nowrap\">19-Out-2022<\/td>\n<td class=\"oddRowOddCol\" style=\"text-align: center;\" headers=\"t2\"><strong><a href=\"https:\/\/tede2.uepg.br\/jspui\/handle\/prefix\/3805\">O trabalho colaborativo entre professores e a aprendizagem dos estudantes p\u00fablico-alvo da educa\u00e7\u00e3o especial na educa\u00e7\u00e3o de jovens e adultos<\/a><\/strong><\/td>\n<td class=\"oddRowEvenCol\" headers=\"t3\"><em>Bernardi, Vanessa<\/em><\/td>\n<td class=\"oddRowOddCol\" headers=\"t4\">Rita de C\u00e1ssia da Silva Oliveira<\/td>\n<\/tr>\n<tr>\n<td class=\"evenRowEvenCol\" headers=\"t1\" align=\"right\" nowrap=\"nowrap\">25-Out-2022<\/td>\n<td class=\"evenRowOddCol\" style=\"text-align: center;\" headers=\"t2\"><strong><a href=\"https:\/\/tede2.uepg.br\/jspui\/handle\/prefix\/3803\">Articula\u00e7\u00e3o entre professores da classe regular e do atendimento educacional especializado por meio da forma\u00e7\u00e3o continuada<\/a><\/strong><\/td>\n<td class=\"evenRowEvenCol\" style=\"text-align: center;\" headers=\"t3\"><em>Carmo, Silvana de Fatima Travensoli do<\/em><\/td>\n<td class=\"evenRowOddCol\" headers=\"t4\">Vera Lucia Martiniak<\/td>\n<\/tr>\n<tr>\n<td class=\"oddRowEvenCol\" headers=\"t1\" align=\"right\" nowrap=\"nowrap\">26-Out-2022<\/td>\n<td class=\"oddRowOddCol\" style=\"text-align: center;\" headers=\"t2\"><strong><a href=\"https:\/\/tede2.uepg.br\/jspui\/handle\/prefix\/3802\">Educa\u00e7\u00e3o Inclusiva: Forma\u00e7\u00e3o Continuada na perspectiva do Coensino<\/a><\/strong><\/td>\n<td class=\"oddRowEvenCol\" style=\"text-align: center;\" headers=\"t3\"><em>Passos, Sonia de F\u00e1tima Cristina Scheitel dos<\/em><\/td>\n<td class=\"oddRowOddCol\" headers=\"t4\">Elenice Parise Foltran<\/td>\n<\/tr>\n<tr>\n<td class=\"evenRowEvenCol\" headers=\"t1\" align=\"right\" nowrap=\"nowrap\">27-Out-2022<\/td>\n<td class=\"evenRowOddCol\" style=\"text-align: center;\" headers=\"t2\"><strong><a href=\"https:\/\/tede2.uepg.br\/jspui\/handle\/prefix\/3800\">Educa\u00e7\u00e3o Inclusiva, Ensino Remoto e Covid-19: Possibilidades e Limites de Pr\u00e1ticas Pedag\u00f3gicas Humanizadoras<\/a><\/strong><\/td>\n<td class=\"evenRowEvenCol\" style=\"text-align: center;\" headers=\"t3\"><em>Calistro, Edin\u00e9ia Aparecida<\/em><\/td>\n<td class=\"evenRowOddCol\" headers=\"t4\">Edina Schimanski<\/td>\n<\/tr>\n<tr>\n<td class=\"oddRowEvenCol\" headers=\"t1\" align=\"right\" nowrap=\"nowrap\">30-Set-2022<\/td>\n<td class=\"oddRowOddCol\" style=\"text-align: center;\" headers=\"t2\"><strong><a href=\"https:\/\/tede2.uepg.br\/jspui\/handle\/prefix\/3794\">Analise da Qualidade de Vida de frequentadores da Sala de Recursos Multifuncional, considerando o Plano de Atendimento Individual do Aluno com Defici\u00eancia<\/a><\/strong><\/td>\n<td class=\"oddRowEvenCol\" style=\"text-align: center;\" headers=\"t3\"><em>Bueno, Valdenise Batista<\/em><\/td>\n<td class=\"oddRowOddCol\" headers=\"t4\">Bruno Pedroso<\/td>\n<\/tr>\n<tr>\n<td class=\"evenRowEvenCol\" headers=\"t1\" align=\"right\" nowrap=\"nowrap\">21-Out-2022<\/td>\n<td class=\"evenRowOddCol\" style=\"text-align: center;\" headers=\"t2\"><strong><a href=\"https:\/\/tede2.uepg.br\/jspui\/handle\/prefix\/3793\">Possibilidades e Limites do Atendimento Educacional Especializado nas Escolas<\/a><\/strong><\/td>\n<td class=\"evenRowEvenCol\" style=\"text-align: center;\" headers=\"t3\"><em>Fagundes, Karine Michele<\/em><\/td>\n<td class=\"evenRowOddCol\" headers=\"t4\">Edina Schimanski<\/td>\n<\/tr>\n<tr>\n<td class=\"oddRowEvenCol\" headers=\"t1\" align=\"right\" nowrap=\"nowrap\">26-Out-2022<\/td>\n<td class=\"oddRowOddCol\" style=\"text-align: center;\" headers=\"t2\"><strong><a href=\"https:\/\/tede2.uepg.br\/jspui\/handle\/prefix\/3792\">O desenvolvimento de material autoinstrucional como facilitador do acesso a informa\u00e7\u00f5es para inclus\u00e3o escolar de estudantes com transtorno do espectro autista<\/a><\/strong><\/td>\n<td class=\"oddRowEvenCol\" style=\"text-align: center;\" headers=\"t3\"><em>Ferreira, Daniela Nascimento<\/em><\/td>\n<td class=\"oddRowOddCol\" headers=\"t4\">Nelba Maria Teixeira Pisacco<\/td>\n<\/tr>\n<tr>\n<td class=\"evenRowEvenCol\" headers=\"t1\" align=\"right\" nowrap=\"nowrap\">26-Set-2022<\/td>\n<td class=\"evenRowOddCol\" style=\"text-align: center;\" headers=\"t2\"><strong><a href=\"https:\/\/tede2.uepg.br\/jspui\/handle\/prefix\/3791\">Trabalho Colaborativo Entre Professoras da Sala de Recursos Multifuncional: proposi\u00e7\u00f5es did\u00e1tico pedag\u00f3gicas para alunos com defici\u00eancia intelectual dos anos finais do ensino fundamental<\/a><\/strong><\/td>\n<td class=\"evenRowEvenCol\" style=\"text-align: center;\" headers=\"t3\"><em>Janu\u00e1rio, Fabiane Schwade<\/em><\/td>\n<td class=\"evenRowOddCol\" headers=\"t4\">Maria Ant\u00f4nia de Souza<\/td>\n<\/tr>\n<tr>\n<td class=\"oddRowEvenCol\" headers=\"t1\" align=\"right\" nowrap=\"nowrap\">19-Set-2022<\/td>\n<td class=\"oddRowOddCol\" style=\"text-align: center;\" headers=\"t2\"><strong><a href=\"https:\/\/tede2.uepg.br\/jspui\/handle\/prefix\/3790\">Avalia\u00e7\u00e3o da Qualidade de Vida de alunos das Salas de Recursos Multifuncionais do munic\u00edpio de Castro-PR: possibilidades e limites de altera\u00e7\u00f5es na Gest\u00e3o Escolar<\/a><\/strong><\/td>\n<td class=\"oddRowEvenCol\" style=\"text-align: center;\" headers=\"t3\"><em>Dancosky, Angela Sleutjes<\/em><\/td>\n<td class=\"oddRowOddCol\" headers=\"t4\">Bruno Pedroso<\/td>\n<\/tr>\n<tr>\n<td class=\"evenRowEvenCol\" headers=\"t1\" align=\"right\" nowrap=\"nowrap\">3-Out-2022<\/td>\n<td class=\"evenRowOddCol\" style=\"text-align: center;\" headers=\"t2\"><strong><a href=\"https:\/\/tede2.uepg.br\/jspui\/handle\/prefix\/3787\">Uso das Tecnologias Digitais da Informa\u00e7\u00e3o e Comunica\u00e7\u00e3o no processo de ensino e aprendizagem de estudantes da educa\u00e7\u00e3o especial no per\u00edodo de pandemia em um col\u00e9gio de Maring\u00e1: Percep\u00e7\u00e3o docente<\/a><\/strong><\/td>\n<td class=\"evenRowEvenCol\" style=\"text-align: center;\" headers=\"t3\"><em>Gezualdo, Jane<\/em><\/td>\n<td class=\"evenRowOddCol\" headers=\"t4\">Jos\u00e9 Fabiano Costa Justus<\/td>\n<\/tr>\n<tr>\n<td class=\"oddRowEvenCol\" headers=\"t1\" align=\"right\" nowrap=\"nowrap\">19-Set-2022<\/td>\n<td class=\"oddRowOddCol\" style=\"text-align: center;\" headers=\"t2\"><strong><a href=\"https:\/\/tede2.uepg.br\/jspui\/handle\/prefix\/3780\">MEDIA\u00c7\u00d5ES PEDAG\u00d3GICAS: CONTRIBUI\u00c7\u00d5ES AO PLANEJAMENTO DO ENSINO PARA O TRABALHO COM PESSOAS COM DEFICI\u00caNCIA<\/a><\/strong><\/td>\n<td class=\"oddRowEvenCol\" style=\"text-align: center;\" headers=\"t3\"><em>Manrique, Cristiane Pawlak<\/em><\/td>\n<td class=\"oddRowOddCol\" headers=\"t4\">Maria Ant\u00f4nia de Souza<\/td>\n<\/tr>\n<tr>\n<td class=\"evenRowEvenCol\" style=\"text-align: center;\" headers=\"t1\" align=\"right\" nowrap=\"nowrap\">18-Jul-2022<\/td>\n<td class=\"evenRowOddCol\" style=\"text-align: center;\" headers=\"t2\"><strong><a href=\"https:\/\/tede2.uepg.br\/jspui\/handle\/prefix\/3709\">Escolariza\u00e7\u00e3o de jovens e adultos com defici\u00eancia intelectual: contribui\u00e7\u00f5es da teoria hist\u00f3rico-cultural para o desenvolvimento pedag\u00f3gico<\/a><\/strong><\/td>\n<td class=\"evenRowEvenCol\" style=\"text-align: center;\" headers=\"t3\"><em>Bueno, Olga Mara<\/em><\/td>\n<td class=\"evenRowOddCol\" headers=\"t4\">\n<p style=\"text-align: center;\">Rita de C\u00e1ssia da Silva Oliveira<\/p>\n<\/td>\n<\/tr>\n<\/tbody>\n<\/table>\n<p>&nbsp;<\/p>\n","protected":false},"excerpt":{"rendered":"<p>DISSERTA\u00c7\u00d5ES DEFENDIDAS 2022 Data do documento T\u00edtulo Autor(es) Orientador 31-Out-2022 A Educa\u00e7\u00e3o F\u00edsica na Modalidade de Educa\u00e7\u00e3o de Jovens e Adultos Winkler, Jos\u00e9 Carlos Rita de C\u00e1ssia da Silva Oliveira 28-Abr-2023 A Forma\u00e7\u00e3o Continuada no Contexto da Educa\u00e7\u00e3o Inclusiva: contribui\u00e7\u00f5es para as pr\u00e1ticas pedag\u00f3gicas de professores do Munic\u00edpio de Ca\u00e7ador-SC Matias, Francine de Elenice Parise&nbsp;&hellip;<\/p>\n","protected":false},"author":24,"featured_media":0,"parent":0,"menu_order":0,"comment_status":"closed","ping_status":"closed","template":"","meta":[],"_links":{"self":[{"href":"https:\/\/www2.uepg.br\/profei\/wp-json\/wp\/v2\/pages\/161"}],"collection":[{"href":"https:\/\/www2.uepg.br\/profei\/wp-json\/wp\/v2\/pages"}],"about":[{"href":"https:\/\/www2.uepg.br\/profei\/wp-json\/wp\/v2\/types\/page"}],"author":[{"embeddable":true,"href":"https:\/\/www2.uepg.br\/profei\/wp-json\/wp\/v2\/users\/24"}],"replies":[{"embeddable":true,"href":"https:\/\/www2.uepg.br\/profei\/wp-json\/wp\/v2\/comments?post=161"}],"version-history":[{"count":7,"href":"https:\/\/www2.uepg.br\/profei\/wp-json\/wp\/v2\/pages\/161\/revisions"}],"predecessor-version":[{"id":899,"href":"https:\/\/www2.uepg.br\/profei\/wp-json\/wp\/v2\/pages\/161\/revisions\/899"}],"wp:attachment":[{"href":"https:\/\/www2.uepg.br\/profei\/wp-json\/wp\/v2\/media?parent=161"}],"curies":[{"name":"wp","href":"https:\/\/api.w.org\/{rel}","templated":true}]}}