{"id":131,"date":"2021-03-30T13:05:09","date_gmt":"2021-03-30T16:05:09","guid":{"rendered":"https:\/\/www2.uepg.br\/profhistoria\/?page_id=131"},"modified":"2024-06-18T14:24:03","modified_gmt":"2024-06-18T17:24:03","slug":"apresentacao-2","status":"publish","type":"page","link":"https:\/\/www2.uepg.br\/profhistoria\/apresentacao-2\/","title":{"rendered":"Apresenta\u00e7\u00e3o"},"content":{"rendered":"<h3><strong>PROFHIST\u00d3RIA \u2013 MESTRADO PROFISSIONAL EM ENSINO DE HIST\u00d3RIA<\/strong><\/h3>\n<p>&nbsp;<\/p>\n<p>O ProfHist\u00f3ria, Mestrado e Doutorado Profissional em Ensino de Hist\u00f3ria \u00e9 um programa configurado em rede nacional, com a participa\u00e7\u00e3o de 39 IES, em todas as regi\u00f5es do pa\u00eds, sendo a UFRJ sua institui\u00e7\u00e3o \u00e2ncora. O Programa foi aprovado em agosto de 2013, pelo Conselho T\u00e9cnico-Cient\u00edfico da Educa\u00e7\u00e3o Superior (CTC-ES) \/ CAPES, tendo obtido o conceito 4.<\/p>\n<p>O ProfHist\u00f3ria \u00e9 um programa de p\u00f3s-gradua\u00e7\u00e3o stricto sensu em Ensino de Hist\u00f3ria e tem como objetivo proporcionar forma\u00e7\u00e3o continuada que contribua para a melhoria da qualidade do exerc\u00edcio da doc\u00eancia em Hist\u00f3ria na Educa\u00e7\u00e3o B\u00e1sica, visando a dar ao egresso qualifica\u00e7\u00e3o certificada para o exerc\u00edcio da profiss\u00e3o de professor de Hist\u00f3ria. O curso \u00e9\u00a0destinado a portadores de diploma de licenciatura que estejam exercendo a doc\u00eancia na disciplina de Hist\u00f3ria.<\/p>\n<p>\u00c9 um curso presencial com oferta simult\u00e2nea nacional, conduzindo ao t\u00edtulo de Mestre e\/ou Doutor em Ensino de Hist\u00f3ria. As institui\u00e7\u00f5es de Ensino Superior que integram a Rede Nacional do ProfHist\u00f3ria s\u00e3o denominadas Institui\u00e7\u00f5es Associadas e s\u00e3o respons\u00e1veis pela execu\u00e7\u00e3o do curso e emiss\u00e3o do diploma.<\/p>\n<p>Voc\u00ea pode acessar informa\u00e7\u00f5es sobre a rede nacional do ProfHist\u00f3ria acessando a p\u00e1gina nacional do ProfHist\u00f3ria <a href=\"https:\/\/profhistoria.ufrj.br\/sobre_programa\/\" target=\"_blank\" rel=\"noopener\">aqui.<\/a><\/p>\n<p>&nbsp;<\/p>\n<p>Coordenadoras UEPG: Dr\u00aa Georgiane Garabely Heil V\u00e1zquez e Dr\u00aa Angela Ribeiro Ferreira<\/p>\n<p>Coordenador Nacional:\u00a0 Prof. Dr. Marcelo de Souza Magalh\u00e3es &#8211; UNI<\/p>\n<p>E-mail: profhistoriauepg2017@gmail.com<\/p>\n<p>&nbsp;<\/p>\n<p><strong>Hist\u00f3rico Coordenadores do curso:<\/strong><\/p>\n<p>2016 a 2021: Paulo Eduardo Dais de Mello (coordenador) e Angela Ribeiro Ferreira (vice-coordenadora)<\/p>\n<p>2021 a 2023: Angela Ribeiro Ferreira (coordenadora) e Maura Regina Petruski (vice-coordenadora)<\/p>\n<p>2023 a 2025: Georgiane Garabeli Heil V\u00e1zquez (coordenadora) e Angela Ribeiro Ferreira (vice-coordenadora)<\/p>\n","protected":false},"excerpt":{"rendered":"<p>PROFHIST\u00d3RIA \u2013 MESTRADO PROFISSIONAL EM ENSINO DE HIST\u00d3RIA &nbsp; O ProfHist\u00f3ria, Mestrado e Doutorado Profissional em Ensino de Hist\u00f3ria \u00e9 um programa configurado em rede nacional, com a participa\u00e7\u00e3o de 39 IES, em todas as regi\u00f5es do pa\u00eds, sendo a UFRJ sua institui\u00e7\u00e3o \u00e2ncora. O Programa foi aprovado em agosto de 2013, pelo Conselho T\u00e9cnico-Cient\u00edfico&nbsp;&hellip;<\/p>\n","protected":false},"author":305,"featured_media":0,"parent":0,"menu_order":0,"comment_status":"closed","ping_status":"closed","template":"","meta":[],"_links":{"self":[{"href":"https:\/\/www2.uepg.br\/profhistoria\/wp-json\/wp\/v2\/pages\/131"}],"collection":[{"href":"https:\/\/www2.uepg.br\/profhistoria\/wp-json\/wp\/v2\/pages"}],"about":[{"href":"https:\/\/www2.uepg.br\/profhistoria\/wp-json\/wp\/v2\/types\/page"}],"author":[{"embeddable":true,"href":"https:\/\/www2.uepg.br\/profhistoria\/wp-json\/wp\/v2\/users\/305"}],"replies":[{"embeddable":true,"href":"https:\/\/www2.uepg.br\/profhistoria\/wp-json\/wp\/v2\/comments?post=131"}],"version-history":[{"count":16,"href":"https:\/\/www2.uepg.br\/profhistoria\/wp-json\/wp\/v2\/pages\/131\/revisions"}],"predecessor-version":[{"id":470,"href":"https:\/\/www2.uepg.br\/profhistoria\/wp-json\/wp\/v2\/pages\/131\/revisions\/470"}],"wp:attachment":[{"href":"https:\/\/www2.uepg.br\/profhistoria\/wp-json\/wp\/v2\/media?parent=131"}],"curies":[{"name":"wp","href":"https:\/\/api.w.org\/{rel}","templated":true}]}}