{"id":298,"date":"2021-06-11T16:11:42","date_gmt":"2021-06-11T19:11:42","guid":{"rendered":"https:\/\/www2.uepg.br\/profhistoria\/?page_id=298"},"modified":"2021-07-29T14:04:25","modified_gmt":"2021-07-29T17:04:25","slug":"area-de-concentracao","status":"publish","type":"page","link":"https:\/\/www2.uepg.br\/profhistoria\/area-de-concentracao\/","title":{"rendered":"\u00c1rea de concentra\u00e7\u00e3o"},"content":{"rendered":"<p style=\"text-align: center\">Ensino de Hist\u00f3ria<\/p>\n","protected":false},"excerpt":{"rendered":"<p>Ensino de Hist\u00f3ria<\/p>\n","protected":false},"author":204,"featured_media":0,"parent":0,"menu_order":0,"comment_status":"closed","ping_status":"closed","template":"","meta":[],"_links":{"self":[{"href":"https:\/\/www2.uepg.br\/profhistoria\/wp-json\/wp\/v2\/pages\/298"}],"collection":[{"href":"https:\/\/www2.uepg.br\/profhistoria\/wp-json\/wp\/v2\/pages"}],"about":[{"href":"https:\/\/www2.uepg.br\/profhistoria\/wp-json\/wp\/v2\/types\/page"}],"author":[{"embeddable":true,"href":"https:\/\/www2.uepg.br\/profhistoria\/wp-json\/wp\/v2\/users\/204"}],"replies":[{"embeddable":true,"href":"https:\/\/www2.uepg.br\/profhistoria\/wp-json\/wp\/v2\/comments?post=298"}],"version-history":[{"count":3,"href":"https:\/\/www2.uepg.br\/profhistoria\/wp-json\/wp\/v2\/pages\/298\/revisions"}],"predecessor-version":[{"id":368,"href":"https:\/\/www2.uepg.br\/profhistoria\/wp-json\/wp\/v2\/pages\/298\/revisions\/368"}],"wp:attachment":[{"href":"https:\/\/www2.uepg.br\/profhistoria\/wp-json\/wp\/v2\/media?parent=298"}],"curies":[{"name":"wp","href":"https:\/\/api.w.org\/{rel}","templated":true}]}}