{"id":107,"date":"2019-10-10T10:46:45","date_gmt":"2019-10-10T13:46:45","guid":{"rendered":"http:\/\/www2.uepg.br\/prorh\/?page_id=107"},"modified":"2024-12-11T09:56:51","modified_gmt":"2024-12-11T12:56:51","slug":"avaliacao-de-desempenho","status":"publish","type":"page","link":"https:\/\/www2.uepg.br\/progesp\/avaliacao-de-desempenho\/","title":{"rendered":"Avalia\u00e7\u00e3o de Desempenho"},"content":{"rendered":"<div id=\"pl-107\"  class=\"panel-layout\" ><div id=\"pg-107-0\"  class=\"panel-grid panel-no-style\" ><div id=\"pgc-107-0-0\"  class=\"panel-grid-cell\" ><div id=\"panel-107-0-0-0\" class=\"so-panel widget widget_sow-features panel-first-child panel-last-child\" data-index=\"0\" ><div\n\t\t\t\n\t\t\tclass=\"so-widget-sow-features so-widget-sow-features-default-06096d5a23af-107\"\n\t\t\t\n\t\t>\n<div class=\"sow-features-list \">\n\n\t\t\t\t\t\t<div\n\t\t\t\tclass=\"sow-features-feature sow-icon-container-position-top sow-features-feature-last-row\"\n\t\t\t\tstyle=\"display: flex; flex-direction: column; float: left; width: 50%;\"\n\t\t\t>\n\n\t\t\t\t\t\t\t\t\t<a\n\t\t\t\t\t\thref=\"https:\/\/sistemas.uepg.br\/producao\/pro-reitorias\/prorh\/divisaoqualidadevida\/AvDesempenho\/\"\n\t\t\t\t\t\ttarget=\"_blank\" rel=\"noopener noreferrer\"\t\t\t\t\t>\n\t\t\t\t\t\t\t\t<div\n\t\t\t\t\tclass=\"sow-icon-container sow-container-round\"\n                    style=\"color: #ffffff; \"\n\t\t\t\t\ttitle=\"Sistema de Avalia\u00e7\u00e3o de Desempenho\">\n\t\t\t\t\t<div class=\"sow-icon-image\" style=\"background-image: url(https:\/\/www2.uepg.br\/progesp\/wp-content\/uploads\/sites\/39\/2019\/10\/sistema-de-avalia\u00e7\u00e3o-de-desempenho.png); font-size: 24px\"><\/div>\t\t\t\t<\/div>\n\t\t\t\t\t\t\t\t\t<\/a>\n\t\t\t\t\n\t\t\t\t<div class=\"textwidget\">\n\t\t\t\t\t\n\t\t\t\t\t\t\t\t\t\t\t<h4 style=\"text-align: center\"><a href=\"https:\/\/sistemas.uepg.br\/producao\/pro-reitorias\/prorh\/divisaoqualidadevida\/AvDesempenho\/\" target=\"_blank\" rel=\"noopener\">Sistema de Avalia\u00e7\u00e3o de Desempenho<\/a><\/h4>\n\t\t\t\t\t\n\t\t\t\t\t\t\t\t\t<\/div>\n\t\t\t\t\t\t\t<\/div>\n\n\t\t\t\t\t<div\n\t\t\t\tclass=\"sow-features-feature sow-icon-container-position-top sow-features-feature-last-row\"\n\t\t\t\tstyle=\"display: flex; flex-direction: column; float: left; width: 50%;\"\n\t\t\t>\n\n\t\t\t\t\t\t\t\t<div\n\t\t\t\t\tclass=\"sow-icon-container sow-container-round\"\n                    style=\"color: #ffffff; \"\n\t\t\t\t\ttitle=\"Manual de Avalia\u00e7\u00e3o de Desempenho\">\n\t\t\t\t\t<div class=\"sow-icon-image\" style=\"background-image: url(https:\/\/www2.uepg.br\/progesp\/wp-content\/uploads\/sites\/39\/2019\/10\/manual-de-avalia\u00e7\u00e3o-de-desempenho-icon.png); font-size: 24px\"><\/div>\t\t\t\t<\/div>\n\t\t\t\t\n\t\t\t\t<div class=\"textwidget\">\n\t\t\t\t\t\n\t\t\t\t\t\t\t\t\t\t\t<h4 style=\"text-align: center\">Manual de Avalia\u00e7\u00e3o de Desempenho<\/h4>\n<p style=\"text-align: center;font-size: 15px\">(Em Atualiza\u00e7\u00e3o Novo Manual da Avalia\u00e7\u00e3o de Desempenho)<\/p>\t\t\t\t\t\n\t\t\t\t\t\t\t\t\t<\/div>\n\t\t\t\t\t\t\t<\/div>\n\n\t\t\t\n<\/div>\n<\/div><\/div><\/div><\/div><\/div>","protected":false},"excerpt":{"rendered":"<p>Sistema de Avalia\u00e7\u00e3o de Desempenho Manual de Avalia\u00e7\u00e3o de Desempenho (Em Atualiza\u00e7\u00e3o Novo Manual da Avalia\u00e7\u00e3o de Desempenho)<\/p>\n","protected":false},"author":24,"featured_media":0,"parent":0,"menu_order":0,"comment_status":"closed","ping_status":"closed","template":"","meta":[],"_links":{"self":[{"href":"https:\/\/www2.uepg.br\/progesp\/wp-json\/wp\/v2\/pages\/107"}],"collection":[{"href":"https:\/\/www2.uepg.br\/progesp\/wp-json\/wp\/v2\/pages"}],"about":[{"href":"https:\/\/www2.uepg.br\/progesp\/wp-json\/wp\/v2\/types\/page"}],"author":[{"embeddable":true,"href":"https:\/\/www2.uepg.br\/progesp\/wp-json\/wp\/v2\/users\/24"}],"replies":[{"embeddable":true,"href":"https:\/\/www2.uepg.br\/progesp\/wp-json\/wp\/v2\/comments?post=107"}],"version-history":[{"count":7,"href":"https:\/\/www2.uepg.br\/progesp\/wp-json\/wp\/v2\/pages\/107\/revisions"}],"predecessor-version":[{"id":1020,"href":"https:\/\/www2.uepg.br\/progesp\/wp-json\/wp\/v2\/pages\/107\/revisions\/1020"}],"wp:attachment":[{"href":"https:\/\/www2.uepg.br\/progesp\/wp-json\/wp\/v2\/media?parent=107"}],"curies":[{"name":"wp","href":"https:\/\/api.w.org\/{rel}","templated":true}]}}