{"id":114,"date":"2019-10-10T14:51:52","date_gmt":"2019-10-10T17:51:52","guid":{"rendered":"http:\/\/www2.uepg.br\/prorh\/?page_id=114"},"modified":"2025-02-07T12:00:46","modified_gmt":"2025-02-07T15:00:46","slug":"perfil-profissiografico","status":"publish","type":"page","link":"https:\/\/www2.uepg.br\/progesp\/perfil-profissiografico\/","title":{"rendered":"Perfil Profissiogr\u00e1fico"},"content":{"rendered":"<div id=\"pl-114\"  class=\"panel-layout\" ><div id=\"pg-114-0\"  class=\"panel-grid panel-no-style\" ><div id=\"pgc-114-0-0\"  class=\"panel-grid-cell\" ><div id=\"panel-114-0-0-0\" class=\"so-panel widget widget_sow-editor panel-first-child panel-last-child\" data-index=\"0\" ><div\n\t\t\t\n\t\t\tclass=\"so-widget-sow-editor so-widget-sow-editor-base\"\n\t\t\t\n\t\t>\n<div class=\"siteorigin-widget-tinymce textwidget\">\n\t<p style=\"text-align: center\"><a href=\"http:\/\/www2.uepg.br\/progesp\/wp-content\/uploads\/sites\/39\/2025\/02\/Perfil-Profissiografico-para-pagina.pdf\">Descri\u00e7\u00e3o das Fun\u00e7\u00f5es - Classe I<\/a><\/p>\n<p style=\"text-align: center\"><a href=\"http:\/\/www2.uepg.br\/prorh\/wp-content\/uploads\/sites\/39\/2019\/10\/AnexoII-Res_conj1-07_SEAP-SETI-_Perfil_ProfissiClasseII.pdf\" target=\"_blank\" rel=\"noopener noreferrer\">Descri\u00e7\u00e3o das Fun\u00e7\u00f5es - Classe II<\/a><\/p>\n<p style=\"text-align: center\"><a href=\"http:\/\/www2.uepg.br\/prorh\/wp-content\/uploads\/sites\/39\/2019\/10\/AnexoIII-Res_conj1-07_SEAP-SETI-_Perfil_ProfissiClasseIII.pdf\" target=\"_blank\" rel=\"noopener noreferrer\">Descri\u00e7\u00e3o das Fun\u00e7\u00f5es - Classe III<\/a><\/p>\n<\/div>\n<\/div><\/div><\/div><\/div><\/div>","protected":false},"excerpt":{"rendered":"<p>Descri\u00e7\u00e3o das Fun\u00e7\u00f5es &#8211; Classe I Descri\u00e7\u00e3o das Fun\u00e7\u00f5es &#8211; Classe II Descri\u00e7\u00e3o das Fun\u00e7\u00f5es &#8211; Classe III<\/p>\n","protected":false},"author":24,"featured_media":0,"parent":0,"menu_order":0,"comment_status":"closed","ping_status":"closed","template":"","meta":[],"_links":{"self":[{"href":"https:\/\/www2.uepg.br\/progesp\/wp-json\/wp\/v2\/pages\/114"}],"collection":[{"href":"https:\/\/www2.uepg.br\/progesp\/wp-json\/wp\/v2\/pages"}],"about":[{"href":"https:\/\/www2.uepg.br\/progesp\/wp-json\/wp\/v2\/types\/page"}],"author":[{"embeddable":true,"href":"https:\/\/www2.uepg.br\/progesp\/wp-json\/wp\/v2\/users\/24"}],"replies":[{"embeddable":true,"href":"https:\/\/www2.uepg.br\/progesp\/wp-json\/wp\/v2\/comments?post=114"}],"version-history":[{"count":3,"href":"https:\/\/www2.uepg.br\/progesp\/wp-json\/wp\/v2\/pages\/114\/revisions"}],"predecessor-version":[{"id":1027,"href":"https:\/\/www2.uepg.br\/progesp\/wp-json\/wp\/v2\/pages\/114\/revisions\/1027"}],"wp:attachment":[{"href":"https:\/\/www2.uepg.br\/progesp\/wp-json\/wp\/v2\/media?parent=114"}],"curies":[{"name":"wp","href":"https:\/\/api.w.org\/{rel}","templated":true}]}}