{"id":302,"date":"2019-05-31T09:27:43","date_gmt":"2019-05-31T12:27:43","guid":{"rendered":"http:\/\/www2.uepg.br\/prograd\/?page_id=302"},"modified":"2025-12-10T10:50:35","modified_gmt":"2025-12-10T13:50:35","slug":"otcc","status":"publish","type":"page","link":"https:\/\/www2.uepg.br\/prograd\/otcc\/","title":{"rendered":"OTCC"},"content":{"rendered":"<div id=\"pl-302\"  class=\"panel-layout\" ><div id=\"pg-302-0\"  class=\"panel-grid panel-no-style\" ><div id=\"pgc-302-0-0\"  class=\"panel-grid-cell\" ><div id=\"panel-302-0-0-0\" class=\"so-panel widget widget_sow-editor panel-first-child panel-last-child\" data-index=\"0\" ><div\n\t\t\t\n\t\t\tclass=\"so-widget-sow-editor so-widget-sow-editor-base\"\n\t\t\t\n\t\t>\n<div class=\"siteorigin-widget-tinymce textwidget\">\n\t<p>O Trabalho de Conclus\u00e3o de Curso (OTCC) tem como objetivo oportunizar o aprimoramento da forma\u00e7\u00e3o profissional do acad\u00eamico, mediante a integra\u00e7\u00e3o dos conhecimentos te\u00f3ricos estudados no curso e sua aplica\u00e7\u00e3o no campo profissional espec\u00edfico. Sendo este componente obrigat\u00f3rio para a conclus\u00e3o de cursos de gradua\u00e7\u00e3o, mediante a defini\u00e7\u00e3o pr\u00e9via nos Projetos Pedag\u00f3gicos e embasados pelas Diretrizes Curriculares Nacionais.<\/p>\n<p>O Regulamento Geral de OTCC da UEPG \u00e9 regido pela <a href=\"http:\/\/www2.uepg.br\/prograd\/wp-content\/uploads\/sites\/19\/2019\/05\/Regulamento-Geral-do-TCC.pdf\" target=\"_blank\" rel=\"noopener noreferrer\">RESOLU\u00c7\u00c3O CEPE No 005, DE 27 DE MAR\u00c7O DE 2018<\/a>, a qual define que cada curso deve propor o formato de seus OTCCs mediante regulamento pr\u00f3prio.<\/p>\n<p style=\"text-align: left\"><a href=\"https:\/\/www2.uepg.br\/prograd\/tcc\/anexo-i-regulamento-geral-do-tcc\/\" rel=\"attachment wp-att-3937\">Anexo I \u2013 Formul\u00e1rio de preenchimento da Proposta<\/a><\/p>\n<p>&nbsp;<\/p>\n<p style=\"text-align: center\"><strong>Regulamento Geral - <a href=\"http:\/\/www2.uepg.br\/prograd\/wp-content\/uploads\/sites\/19\/2019\/05\/Regulamento-Geral-do-TCC-00.pdf\" target=\"_blank\" rel=\"noopener noreferrer\">N\u00ba 05 DE 23\/03\/2018<\/a><\/strong><\/p>\n<p>&nbsp;<\/p>\n<h4 style=\"text-align: center\"><\/h4>\n<p style=\"text-align: center\">\n<\/div>\n<\/div><\/div><\/div><\/div><div id=\"pg-302-1\"  class=\"panel-grid panel-no-style\" ><div id=\"pgc-302-1-0\"  class=\"panel-grid-cell\" ><div id=\"panel-302-1-0-0\" class=\"so-panel widget widget_sow-accordion panel-first-child panel-last-child\" data-index=\"1\" ><div\n\t\t\t\n\t\t\tclass=\"so-widget-sow-accordion so-widget-sow-accordion-default-cfe741d4f49c-302\"\n\t\t\t\n\t\t><h3 class=\"widget-title\">Resolu\u00e7\u00f5es CEPE para Regulamentar os OTCC dos Cursos de Gradua\u00e7\u00e3o da UEPG:<\/h3><div>\n\t<div class=\"sow-accordion\">\n\t\t\t<div class=\"sow-accordion-panel\"\n\t\t\t data-anchor=\"setor-i-%e2%80%93-ci%c3%aancias-exatas-e-naturais\">\n\t\t\t\t<div class=\"sow-accordion-panel-header-container\" role=\"heading\" aria-level=\"2\">\n\t\t\t\t\t<div class=\"sow-accordion-panel-header\" tabindex=\"0\" role=\"button\" id=\"accordion-label-setor-i-%e2%80%93-ci%c3%aancias-exatas-e-naturais\" aria-controls=\"accordion-content-setor-i-%e2%80%93-ci%c3%aancias-exatas-e-naturais\" aria-expanded=\"false\">\n\t\t\t\t\t\t<div class=\"sow-accordion-title sow-accordion-title-icon-left\">\n\t\t\t\t\t\t\t\t\t\t\t\t\t\tSetor I \u2013 Ci\u00eancias Exatas e Naturais\t\t\t\t\t\t\t\t\t\t\t\t\t<\/div>\n\t\t\t\t\t\t<div class=\"sow-accordion-open-close-button\">\n\t\t\t\t\t\t\t<div class=\"sow-accordion-open-button\">\n\t\t\t\t\t\t\t\t<span class=\"sow-icon-ionicons\" data-sow-icon=\"&#xf218;\"\n\t\t \n\t\taria-hidden=\"true\"><\/span>\t\t\t\t\t\t\t<\/div>\n\t\t\t\t\t\t\t<div class=\"sow-accordion-close-button\">\n\t\t\t\t\t\t\t\t<span class=\"sow-icon-ionicons\" data-sow-icon=\"&#xf209;\"\n\t\t \n\t\taria-hidden=\"true\"><\/span>\t\t\t\t\t\t\t<\/div>\n\t\t\t\t\t\t<\/div>\n\t\t\t\t\t<\/div>\n\t\t\t\t<\/div>\n\n\t\t\t<div\n\t\t\t\tclass=\"sow-accordion-panel-content\"\n\t\t\t\trole=\"region\"\n\t\t\t\taria-labelledby=\"accordion-label-setor-i-%e2%80%93-ci%c3%aancias-exatas-e-naturais\"\n\t\t\t\tid=\"accordion-content-setor-i-%e2%80%93-ci%c3%aancias-exatas-e-naturais\"\n\t\t\t\tstyle=\"display: none;\"\t\t\t>\n\t\t\t\t<div class=\"sow-accordion-panel-border\" tabindex=\"0\">\n\t\t\t\t\t<p>&nbsp;<\/p>\n<table class=\" aligncenter\" style=\"height: 251px\" width=\"1143\">\n<tbody>\n<tr>\n<td>01<\/td>\n<td>Bacharelado em Matem\u00e1tica<\/td>\n<td><a href=\"http:\/\/www2.uepg.br\/prograd\/wp-content\/uploads\/sites\/19\/2022\/05\/Bach-em-Matematica-Resol-CEPE-2020.21-DE-29_06_2020.pdf\">N\u00ba 21 DE 23\/06\/2000<\/a><\/td>\n<\/tr>\n<tr>\n<td>09<\/td>\n<td>Licenciatura em Matem\u00e1tica<\/td>\n<td>N\u00e3o possui regulamento OTCC<\/td>\n<\/tr>\n<tr>\n<td>02<\/td>\n<td>Licenciatura em Geografia<\/td>\n<td><a href=\"http:\/\/www2.uepg.br\/prograd\/wp-content\/uploads\/sites\/19\/2024\/03\/OTCC-Lic-em-Geografia.pdf\" target=\"_blank\" rel=\"noopener\">CEPE - N\u00ba 2024.6<\/a><\/td>\n<\/tr>\n<tr>\n<td>03<\/td>\n<td>Bacharelado em Geografia<\/td>\n<td><a href=\"http:\/\/www2.uepg.br\/prograd\/wp-content\/uploads\/sites\/19\/2019\/05\/bachareladogeografia03.pdf\" target=\"_blank\" rel=\"noopener noreferrer\">N\u00b0 082 DE 12\/07\/2005<\/a><\/td>\n<\/tr>\n<tr>\n<td>04<\/td>\n<td>Licenciatura em F\u00edsica<\/td>\n<td><a href=\"http:\/\/www2.uepg.br\/prograd\/wp-content\/uploads\/sites\/19\/2019\/05\/bachlicfisica04.pdf\" target=\"_blank\" rel=\"noopener noreferrer\">N\u00b0 002 DE 06\/02\/2001<\/a><\/td>\n<\/tr>\n<tr>\n<td>05<\/td>\n<td>Bacharelado em F\u00edsica<\/td>\n<td><a href=\"https:\/\/www2.uepg.br\/prograd\/otcc\/otcc-fisica-bacharelado\/\" target=\"_blank\" rel=\"attachment noopener wp-att-10031\">CEPE - N\u00ba 2025.34<\/a><\/td>\n<\/tr>\n<tr>\n<td>06<\/td>\n<td>Licenciatura em Qu\u00edmica<\/td>\n<td>N\u00e3o possui regulamento TCC<\/td>\n<\/tr>\n<tr>\n<td>07<\/td>\n<td>Qu\u00edmica Tecnol\u00f3gica<\/td>\n<td><a href=\"http:\/\/www2.uepg.br\/prograd\/wp-content\/uploads\/sites\/19\/2024\/10\/OTCC-QUIM-TEC.pdf\" target=\"_blank\" rel=\"noopener\">N\u00b0 2024.37 de 01\/10\/2024<\/a><\/td>\n<\/tr>\n<\/tbody>\n<\/table>\n<p>&nbsp;<\/p>\n<p>&nbsp;<\/p>\n\t\t\t\t<\/div>\n\t\t\t<\/div>\n\t\t<\/div>\n\t\t\t<div class=\"sow-accordion-panel\"\n\t\t\t data-anchor=\"setor-ii-%e2%80%93-engenharias-ci%c3%aancias-agr%c3%a1rias-e-de-tecnologia\">\n\t\t\t\t<div class=\"sow-accordion-panel-header-container\" role=\"heading\" aria-level=\"2\">\n\t\t\t\t\t<div class=\"sow-accordion-panel-header\" tabindex=\"0\" role=\"button\" id=\"accordion-label-setor-ii-%e2%80%93-engenharias-ci%c3%aancias-agr%c3%a1rias-e-de-tecnologia\" aria-controls=\"accordion-content-setor-ii-%e2%80%93-engenharias-ci%c3%aancias-agr%c3%a1rias-e-de-tecnologia\" aria-expanded=\"false\">\n\t\t\t\t\t\t<div class=\"sow-accordion-title sow-accordion-title-icon-left\">\n\t\t\t\t\t\t\t\t\t\t\t\t\t\tSetor II \u2013 Engenharias,  Ci\u00eancias Agr\u00e1rias e de Tecnologia\t\t\t\t\t\t\t\t\t\t\t\t\t<\/div>\n\t\t\t\t\t\t<div class=\"sow-accordion-open-close-button\">\n\t\t\t\t\t\t\t<div class=\"sow-accordion-open-button\">\n\t\t\t\t\t\t\t\t<span class=\"sow-icon-ionicons\" data-sow-icon=\"&#xf218;\"\n\t\t \n\t\taria-hidden=\"true\"><\/span>\t\t\t\t\t\t\t<\/div>\n\t\t\t\t\t\t\t<div class=\"sow-accordion-close-button\">\n\t\t\t\t\t\t\t\t<span class=\"sow-icon-ionicons\" data-sow-icon=\"&#xf209;\"\n\t\t \n\t\taria-hidden=\"true\"><\/span>\t\t\t\t\t\t\t<\/div>\n\t\t\t\t\t\t<\/div>\n\t\t\t\t\t<\/div>\n\t\t\t\t<\/div>\n\n\t\t\t<div\n\t\t\t\tclass=\"sow-accordion-panel-content\"\n\t\t\t\trole=\"region\"\n\t\t\t\taria-labelledby=\"accordion-label-setor-ii-%e2%80%93-engenharias-ci%c3%aancias-agr%c3%a1rias-e-de-tecnologia\"\n\t\t\t\tid=\"accordion-content-setor-ii-%e2%80%93-engenharias-ci%c3%aancias-agr%c3%a1rias-e-de-tecnologia\"\n\t\t\t\tstyle=\"display: none;\"\t\t\t>\n\t\t\t\t<div class=\"sow-accordion-panel-border\" tabindex=\"0\">\n\t\t\t\t\t<table class=\" aligncenter\">\n<tbody>\n<tr>\n<td>21<\/td>\n<td>Engenharia Civil<\/td>\n<td><a href=\"https:\/\/sistemas.uepg.br\/producao\/reitoria\/documentos\/1632018-11-2023.pdf\" target=\"_blank\" rel=\"noopener\">N\u00b0 063 DE 20\/11\/2018<\/a><\/td>\n<\/tr>\n<tr>\n<td>22<\/td>\n<td>Agronomia<\/td>\n<td><a href=\"http:\/\/www2.uepg.br\/prograd\/wp-content\/uploads\/sites\/19\/2019\/05\/agronomia22.pdf\" target=\"_blank\" rel=\"noopener noreferrer\">N\u00b0 030 DE 26\/06\/2001<\/a><\/td>\n<\/tr>\n<tr>\n<td>23<\/td>\n<td>Bacharelado em Engeharia de Software<\/td>\n<td><a href=\"http:\/\/www2.uepg.br\/prograd\/wp-content\/uploads\/sites\/19\/2022\/05\/Bach-em-Software-Resol-CEPE-2020.33-DE-21_12_2020.pdf\">N\u00b0 033 DE 15\/12\/2020<\/a><\/td>\n<\/tr>\n<tr>\n<td>23<\/td>\n<td>Bacharelado em Inform\u00e1tica<\/td>\n<td><a href=\"http:\/\/www2.uepg.br\/prograd\/wp-content\/uploads\/sites\/19\/2019\/05\/engenhariacomputacao23.pdf\" target=\"_blank\" rel=\"noopener noreferrer\">N\u00b0 13 DE 09\/04\/2013<\/a><\/td>\n<\/tr>\n<tr>\n<td>24<\/td>\n<td>Engenharia de Materiais<\/td>\n<td><a href=\"http:\/\/www2.uepg.br\/prograd\/wp-content\/uploads\/sites\/19\/2019\/05\/engenhariamateriais24.pdf\" target=\"_blank\" rel=\"noopener noreferrer\">N\u00b0 070 DE 04\/12\/2001<\/a><\/td>\n<\/tr>\n<tr>\n<td>25<\/td>\n<td>Engenharia de Alimentos<\/td>\n<td><a href=\"http:\/\/www2.uepg.br\/prograd\/wp-content\/uploads\/sites\/19\/2022\/05\/Eng-de-Alimentos-Resol-CEPE-2019.25-2.pdf\" target=\"_blank\" rel=\"noopener\">N\u00b0 25 DE 03\/12\/2019<\/a><\/td>\n<\/tr>\n<tr>\n<td>26<\/td>\n<td>Engenharia da Computa\u00e7\u00e3o<\/td>\n<td><a href=\"http:\/\/www2.uepg.br\/prograd\/wp-content\/uploads\/sites\/19\/2019\/05\/informatica26.pdf\" target=\"_blank\" rel=\"noopener noreferrer\">N\u00b0 15 DE 09\/04\/2013<\/a><\/td>\n<\/tr>\n<tr>\n<td>27<\/td>\n<td>Bacharelado em Zootecnia<\/td>\n<td><a href=\"http:\/\/www2.uepg.br\/prograd\/wp-content\/uploads\/sites\/19\/2019\/05\/zootecnia27.pdf\" target=\"_blank\" rel=\"noopener noreferrer\">N\u00b0 014 DE 22\/03\/2011<\/a><\/td>\n<\/tr>\n<\/tbody>\n<\/table>\n<p>&nbsp;<\/p>\n<p>&nbsp;<\/p>\n\t\t\t\t<\/div>\n\t\t\t<\/div>\n\t\t<\/div>\n\t\t\t<div class=\"sow-accordion-panel\"\n\t\t\t data-anchor=\"setor-iii-%e2%80%93-ci%c3%aancias-biol%c3%b3gicas-e-da-sa%c3%bade\">\n\t\t\t\t<div class=\"sow-accordion-panel-header-container\" role=\"heading\" aria-level=\"2\">\n\t\t\t\t\t<div class=\"sow-accordion-panel-header\" tabindex=\"0\" role=\"button\" id=\"accordion-label-setor-iii-%e2%80%93-ci%c3%aancias-biol%c3%b3gicas-e-da-sa%c3%bade\" aria-controls=\"accordion-content-setor-iii-%e2%80%93-ci%c3%aancias-biol%c3%b3gicas-e-da-sa%c3%bade\" aria-expanded=\"false\">\n\t\t\t\t\t\t<div class=\"sow-accordion-title sow-accordion-title-icon-left\">\n\t\t\t\t\t\t\t\t\t\t\t\t\t\tSetor III \u2013  Ci\u00eancias Biol\u00f3gicas e da Sa\u00fade\t\t\t\t\t\t\t\t\t\t\t\t\t<\/div>\n\t\t\t\t\t\t<div class=\"sow-accordion-open-close-button\">\n\t\t\t\t\t\t\t<div class=\"sow-accordion-open-button\">\n\t\t\t\t\t\t\t\t<span class=\"sow-icon-ionicons\" data-sow-icon=\"&#xf218;\"\n\t\t \n\t\taria-hidden=\"true\"><\/span>\t\t\t\t\t\t\t<\/div>\n\t\t\t\t\t\t\t<div class=\"sow-accordion-close-button\">\n\t\t\t\t\t\t\t\t<span class=\"sow-icon-ionicons\" data-sow-icon=\"&#xf209;\"\n\t\t \n\t\taria-hidden=\"true\"><\/span>\t\t\t\t\t\t\t<\/div>\n\t\t\t\t\t\t<\/div>\n\t\t\t\t\t<\/div>\n\t\t\t\t<\/div>\n\n\t\t\t<div\n\t\t\t\tclass=\"sow-accordion-panel-content\"\n\t\t\t\trole=\"region\"\n\t\t\t\taria-labelledby=\"accordion-label-setor-iii-%e2%80%93-ci%c3%aancias-biol%c3%b3gicas-e-da-sa%c3%bade\"\n\t\t\t\tid=\"accordion-content-setor-iii-%e2%80%93-ci%c3%aancias-biol%c3%b3gicas-e-da-sa%c3%bade\"\n\t\t\t\tstyle=\"display: none;\"\t\t\t>\n\t\t\t\t<div class=\"sow-accordion-panel-border\" tabindex=\"0\">\n\t\t\t\t\t<table class=\" aligncenter\">\n<tbody>\n<tr>\n<td>39<\/td>\n<td>Bacharelado em Educa\u00e7\u00e3o F\u00edsica<\/td>\n<td><a href=\"http:\/\/www2.uepg.br\/prograd\/wp-content\/uploads\/sites\/19\/2022\/06\/Educacao-Fisica-001_2014.pdf\" target=\"_blank\" rel=\"noopener\">N\u00b0 001 DE 11\/02\/2014<\/a><\/td>\n<\/tr>\n<tr>\n<td>40<\/td>\n<td>Medicina<\/td>\n<td><a href=\"http:\/\/www2.uepg.br\/prograd\/wp-content\/uploads\/sites\/19\/2019\/05\/medicina40.pdf\" target=\"_blank\" rel=\"noopener noreferrer\">N\u00ba 046 DE 11\/09\/ 2012<\/a><\/td>\n<\/tr>\n<tr>\n<td>41<\/td>\n<td>Farm\u00e1cia<\/td>\n<td><a href=\"http:\/\/www2.uepg.br\/prograd\/wp-content\/uploads\/sites\/19\/2019\/05\/farmacia41.1.pdf\" target=\"_blank\" rel=\"noopener noreferrer\">N\u00b0 076 DE 29\/11\/2011<\/a><\/td>\n<\/tr>\n<tr>\n<td>41<\/td>\n<td>Odontologia<\/td>\n<td><a href=\"http:\/\/www2.uepg.br\/prograd\/wp-content\/uploads\/sites\/19\/2019\/05\/RESOLU%C3%87%C3%83O-CEPE-N%C2%BA-041-DE-14-DE-OUTUBRO-DE-201441.2.pdf\" target=\"_blank\" rel=\"noopener noreferrer\">N\u00ba 041 DE 14\/10\/2014<\/a><\/td>\n<\/tr>\n<tr>\n<td>46<\/td>\n<td>Licenciatura em Ci\u00eancias Biol\u00f3gicas<\/td>\n<td>N\u00e3o possui regulamento OTCC<\/td>\n<\/tr>\n<tr>\n<td>47<\/td>\n<td>Licenciatura em Educa\u00e7\u00e3o F\u00edsica<\/td>\n<td><a href=\"http:\/\/www2.uepg.br\/prograd\/wp-content\/uploads\/sites\/19\/2019\/05\/licenciaturaeducacaofisica47.pdf\" target=\"_blank\" rel=\"noopener noreferrer\">N\u00b0 43 DE 06\/07\/2010<\/a><\/td>\n<\/tr>\n<tr>\n<td>48<\/td>\n<td>Bacharelado em Ci\u00eancias Biol\u00f3gicas<\/td>\n<td><a href=\"http:\/\/www2.uepg.br\/prograd\/wp-content\/uploads\/sites\/19\/2022\/05\/Bach-em-Ciencias-Biologicas-Resol-CEPE-2020.32-DE-21_12_2020.pdf\">N\u00ba 32 DE 15\/12\/2020<\/a><\/td>\n<\/tr>\n<tr>\n<td>49<\/td>\n<td>Enfermagem<\/td>\n<td><a href=\"http:\/\/www2.uepg.br\/prograd\/wp-content\/uploads\/sites\/19\/2022\/05\/Bach-em-Enfermagem-Resol-CEPE-2020.34-DE-21_12_2020.pdf\">N\u00b034 DE 15\/12\/2020<\/a><\/td>\n<\/tr>\n<\/tbody>\n<\/table>\n<p>&nbsp;<\/p>\n<p>&nbsp;<\/p>\n\t\t\t\t<\/div>\n\t\t\t<\/div>\n\t\t<\/div>\n\t\t\t<div class=\"sow-accordion-panel\"\n\t\t\t data-anchor=\"setor-iv-%e2%80%93-ci%c3%aancias-sociais-e-aplicadas\">\n\t\t\t\t<div class=\"sow-accordion-panel-header-container\" role=\"heading\" aria-level=\"2\">\n\t\t\t\t\t<div class=\"sow-accordion-panel-header\" tabindex=\"0\" role=\"button\" id=\"accordion-label-setor-iv-%e2%80%93-ci%c3%aancias-sociais-e-aplicadas\" aria-controls=\"accordion-content-setor-iv-%e2%80%93-ci%c3%aancias-sociais-e-aplicadas\" aria-expanded=\"false\">\n\t\t\t\t\t\t<div class=\"sow-accordion-title sow-accordion-title-icon-left\">\n\t\t\t\t\t\t\t\t\t\t\t\t\t\tSetor IV \u2013  Ci\u00eancias Sociais e Aplicadas\t\t\t\t\t\t\t\t\t\t\t\t\t<\/div>\n\t\t\t\t\t\t<div class=\"sow-accordion-open-close-button\">\n\t\t\t\t\t\t\t<div class=\"sow-accordion-open-button\">\n\t\t\t\t\t\t\t\t<span class=\"sow-icon-ionicons\" data-sow-icon=\"&#xf218;\"\n\t\t \n\t\taria-hidden=\"true\"><\/span>\t\t\t\t\t\t\t<\/div>\n\t\t\t\t\t\t\t<div class=\"sow-accordion-close-button\">\n\t\t\t\t\t\t\t\t<span class=\"sow-icon-ionicons\" data-sow-icon=\"&#xf209;\"\n\t\t \n\t\taria-hidden=\"true\"><\/span>\t\t\t\t\t\t\t<\/div>\n\t\t\t\t\t\t<\/div>\n\t\t\t\t\t<\/div>\n\t\t\t\t<\/div>\n\n\t\t\t<div\n\t\t\t\tclass=\"sow-accordion-panel-content\"\n\t\t\t\trole=\"region\"\n\t\t\t\taria-labelledby=\"accordion-label-setor-iv-%e2%80%93-ci%c3%aancias-sociais-e-aplicadas\"\n\t\t\t\tid=\"accordion-content-setor-iv-%e2%80%93-ci%c3%aancias-sociais-e-aplicadas\"\n\t\t\t\tstyle=\"display: none;\"\t\t\t>\n\t\t\t\t<div class=\"sow-accordion-panel-border\" tabindex=\"0\">\n\t\t\t\t\t<table class=\" aligncenter\">\n<tbody>\n<tr>\n<td>63<\/td>\n<td>Administra\u00e7\u00e3o<\/td>\n<td>N\u00e3o possui regulamento OTCC<\/td>\n<\/tr>\n<tr>\n<td>64<\/td>\n<td>Ci\u00eancias Econ\u00f4micas<\/td>\n<td><a href=\"http:\/\/www2.uepg.br\/prograd\/wp-content\/uploads\/sites\/19\/2019\/05\/cienciaseconomicas64.pdf\" target=\"_blank\" rel=\"noopener noreferrer\">N\u00b0 119 DE 01\/11\/2005<\/a><\/td>\n<\/tr>\n<tr>\n<td>65<\/td>\n<td>Servi\u00e7o Social<\/td>\n<td><a href=\"http:\/\/www2.uepg.br\/prograd\/wp-content\/uploads\/sites\/19\/2019\/05\/servicosocial65.pdf\" target=\"_blank\" rel=\"noopener noreferrer\">N\u00b0 15 DE 22\/03\/2011<\/a><\/td>\n<\/tr>\n<tr>\n<td>66<\/td>\n<td>Ci\u00eancias Cont\u00e1beis<\/td>\n<td><a href=\"http:\/\/www2.uepg.br\/prograd\/wp-content\/uploads\/sites\/19\/2022\/05\/Ciencias-Contabeis-Resol-CEPE-2019.23-DE-10_12_2019.pdf\">N\u00b0 23, DE 03\/12\/2019<\/a><\/td>\n<\/tr>\n<tr>\n<td>67<\/td>\n<td>Jornalismo<\/td>\n<td><a href=\"http:\/\/www2.uepg.br\/prograd\/wp-content\/uploads\/sites\/19\/2019\/05\/Regulamento-do-TCC-Jornalismo-167.pdf\" target=\"_blank\" rel=\"noopener noreferrer\">N\u00b0 13 DE 27\/03\/2018<\/a><\/td>\n<\/tr>\n<tr>\n<td>69<\/td>\n<td>Administra\u00e7\u00e3o Comercio-Exterior<\/td>\n<td>N\u00e3o possui regulamento OTCC<\/td>\n<\/tr>\n<tr>\n<td>70<\/td>\n<td>Administra\u00e7\u00e3o P\u00fablica a dist\u00e2ncia<\/td>\n<td><a href=\"http:\/\/www2.uepg.br\/prograd\/wp-content\/uploads\/sites\/19\/2019\/05\/AdministracaoPublica70.pdf\" target=\"_blank\" rel=\"noopener noreferrer\">N\u00b0 049 DE 08\/10\/2013<\/a><\/td>\n<\/tr>\n<tr>\n<td>88<\/td>\n<td>Turismo<\/td>\n<td><a href=\"http:\/\/www2.uepg.br\/prograd\/wp-content\/uploads\/sites\/19\/2019\/05\/turismo88.pdf\" target=\"_blank\" rel=\"noopener noreferrer\">N\u00b0 016 DE 03\/04\/2012<\/a><\/td>\n<\/tr>\n<\/tbody>\n<\/table>\n<p>&nbsp;<\/p>\n<p>&nbsp;<\/p>\n\t\t\t\t<\/div>\n\t\t\t<\/div>\n\t\t<\/div>\n\t\t\t<div class=\"sow-accordion-panel\"\n\t\t\t data-anchor=\"setor-v-%e2%80%93-ci%c3%aancias-humanas-letras-e-artes\">\n\t\t\t\t<div class=\"sow-accordion-panel-header-container\" role=\"heading\" aria-level=\"2\">\n\t\t\t\t\t<div class=\"sow-accordion-panel-header\" tabindex=\"0\" role=\"button\" id=\"accordion-label-setor-v-%e2%80%93-ci%c3%aancias-humanas-letras-e-artes\" aria-controls=\"accordion-content-setor-v-%e2%80%93-ci%c3%aancias-humanas-letras-e-artes\" aria-expanded=\"false\">\n\t\t\t\t\t\t<div class=\"sow-accordion-title sow-accordion-title-icon-left\">\n\t\t\t\t\t\t\t\t\t\t\t\t\t\tSetor V \u2013  Ci\u00eancias Humanas, Letras e Artes\t\t\t\t\t\t\t\t\t\t\t\t\t<\/div>\n\t\t\t\t\t\t<div class=\"sow-accordion-open-close-button\">\n\t\t\t\t\t\t\t<div class=\"sow-accordion-open-button\">\n\t\t\t\t\t\t\t\t<span class=\"sow-icon-ionicons\" data-sow-icon=\"&#xf218;\"\n\t\t \n\t\taria-hidden=\"true\"><\/span>\t\t\t\t\t\t\t<\/div>\n\t\t\t\t\t\t\t<div class=\"sow-accordion-close-button\">\n\t\t\t\t\t\t\t\t<span class=\"sow-icon-ionicons\" data-sow-icon=\"&#xf209;\"\n\t\t \n\t\taria-hidden=\"true\"><\/span>\t\t\t\t\t\t\t<\/div>\n\t\t\t\t\t\t<\/div>\n\t\t\t\t\t<\/div>\n\t\t\t\t<\/div>\n\n\t\t\t<div\n\t\t\t\tclass=\"sow-accordion-panel-content\"\n\t\t\t\trole=\"region\"\n\t\t\t\taria-labelledby=\"accordion-label-setor-v-%e2%80%93-ci%c3%aancias-humanas-letras-e-artes\"\n\t\t\t\tid=\"accordion-content-setor-v-%e2%80%93-ci%c3%aancias-humanas-letras-e-artes\"\n\t\t\t\tstyle=\"display: none;\"\t\t\t>\n\t\t\t\t<div class=\"sow-accordion-panel-border\" tabindex=\"0\">\n\t\t\t\t\t<table class=\" aligncenter\">\n<tbody>\n<tr>\n<td>53<\/td>\n<td>Pedagogia<\/td>\n<td><a href=\"http:\/\/www2.uepg.br\/prograd\/wp-content\/uploads\/sites\/19\/2019\/05\/licenciaturapedagogia53.1.pdf\" target=\"_blank\" rel=\"noopener noreferrer\">N\u00b0 008 DE 28\/02\/2012<\/a><\/td>\n<\/tr>\n<tr>\n<td>53<\/td>\n<td>Pedagogia EAD<\/td>\n<td><a href=\"http:\/\/www2.uepg.br\/prograd\/wp-content\/uploads\/sites\/19\/2019\/05\/pedagogiaead53.2.pdf\" target=\"_blank\" rel=\"noopener noreferrer\">N\u00b0 083 DE 14\/12\/2011<\/a><\/td>\n<\/tr>\n<tr>\n<td>56<\/td>\n<td>Letras Portugu\u00eas\/Franc\u00eas<\/td>\n<td><a href=\"http:\/\/www2.uepg.br\/prograd\/wp-content\/uploads\/sites\/19\/2019\/05\/letrasportuguesfrances56.pdf\" target=\"_blank\" rel=\"noopener noreferrer\">N\u00b0 127 DE 05\/12\/2006<\/a><\/td>\n<\/tr>\n<tr>\n<td>57<\/td>\n<td>Letras Portugu\u00eas\/Espanhol<\/td>\n<td><a href=\"http:\/\/www2.uepg.br\/prograd\/wp-content\/uploads\/sites\/19\/2019\/05\/letrasportuguesespanhol57.1.pdf\" target=\"_blank\" rel=\"noopener noreferrer\">N\u00b0 129 DE 05\/12\/2006<\/a><\/td>\n<\/tr>\n<tr>\n<td>58<\/td>\n<td>Letras Portugu\u00eas\/Ingl\u00eas<\/td>\n<td><a href=\"http:\/\/www2.uepg.br\/prograd\/wp-content\/uploads\/sites\/19\/2019\/05\/letrasportuguesingles58.pdf\" target=\"_blank\" rel=\"noopener noreferrer\">N\u00b0 128 DE 05\/12\/2006<\/a><\/td>\n<\/tr>\n<tr>\n<td>86<\/td>\n<td>Licenciatura em M\u00fasica<\/td>\n<td><a href=\"http:\/\/www2.uepg.br\/prograd\/wp-content\/uploads\/sites\/19\/2019\/05\/licenciaturamusica86.pdf\" target=\"_blank\" rel=\"noopener noreferrer\">N\u00b0 055 DE 23\/05\/2005<\/a><\/td>\n<\/tr>\n<tr>\n<td>87<\/td>\n<td>Artes Visuais<\/td>\n<td><a href=\"http:\/\/www2.uepg.br\/prograd\/wp-content\/uploads\/sites\/19\/2019\/05\/licenciaturaartesvisuais87.pdf\" target=\"_blank\" rel=\"noopener noreferrer\">N\u00b0 054 DE 23\/05\/2006<\/a><\/td>\n<\/tr>\n<tr>\n<td>89<\/td>\n<td>Licenciatura em Hist\u00f3ria<\/td>\n<td><a href=\"http:\/\/www2.uepg.br\/prograd\/wp-content\/uploads\/sites\/19\/2022\/05\/Lic-em-Historia-Resol-CEPE-035-de-18-Agosto-2015.pdf\">N\u00b0 35, de 18\/08\/2015<\/a><\/td>\n<\/tr>\n<tr>\n<td>89<\/td>\n<td>Licenciatura em Hist\u00f3ria Prolicen\/UAB<\/td>\n<td><a href=\"http:\/\/www2.uepg.br\/prograd\/wp-content\/uploads\/sites\/19\/2019\/05\/licenciaturahistoriaead89.2.pdf\" target=\"_blank\" rel=\"noopener noreferrer\">N\u00ba 071, DE 08\/11\/ 2011<\/a><\/td>\n<\/tr>\n<\/tbody>\n<\/table>\n<p>&nbsp;<\/p>\n<p>&nbsp;<\/p>\n\t\t\t\t<\/div>\n\t\t\t<\/div>\n\t\t<\/div>\n\t\t\t<div class=\"sow-accordion-panel\"\n\t\t\t data-anchor=\"setor-vi-%e2%80%93-ci%c3%aancias-jur%c3%addicas\">\n\t\t\t\t<div class=\"sow-accordion-panel-header-container\" role=\"heading\" aria-level=\"2\">\n\t\t\t\t\t<div class=\"sow-accordion-panel-header\" tabindex=\"0\" role=\"button\" id=\"accordion-label-setor-vi-%e2%80%93-ci%c3%aancias-jur%c3%addicas\" aria-controls=\"accordion-content-setor-vi-%e2%80%93-ci%c3%aancias-jur%c3%addicas\" aria-expanded=\"false\">\n\t\t\t\t\t\t<div class=\"sow-accordion-title sow-accordion-title-icon-left\">\n\t\t\t\t\t\t\t\t\t\t\t\t\t\tSetor VI \u2013  Ci\u00eancias Jur\u00eddicas\t\t\t\t\t\t\t\t\t\t\t\t\t<\/div>\n\t\t\t\t\t\t<div class=\"sow-accordion-open-close-button\">\n\t\t\t\t\t\t\t<div class=\"sow-accordion-open-button\">\n\t\t\t\t\t\t\t\t<span class=\"sow-icon-ionicons\" data-sow-icon=\"&#xf218;\"\n\t\t \n\t\taria-hidden=\"true\"><\/span>\t\t\t\t\t\t\t<\/div>\n\t\t\t\t\t\t\t<div class=\"sow-accordion-close-button\">\n\t\t\t\t\t\t\t\t<span class=\"sow-icon-ionicons\" data-sow-icon=\"&#xf209;\"\n\t\t \n\t\taria-hidden=\"true\"><\/span>\t\t\t\t\t\t\t<\/div>\n\t\t\t\t\t\t<\/div>\n\t\t\t\t\t<\/div>\n\t\t\t\t<\/div>\n\n\t\t\t<div\n\t\t\t\tclass=\"sow-accordion-panel-content\"\n\t\t\t\trole=\"region\"\n\t\t\t\taria-labelledby=\"accordion-label-setor-vi-%e2%80%93-ci%c3%aancias-jur%c3%addicas\"\n\t\t\t\tid=\"accordion-content-setor-vi-%e2%80%93-ci%c3%aancias-jur%c3%addicas\"\n\t\t\t\tstyle=\"display: none;\"\t\t\t>\n\t\t\t\t<div class=\"sow-accordion-panel-border\" tabindex=\"0\">\n\t\t\t\t\t<table class=\" aligncenter\">\n<tbody>\n<tr>\n<td>62<\/td>\n<td>Direito<\/td>\n<td><a href=\"http:\/\/www2.uepg.br\/prograd\/wp-content\/uploads\/sites\/19\/2019\/05\/direito62.pdf\" target=\"_blank\" rel=\"noopener noreferrer\">N\u00b0200 DE 18\/11\/2008<\/a><\/td>\n<\/tr>\n<\/tbody>\n<\/table>\n<p>&nbsp;<\/p>\n\t\t\t\t<\/div>\n\t\t\t<\/div>\n\t\t<\/div>\n\t\t<\/div>\n<\/div>\n<\/div><\/div><\/div><\/div><\/div>","protected":false},"excerpt":{"rendered":"<p>O Trabalho de Conclus\u00e3o de Curso (OTCC) tem como objetivo oportunizar o aprimoramento da forma\u00e7\u00e3o profissional do acad\u00eamico, mediante a integra\u00e7\u00e3o dos conhecimentos te\u00f3ricos estudados no curso e sua aplica\u00e7\u00e3o no campo profissional espec\u00edfico. Sendo este componente obrigat\u00f3rio para a conclus\u00e3o de cursos de gradua\u00e7\u00e3o, mediante a defini\u00e7\u00e3o pr\u00e9via nos Projetos Pedag\u00f3gicos e embasados pelas&nbsp;&hellip;<\/p>\n","protected":false},"author":24,"featured_media":4159,"parent":0,"menu_order":0,"comment_status":"closed","ping_status":"closed","template":"","meta":[],"_links":{"self":[{"href":"https:\/\/www2.uepg.br\/prograd\/wp-json\/wp\/v2\/pages\/302"}],"collection":[{"href":"https:\/\/www2.uepg.br\/prograd\/wp-json\/wp\/v2\/pages"}],"about":[{"href":"https:\/\/www2.uepg.br\/prograd\/wp-json\/wp\/v2\/types\/page"}],"author":[{"embeddable":true,"href":"https:\/\/www2.uepg.br\/prograd\/wp-json\/wp\/v2\/users\/24"}],"replies":[{"embeddable":true,"href":"https:\/\/www2.uepg.br\/prograd\/wp-json\/wp\/v2\/comments?post=302"}],"version-history":[{"count":61,"href":"https:\/\/www2.uepg.br\/prograd\/wp-json\/wp\/v2\/pages\/302\/revisions"}],"predecessor-version":[{"id":10032,"href":"https:\/\/www2.uepg.br\/prograd\/wp-json\/wp\/v2\/pages\/302\/revisions\/10032"}],"wp:featuredmedia":[{"embeddable":true,"href":"https:\/\/www2.uepg.br\/prograd\/wp-json\/wp\/v2\/media\/4159"}],"wp:attachment":[{"href":"https:\/\/www2.uepg.br\/prograd\/wp-json\/wp\/v2\/media?parent=302"}],"curies":[{"name":"wp","href":"https:\/\/api.w.org\/{rel}","templated":true}]}}