{"id":3260,"date":"2021-07-20T12:44:50","date_gmt":"2021-07-20T15:44:50","guid":{"rendered":"https:\/\/www2.uepg.br\/prograd\/?page_id=3260"},"modified":"2025-08-15T13:53:00","modified_gmt":"2025-08-15T16:53:00","slug":"curricularizacao-da-extensao","status":"publish","type":"page","link":"https:\/\/www2.uepg.br\/prograd\/curricularizacao-da-extensao\/","title":{"rendered":"CURRICULARIZA\u00c7\u00c3O DA EXTENS\u00c3O"},"content":{"rendered":"<h4 style=\"text-align: center\">1\u00ba Encontro do Ciclo de Debates<\/h4>\n<p style=\"text-align: center\">[embedyt] https:\/\/www.youtube.com\/watch?v=Y2l9tT0xeF0[\/embedyt]<\/p>\n<h4 style=\"text-align: center\">2\u00ba Encontro do Ciclo de Debates<\/h4>\n<p style=\"text-align: center\">[embedyt] https:\/\/www.youtube.com\/watch?v=PHFHpF5ZeaA[\/embedyt]<\/p>\n<h4 style=\"text-align: center\">3\u00ba Encontro do Ciclo de Debates<\/h4>\n<p style=\"text-align: center\">[embedyt] https:\/\/www.youtube.com\/watch?v=TymGCoBeb9w[\/embedyt]<\/p>\n<p>&nbsp;<\/p>\n<h4 style=\"text-align: center\">Apontamentos e Orienta\u00e7\u00f5es<\/h4>\n<p><a href=\"http:\/\/www2.uepg.br\/prograd\/wp-content\/uploads\/sites\/19\/2021\/07\/CURRICULARIZACao-DA-EXTENSAO.pdf\"><img loading=\"lazy\" class=\"aligncenter wp-image-3283 size-medium\" src=\"http:\/\/www2.uepg.br\/prograd\/wp-content\/uploads\/sites\/19\/2021\/07\/Curricularizacao-da-extensao-215x300.jpeg\" alt=\"\" width=\"215\" height=\"300\" srcset=\"https:\/\/www2.uepg.br\/prograd\/wp-content\/uploads\/sites\/19\/2021\/07\/Curricularizacao-da-extensao-215x300.jpeg 215w, https:\/\/www2.uepg.br\/prograd\/wp-content\/uploads\/sites\/19\/2021\/07\/Curricularizacao-da-extensao-733x1024.jpeg 733w, https:\/\/www2.uepg.br\/prograd\/wp-content\/uploads\/sites\/19\/2021\/07\/Curricularizacao-da-extensao.jpeg 750w\" sizes=\"(max-width: 215px) 100vw, 215px\" \/><\/a><\/p>\n<p>&nbsp;<\/p>\n<p style=\"text-align: center\"><strong>Refer\u00eancias:<\/strong><\/p>\n<p>&nbsp;<\/p>\n<p style=\"text-align: center\"><a href=\"https:\/\/sistemas.uepg.br\/producao\/reitoria\/documentos\/1112017-06-2224.pdf\">UEPG. Resolu\u00e7\u00e3o UNIV n\u00ba 11 de 22 de junho de 2017.<\/a><\/p>\n<p>&nbsp;<\/p>\n<p style=\"text-align: center\"><a href=\"http:\/\/portal.mec.gov.br\/index.php?option=com_docman&amp;view=download&amp;alias=104251-rces007-18&amp;category_slug=dezembro-2018-pdf&amp;Itemid=30192\">MEC. Resolu\u00e7\u00e3o CNE\/CES n\u00ba 07 de 18 de dezembro de 2018.<\/a><\/p>\n<p>&nbsp;<\/p>\n<p style=\"text-align: center\"><a href=\"http:\/\/www2.uepg.br\/prograd\/wp-content\/uploads\/sites\/19\/2025\/08\/Curricularizacao-da-extensao.pdf\" target=\"_blank\" rel=\"noopener\">UEPG. Resolu\u00e7\u00e3o CEPE n\u00ba 16 de 07 de maio de 2024.<\/a><\/p>\n<p>&nbsp;<\/p>\n<p>&nbsp;<\/p>\n<p>&nbsp;<\/p>\n<p>&nbsp;<\/p>\n<p>&nbsp;<\/p>\n<p>&nbsp;<\/p>\n<p>&nbsp;<\/p>\n","protected":false},"excerpt":{"rendered":"<p>1\u00ba Encontro do Ciclo de Debates [embedyt] https:\/\/www.youtube.com\/watch?v=Y2l9tT0xeF0[\/embedyt] 2\u00ba Encontro do Ciclo de Debates [embedyt] https:\/\/www.youtube.com\/watch?v=PHFHpF5ZeaA[\/embedyt] 3\u00ba Encontro do Ciclo de Debates [embedyt] https:\/\/www.youtube.com\/watch?v=TymGCoBeb9w[\/embedyt] &nbsp; Apontamentos e Orienta\u00e7\u00f5es &nbsp; Refer\u00eancias: &nbsp; UEPG. Resolu\u00e7\u00e3o UNIV n\u00ba 11 de 22 de junho de 2017. &nbsp; MEC. Resolu\u00e7\u00e3o CNE\/CES n\u00ba 07 de 18 de dezembro de 2018. &nbsp;&nbsp;&hellip;<\/p>\n","protected":false},"author":42,"featured_media":0,"parent":0,"menu_order":0,"comment_status":"closed","ping_status":"closed","template":"","meta":[],"_links":{"self":[{"href":"https:\/\/www2.uepg.br\/prograd\/wp-json\/wp\/v2\/pages\/3260"}],"collection":[{"href":"https:\/\/www2.uepg.br\/prograd\/wp-json\/wp\/v2\/pages"}],"about":[{"href":"https:\/\/www2.uepg.br\/prograd\/wp-json\/wp\/v2\/types\/page"}],"author":[{"embeddable":true,"href":"https:\/\/www2.uepg.br\/prograd\/wp-json\/wp\/v2\/users\/42"}],"replies":[{"embeddable":true,"href":"https:\/\/www2.uepg.br\/prograd\/wp-json\/wp\/v2\/comments?post=3260"}],"version-history":[{"count":34,"href":"https:\/\/www2.uepg.br\/prograd\/wp-json\/wp\/v2\/pages\/3260\/revisions"}],"predecessor-version":[{"id":9802,"href":"https:\/\/www2.uepg.br\/prograd\/wp-json\/wp\/v2\/pages\/3260\/revisions\/9802"}],"wp:attachment":[{"href":"https:\/\/www2.uepg.br\/prograd\/wp-json\/wp\/v2\/media?parent=3260"}],"curies":[{"name":"wp","href":"https:\/\/api.w.org\/{rel}","templated":true}]}}