{"id":4782,"date":"2022-03-25T16:47:37","date_gmt":"2022-03-25T19:47:37","guid":{"rendered":"https:\/\/www2.uepg.br\/prograd\/?page_id=4782"},"modified":"2022-03-29T15:39:39","modified_gmt":"2022-03-29T18:39:39","slug":"normativas-referentes-a-pandemia-covid-19","status":"publish","type":"page","link":"https:\/\/www2.uepg.br\/prograd\/normativas-referentes-a-pandemia-covid-19\/","title":{"rendered":"NORMATIVAS REFERENTES \u00c0 PANDEMIA COVID-19"},"content":{"rendered":"<table style=\"font-size: 16px\">\n<tbody>\n<tr>\n<td><span style=\"font-weight: 400\">16\/03\/2020 \u2013<\/span><a href=\"https:\/\/www2.uepg.br\/prograd\/wp-content\/uploads\/sites\/19\/2020\/03\/ORDEM-DE-SERVICO-20.000012030-0-pdf.pdf\"><span style=\"font-weight: 400\"> ORDEM DE SERVI\u00c7O &#8211; 16 de mar\u00e7o de 2020<\/span><\/a><span style=\"font-weight: 400\"> \u2013 Considerando a Nota da Reitoria (16\/03\/2020) com orienta\u00e7\u00f5es para a comunidade acad\u00eamica sobre o COVID-19.<\/span><\/td>\n<\/tr>\n<tr>\n<td><span style=\"font-weight: 400\">18\/03\/2020 \u2013<\/span><a href=\"https:\/\/www2.uepg.br\/prograd\/wp-content\/uploads\/sites\/19\/2020\/03\/Ordem-de-Servi%c3%a7o-preven%c3%a7%c3%a3o-coronavirus_SEI_UEPG-COU.pdf\"><span style=\"font-weight: 400\">ORDEM DE SERVI\u00c7O N\u00ba 2020.0191257<\/span><\/a><span style=\"font-weight: 400\"> \u2013 Considerando a decis\u00e3o do Conselho Universit\u00e1rio (17\/03\/2020) pela manuten\u00e7\u00e3o da suspens\u00e3o das aulas e dos Calend\u00e1rios Acad\u00eamicos dos cursos presenciais por tempo indeterminado, como medida de combate \u00e0 contamina\u00e7\u00e3o por COVID-19.<\/span><\/td>\n<\/tr>\n<tr>\n<td><span style=\"font-weight: 400\">19\/03\/2020 \u2013<\/span><a href=\"https:\/\/sistemas.uepg.br\/producao\/reitoria\/documentos\/112020-03-1724.pdf\"><span style=\"font-weight: 400\"> RESOLU\u00c7\u00c3O UNIV N\u00b0 1, de 17\/03\/2020<\/span><\/a><span style=\"font-weight: 400\"> \u2013 Fica aprovada a suspens\u00e3o por tempo indeterminado dos Calend\u00e1rios Universit\u00e1rios da Universidade Estadual de Ponta Grossa \u2013 UEPG do ano letivo de 2020.\u00a0<\/span><\/td>\n<\/tr>\n<tr>\n<td><span style=\"font-weight: 400\">14\/04\/2020 \u2013<\/span><a href=\"https:\/\/www2.uepg.br\/prograd\/wp-content\/uploads\/sites\/19\/2020\/04\/ORDEM-DE-SERVI%c3%87O-%e2%80%93-2020.0202259.pdf\"><span style=\"font-weight: 400\"> ORDEM DE SERVI\u00c7O\u2013 2020.0202259<\/span><\/a><span style=\"font-weight: 400\"> \u2013 Considerando a decis\u00e3o do Conselho Universit\u00e1rio (09\/04\/2020) pela manuten\u00e7\u00e3o da suspens\u00e3o das aulas e dos Calend\u00e1rios Acad\u00eamicos dos cursos presenciais, como medida de combate \u00e0 contamina\u00e7\u00e3o por COVID-19.<\/span><\/td>\n<\/tr>\n<tr>\n<td><span style=\"font-weight: 400\">28\/04\/2020 \u2013<\/span><a href=\"https:\/\/www2.uepg.br\/prograd\/wp-content\/uploads\/sites\/19\/2020\/04\/ORDEM-DE-SERVI%c3%87O-0208844.pdf\"><span style=\"font-weight: 400\"> ORDEM DE SERVI\u00c7O 0208844<\/span><\/a><span style=\"font-weight: 400\"> \u2013 Considerando o of\u00edcio 0205886 do NUTEAD, a PROGRAD orienta sobre realiza\u00e7\u00e3o de atividades avaliativas na modalidade EaD, durante o per\u00edodo de atividades presenciais suspensas, somente para os cursos de gradua\u00e7\u00e3o a dist\u00e2ncia.<\/span><\/td>\n<\/tr>\n<tr>\n<td><span style=\"font-weight: 400\">28\/04\/2020 \u2013<\/span><a href=\"https:\/\/sistemas.uepg.br\/producao\/reitoria\/documentos\/122020-04-2724.pdf\"><span style=\"font-weight: 400\"> RESOLU\u00c7\u00c3O UNIV N\u00b0 2, de 27\/04\/2020<\/span><\/a><span style=\"font-weight: 400\"> \u2013 Aprova a suspens\u00e3o dos Calend\u00e1rios Universit\u00e1rios da Universidade Estadual de Ponta Grossa do ano letivo de 2020.<\/span><\/td>\n<\/tr>\n<tr>\n<td><span style=\"font-weight: 400\">18\/05\/2020 \u2013<\/span><a href=\"https:\/\/sistemas.uepg.br\/producao\/reitoria\/documentos\/152020-05-1824.pdf\"><span style=\"font-weight: 400\"> RESOLU\u00c7\u00c3O UNIV N\u00b0 5, de 18\/05\/2020<\/span><\/a><span style=\"font-weight: 400\">\u2013 Aprova, em car\u00e1ter de excepcionalidade, a realiza\u00e7\u00e3o de atividades presenciais de est\u00e1gio curricular obrigat\u00f3rio aos concluintes do Curso de Farm\u00e1cia da UEPG, com atua\u00e7\u00e3o em \u00e1reas compat\u00edveis com os est\u00e1gios e as pr\u00e1ticas espec\u00edficas, nas a\u00e7\u00f5es de combate \u00e0 pandemia do coronav\u00edrus \u2013 COVID-19. Aos demais cursos de gradua\u00e7\u00e3o permanecem suspensas as atividades de est\u00e1gio curricular obrigat\u00f3rio.<\/span><\/td>\n<\/tr>\n<tr>\n<td><span style=\"font-weight: 400\">19\/05\/2020 \u2013<\/span><a href=\"https:\/\/www2.uepg.br\/prograd\/wp-content\/uploads\/sites\/19\/2020\/05\/ORDEM-DE-SERVIC%CC%A7O-ESTAGIO-FARMACIA-versao-final.pdf\"><span style=\"font-weight: 400\"> ORDEM DE SERVI\u00c7O N\u00ba 2020.0219419<\/span><\/a><span style=\"font-weight: 400\">\u2013 Est\u00e1 liberada a realiza\u00e7\u00e3o do est\u00e1gio curricular obrigat\u00f3rio, em car\u00e1ter excepcional, aos alunos regularmente matriculados no \u00faltimo ano do Curso de Farm\u00e1cia.<\/span><\/td>\n<\/tr>\n<tr>\n<td><span style=\"font-weight: 400\">01\/06\/2020 \u2013<\/span><a href=\"https:\/\/sistemas.uepg.br\/producao\/reitoria\/documentos\/132020-05-1824.pdf\"><span style=\"font-weight: 400\"> RESOLU\u00c7\u00c3O UNIV N\u00b0 3, de 18\/05\/2020 <\/span><\/a><span style=\"font-weight: 400\">\u2013 Aprova a retomada dos Calend\u00e1rios Universit\u00e1rios da Universidade Estadual de Ponta Grossa do ano letivo de 2020 e d\u00e1 outras provid\u00eancias.<\/span><\/td>\n<\/tr>\n<tr>\n<td><span style=\"font-weight: 400\">01\/06\/2020 \u2013 <\/span><a href=\"https:\/\/sistemas.uepg.br\/producao\/reitoria\/documentos\/152020-05-1824.pdf\"><span style=\"font-weight: 400\">RESOLU\u00c7\u00c3O UNIV N\u00ba2020.5<\/span><\/a><span style=\"font-weight: 400\"> \u2013 Aprova a realiza\u00e7\u00e3o de atividades presenciais de est\u00e1gio aos concluintes do Curso de Farm\u00e1cia da Universidade Estadual de Ponta Grossa.<\/span><\/td>\n<\/tr>\n<tr>\n<td><span style=\"font-weight: 400\">08\/06\/2020 \u2013<\/span><a href=\"https:\/\/sistemas.uepg.br\/producao\/reitoria\/documentos\/22462020-06-0813.pdf\"><span style=\"font-weight: 400\"> PORTARIA R. N\u00b0 246<\/span><\/a><span style=\"font-weight: 400\"> \u2013 Designa para compor o Comit\u00ea Emergencial de Crise Contratual e de Despesas \u2013 Pandemia COVID-19, a professora Rosaly Machado, Coordenadoria de Controle Interno \u2013 Agente de Integridade e Compliance.<\/span><\/td>\n<\/tr>\n<tr>\n<td><span style=\"font-weight: 400\">18\/06\/2020 \u2013<\/span><a href=\"https:\/\/www2.uepg.br\/prograd\/wp-content\/uploads\/sites\/19\/2020\/06\/SEI_UEPG-0235299-Ordem-de-Servi%C3%A7o-1.pdf\"><span style=\"font-weight: 400\"> ORDEM DE SERVI\u00c7O N\u00ba 2020.0235299<\/span><\/a><span style=\"font-weight: 400\"> \u2013\u00a0 Todas as atividades remotas aprovadas por ocasi\u00e3o da retomada do calend\u00e1rio universit\u00e1rio t\u00eam car\u00e1ter estritamente emergencial e tempor\u00e1rio, adaptadas ao contexto de pandemia do COVID-19.<\/span><\/td>\n<\/tr>\n<tr>\n<td><span style=\"font-weight: 400\">30\/06\/2020 \u2013<\/span><a href=\"https:\/\/sistemas.uepg.br\/producao\/reitoria\/documentos\/1122020-06-3024.pdf\"><span style=\"font-weight: 400\"> RESOLU\u00c7\u00c3O UNIV N\u00b0 12<\/span><\/a><span style=\"font-weight: 400\"> \u2013 Aprova novo Calend\u00e1rio Universit\u00e1rio da Universidade Estadual de Ponta Grossa do ano letivo de 2020.\u00a0<\/span><\/td>\n<\/tr>\n<tr>\n<td><span style=\"font-weight: 400\">02\/07\/2020 \u2013<\/span><a href=\"https:\/\/www2.uepg.br\/prograd\/wp-content\/uploads\/sites\/19\/2020\/07\/Ordem_de_Servico_08___RETIFICADA.pdf\"><span style=\"font-weight: 400\"> ORDEM DE SERVI\u00c7O N\u00ba 2020.0243294<\/span><\/a><span style=\"font-weight: 400\"> \u2013 Todas as atividades remotas aprovadas por ocasi\u00e3o da retomada do Calend\u00e1rio Universit\u00e1rio possuem car\u00e1ter estritamente emergencial e tempor\u00e1rio, adaptadas ao contexto de pandemia do COVID-19.<\/span><\/td>\n<\/tr>\n<tr>\n<td><span style=\"font-weight: 400\">16\/07\/2020 \u2013<\/span><a href=\"https:\/\/www2.uepg.br\/prograd\/wp-content\/uploads\/sites\/19\/2020\/07\/SEI_UEPG-0251534-Ordem-de-Servi%c3%a7o-ultima.pdf\"><span style=\"font-weight: 400\"> ORDEM DE SERVI\u00c7O N\u00ba 2020.0251534 \u2013 <\/span><\/a><span style=\"font-weight: 400\">\u00a0O lan\u00e7amento de novo dia da aula no sistema do Professor Online ser\u00e1 realizado como de costume, devendo o professor registrar as seguintes informa\u00e7\u00f5es: data da aula, n\u00famero de aulas, formato da aula: s\u00edncrona ou ass\u00edncrona; e conte\u00fado da aula.<\/span><\/td>\n<\/tr>\n<tr>\n<td><span style=\"font-weight: 400\">29\/07\/2020 \u2013<\/span><a href=\"https:\/\/www2.uepg.br\/prograd\/wp-content\/uploads\/sites\/19\/2020\/07\/OF%c3%8dCIO-0259064-PROGRAD.pdf\"><span style=\"font-weight: 400\"> OF\u00cdCIO \u2013 0259064 \u2013 PROGRAD<\/span><\/a><span style=\"font-weight: 400\"> \u2013 Considerando os preju\u00edzos e os impactos pedag\u00f3gicos para a comunidade discente; a necessidade de amplia\u00e7\u00e3o de acesso \u00e0 educa\u00e7\u00e3o superior e a liberdade de aprender em contexto de pandemia considerando, ainda, as solicita\u00e7\u00f5es das Coordena\u00e7\u00f5es de Curso pela revoga\u00e7\u00e3o da Ordem de Servi\u00e7o da PROGRAD n. 2020.0258712.<\/span><\/td>\n<\/tr>\n<tr>\n<td><span style=\"font-weight: 400\">30\/07\/2020 \u2013<\/span><a href=\"https:\/\/www2.uepg.br\/prograd\/wp-content\/uploads\/sites\/19\/2020\/07\/SEI_UEPG-0260432-Ordem-de-Servi%C3%A7o.pdf\"><span style=\"font-weight: 400\"> ORDEM DE SERVI\u00c7O N\u00ba 2020.0260432<\/span><\/a><span style=\"font-weight: 400\"> \u2013 Na condi\u00e7\u00e3o de excepcionalidade do ensino remoto emergencial e transit\u00f3rio em per\u00edodo pand\u00eamico, tornam-se obrigat\u00f3rias as grava\u00e7\u00f5es e sua disponibiliza\u00e7\u00e3o no ambiente virtual Google Classroom institucional de todas as aulas remotas at\u00e9 o final do ano letivo.<\/span><\/td>\n<\/tr>\n<tr>\n<td><span style=\"font-weight: 400\">25\/08\/2020 \u2013 <\/span><a href=\"https:\/\/www2.uepg.br\/prograd\/wp-content\/uploads\/sites\/19\/2020\/08\/SEI_UEPG-0290610-Ordem-de-Servico-Reofertas-Modalidade-EaD.pdf\"><span style=\"font-weight: 400\">ORDEM DE SERVI\u00c7O N\u00ba 2020.0290610 \u2013 PROGRAD<\/span><\/a><span style=\"font-weight: 400\"> \u2013 Orienta\u00e7\u00f5es administrativas relativas ao Calend\u00e1rio EaD para o ano letivo de 2022.<\/span><\/td>\n<\/tr>\n<tr>\n<td><span style=\"font-weight: 400\">25\/08\/2020 \u2013<\/span><a href=\"https:\/\/www2.uepg.br\/prograd\/wp-content\/uploads\/sites\/19\/2020\/08\/SEI_UEPG-0291030-Ordem-de-Servico-Estagio-Obrigatorio.pdf\"><span style=\"font-weight: 400\"> ORDEM DE SERVI\u00c7O N\u00ba 2020.0291030<\/span><\/a><span style=\"font-weight: 400\"> \u2013 Atividades Remotas de Est\u00e1gio Obrigat\u00f3rio.<\/span><\/td>\n<\/tr>\n<tr>\n<td><span style=\"font-weight: 400\">23\/09\/2020 \u2013<\/span><a href=\"https:\/\/sistemas.uepg.br\/producao\/reitoria\/documentos\/1992020-09-2125.pdf\"><span style=\"font-weight: 400\"> RESOLU\u00c7\u00c3O CA \u2013 N\u00ba 2020.99<\/span><\/a><span style=\"font-weight: 400\"> \u2013 Programa para a\u00e7\u00f5es extensionistas da UEPG no combate \u00e0 pandemia de Covid-19 em Ponta Grossa e regi\u00e3o contemplado no Programa de Apoio Institucional para a\u00e7\u00f5es extensionistas de preven\u00e7\u00e3o, cuidados e combate \u00e0 pandemia do novo coronav\u00edrus.<\/span><\/td>\n<\/tr>\n<tr>\n<td><span style=\"font-weight: 400\">23\/09\/2020 \u2013<\/span><a href=\"https:\/\/sistemas.uepg.br\/producao\/reitoria\/documentos\/1972020-09-2125.pdf\"><span style=\"font-weight: 400\"> RESOLU\u00c7\u00c3O CA N\u00b0 97 <\/span><\/a><span style=\"font-weight: 400\">\u2013 Homologa a assinatura do Conv\u00eanio 027\/2020 celebrado entre a Funda\u00e7\u00e3o Arauc\u00e1ria e a Universidade Estadual de Ponta Grossa, objetivando a implementa\u00e7\u00e3o do projeto \u201cPrograma de Apoio Institucional para a\u00e7\u00f5es extensionistas de preven\u00e7\u00e3o, cuidados e combate \u00e0 pandemia do novo coronav\u00edrus em Curitiba e Regi\u00e3o Metropolitana.<\/span><\/td>\n<\/tr>\n<tr>\n<td><span style=\"font-weight: 400\">23\/09\/2020 \u2013<\/span><a href=\"https:\/\/sistemas.uepg.br\/producao\/reitoria\/documentos\/1982020-09-2125.pdf\"><span style=\"font-weight: 400\"> RESOLU\u00c7\u00c3O CA N\u00b0 98 <\/span><\/a><span style=\"font-weight: 400\">\u2013 Homologa a assinatura do Conv\u00eanio 041\/2020 celebrado entre a Funda\u00e7\u00e3o Arauc\u00e1ria e a Universidade Estadual de Ponta Grossa, objetivando a implementa\u00e7\u00e3o do projeto \u201cPrograma de Apoio Institucional para a\u00e7\u00f5es extensionistas de preven\u00e7\u00e3o, cuidados e combate \u00e0 pandemia do novo coronav\u00edrus\u201d.<\/span><\/td>\n<\/tr>\n<tr>\n<td><span style=\"font-weight: 400\">23\/09\/2020 \u2013<\/span><a href=\"https:\/\/sistemas.uepg.br\/producao\/reitoria\/documentos\/1992020-09-2125.pdf\"><span style=\"font-weight: 400\"> RESOLU\u00c7\u00c3O CA N\u00b0 99<\/span><\/a><span style=\"font-weight: 400\"> \u2013 Homologa a assinatura do Conv\u00eanio 082\/2020 celebrado entre a Funda\u00e7\u00e3o Arauc\u00e1ria e a Universidade Estadual de Ponta Grossa, objetivando a implementa\u00e7\u00e3o do projeto \u201cPrograma para a\u00e7\u00f5es extensionistas da UEPG no combate \u00e0 pandemia de Covid-19 em Ponta Grossa e regi\u00e3o\u201d.<\/span><\/td>\n<\/tr>\n<tr>\n<td><span style=\"font-weight: 400\">30\/09\/2020 \u2013<\/span><a href=\"https:\/\/sistemas.uepg.br\/producao\/reitoria\/documentos\/25072020-09-3013.pdf\"><span style=\"font-weight: 400\"> PORTARIA R N\u00b0 507<\/span><\/a><span style=\"font-weight: 400\">\u2013 Constitui Comiss\u00e3o para planejamento do retorno das atividades presenciais, em virtude da pandemia de COVID-19.<\/span><\/td>\n<\/tr>\n<tr>\n<td><span style=\"font-weight: 400\">30\/10\/2020 \u2013<\/span><a href=\"https:\/\/www2.uepg.br\/prograd\/wp-content\/uploads\/sites\/19\/2020\/10\/SEI_UEPG-0338703-Ordem-de-Servico.pdf\"><span style=\"font-weight: 400\"> ORDEM DE SERVI\u00c7O N\u00ba 2020.0338703<\/span><\/a><span style=\"font-weight: 400\"> \u2013\u00a0 Estabelece de forma excepcional\u00edssima o retorno das atividades letivas de cursos t\u00e9cnicos e superiores da sa\u00fade ante a emerg\u00eancia de sa\u00fade p\u00fablica decorrente da pandemia de COVID-19.<\/span><\/td>\n<\/tr>\n<tr>\n<td><span style=\"font-weight: 400\">14\/12\/2020 \u2013<\/span><a href=\"https:\/\/www2.uepg.br\/prograd\/wp-content\/uploads\/sites\/19\/2021\/02\/SEI_UEPG-0377680-Ordem-de-Servico.pdf\"><span style=\"font-weight: 400\"> ORDEM DE SERVI\u00c7O N\u00ba 2020.0377680<\/span><\/a><span style=\"font-weight: 400\"> \u2013 Que autoriza, em car\u00e1ter excepcional, a realiza\u00e7\u00e3o de est\u00e1gios supervisionados obrigat\u00f3rios dos cursos das institui\u00e7\u00f5es de ensino superior.<\/span><\/td>\n<\/tr>\n<tr>\n<td><span style=\"font-weight: 400\">26\/02\/2021 \u2013<\/span><a href=\"https:\/\/www2.uepg.br\/prograd\/wp-content\/uploads\/sites\/19\/2021\/03\/SEI_21.000006483_1-OS-susp-estagios-presenciais-1.pdf\"><span style=\"font-weight: 400\"> ORDEM DE SERVI\u00c7O N\u00ba 2021.0422587<\/span><\/a><span style=\"font-weight: 400\">\u2013 Determina medidas restritivas de car\u00e1ter obrigat\u00f3rio, visando o enfrentamento da emerg\u00eancia de sa\u00fade p\u00fablica decorrente da pandemia da COVID-19.<\/span><\/td>\n<\/tr>\n<tr>\n<td><span style=\"font-weight: 400\">10\/03\/2021 \u2013<\/span><a href=\"https:\/\/www2.uepg.br\/prograd\/wp-content\/uploads\/sites\/19\/2021\/03\/SEI_21.000008271_6.pdf\"><span style=\"font-weight: 400\"> ORDEM DE SERVI\u00c7O N\u00ba 2021.0434265<\/span><\/a><span style=\"font-weight: 400\"> \u2013Disp\u00f5e sobre o enfrentamento da emerg\u00eancia de sa\u00fade p\u00fablica de import\u00e2ncia internacional decorrente do Coronav\u00edrus \u2013 COVID-19.<\/span><\/td>\n<\/tr>\n<tr>\n<td><span style=\"font-weight: 400\">16\/04\/2021 \u2013<\/span><a href=\"https:\/\/www2.uepg.br\/prograd\/wp-content\/uploads\/sites\/19\/2021\/04\/ORDEM-DE-SERVICO-No-2021.0463417-PROGRAD-DIAC.pdf\"><span style=\"font-weight: 400\"> ORDEM DE SERVI\u00c7O N\u00ba 2021.0463417<\/span><\/a><span style=\"font-weight: 400\"> \u2013Considerando o inevit\u00e1vel contexto de excepcionalidade gerado pelo combate e enfrentamento \u00e0 Pandemia do COVID-19, a extens\u00e3o do prazo de dura\u00e7\u00e3o das ofertas das disciplinas, que n\u00e3o puderem ser integralizadas at\u00e9 o t\u00e9rmino do ano letivo de 2020.<\/span><\/td>\n<\/tr>\n<tr>\n<td><span style=\"font-weight: 400\">19\/04\/2021 \u2013 <\/span><a href=\"https:\/\/sistemas.uepg.br\/producao\/reitoria\/documentos\/162021-04-1524.pdf\"><span style=\"font-weight: 400\">RESOLU\u00c7\u00c3O UNIV \u2013 N\u00ba 2021.6<\/span><\/a><span style=\"font-weight: 400\"> \u2013 Estabelece diretrizes sobre a suspens\u00e3o da reten\u00e7\u00e3o na s\u00e9rie para os acad\u00eamicos matriculados em ano de excepcionalidade,\u00a0 para o per\u00edodo de ensino remoto ou h\u00edbrido de car\u00e1ter emergencial e tempor\u00e1rio da pandemia de Covid-19 no ano letivo de 2020.<\/span><\/td>\n<\/tr>\n<tr>\n<td><span style=\"font-weight: 400\">19\/04\/2021 \u2013<\/span><a href=\"https:\/\/sistemas.uepg.br\/producao\/reitoria\/documentos\/182021-04-1524.pdf\"><span style=\"font-weight: 400\"> RESOLU\u00c7\u00c3O UNIV N\u00b0 2021.8 <\/span><\/a><span style=\"font-weight: 400\">\u2013 Homologa a Portaria R. 2021.117 que determinou <\/span><i><span style=\"font-weight: 400\">ad referendum<\/span><\/i><span style=\"font-weight: 400\"> deste Conselho, no Calend\u00e1rio Universit\u00e1rio 2020, nos dias 08 de mar\u00e7o e 01 de abril de 2021 na categoria de Dias Letivos com Atividades Remotas.<\/span><\/td>\n<\/tr>\n<tr>\n<td><span style=\"font-weight: 400\">25\/05\/2021 \u2013<\/span><a href=\"https:\/\/www2.uepg.br\/prograd\/wp-content\/uploads\/sites\/19\/2021\/06\/ORDEM-DE-SERVICO-No-2021.0500308-.pdf\"><span style=\"font-weight: 400\"> ORDEM DE SERVI\u00c7O N\u00ba 2021.0500308<\/span><\/a><span style=\"font-weight: 400\"> \u2013 Per\u00edodo excepcional de ensino remoto, n\u00e3o haver\u00e1 registro de frequ\u00eancia dos acad\u00eamicos matriculados.<\/span><\/td>\n<\/tr>\n<tr>\n<td><span style=\"font-weight: 400\">08\/11\/2021 \u2013 <\/span><a href=\"https:\/\/sistemas.uepg.br\/producao\/reitoria\/documentos\/11952021-11-0825.pdf\"><span style=\"font-weight: 400\">RESOLU\u00c7\u00c3O CA N\u00b0 195 <\/span><\/a><span style=\"font-weight: 400\">\u2013 Aprova a assinatura do Conv\u00eanio de M\u00fatua Coopera\u00e7\u00e3o a ser celebrado entre a Universidade Estadual de Ponta Grossa e o Munic\u00edpio de Ponta Grossa, visando a realiza\u00e7\u00e3o dos testes de detec\u00e7\u00e3o do v\u00edrus SARS-CoV-2 pela t\u00e9cnica PCR, conforme demanda do Munic\u00edpio.<\/span><\/td>\n<\/tr>\n<tr>\n<td><span style=\"font-weight: 400\">10\/11\/2021 \u2013<\/span><a href=\"https:\/\/sistemas.uepg.br\/producao\/reitoria\/documentos\/11922021-11-0825.pdf\"><span style=\"font-weight: 400\"> ORDEM DE SERVI\u00c7O N\u00ba 2020.0291039<\/span><\/a><span style=\"font-weight: 400\"> \u2013 Atividades Pr\u00e1ticas Experimentais N\u00e3o-Presenciais.<\/span><\/td>\n<\/tr>\n<tr>\n<td><span style=\"font-weight: 400\">10\/11\/2021 \u2013<\/span><a href=\"https:\/\/sistemas.uepg.br\/producao\/reitoria\/documentos\/11922021-11-0825.pdf\"><span style=\"font-weight: 400\"> RESOLU\u00c7\u00c3O CA N\u00b0 192 <\/span><\/a><span style=\"font-weight: 400\">\u2013 Aprova a assinatura do Termo de Coopera\u00e7\u00e3o a ser celebrado entre a Universidade Estadual de Ponta Grossa e o Instituto Vis\u00e3o Futuro, visando propiciar t\u00e9cnicas de bem-estar social que contribuem na qualidade de vida, proporcionando e desenvolvendo habilidades para o gerenciamento do estresse e equil\u00edbrio das emo\u00e7\u00f5es, capacitando-os para solu\u00e7\u00f5es de problemas relacionados a sa\u00fade f\u00edsica e mental, agudizadas e suscitadas diante das dificuldades e limita\u00e7\u00f5es impostas pela pandemia de COVID-19.<\/span><\/td>\n<\/tr>\n<tr>\n<td><span style=\"font-weight: 400\">10\/11\/2021 \u2013<\/span><a href=\"https:\/\/sistemas.uepg.br\/producao\/reitoria\/documentos\/1142021-11-0824.pdf\"><span style=\"font-weight: 400\"> RESOLU\u00c7\u00c3O UNIV \u2013 N\u00ba 2021.14<\/span><\/a><span style=\"font-weight: 400\"> &#8211; Aprova retorno das atividades presenciais da Universidade Estadual de Ponta Grossa do ano letivo de 2021.<\/span><\/td>\n<\/tr>\n<tr>\n<td><span style=\"font-weight: 400\">02\/12\/2021 \u2013<\/span><a href=\"https:\/\/www2.uepg.br\/prograd\/wp-content\/uploads\/sites\/19\/2021\/12\/SEI_UEPG-2021.-0771100-Ordem-de-Servico.pdf\"><span style=\"font-weight: 400\"> ORDEM DE SERVI\u00c7O N\u00ba 2021.0771100<\/span><\/a><span style=\"font-weight: 400\"> \u2013Autoriza o retorno das ofertas das disciplinas no formato presencial para o ano letivo de 2021, a partir de 07 de fevereiro de 2022.<\/span><\/td>\n<\/tr>\n<\/tbody>\n<\/table>\n<p><span style=\"font-weight: 400\">\u00a0<\/span><\/p>\n","protected":false},"excerpt":{"rendered":"<p>16\/03\/2020 \u2013 ORDEM DE SERVI\u00c7O &#8211; 16 de mar\u00e7o de 2020 \u2013 Considerando a Nota da Reitoria (16\/03\/2020) com orienta\u00e7\u00f5es para a comunidade acad\u00eamica sobre o COVID-19. 18\/03\/2020 \u2013ORDEM DE SERVI\u00c7O N\u00ba 2020.0191257 \u2013 Considerando a decis\u00e3o do Conselho Universit\u00e1rio (17\/03\/2020) pela manuten\u00e7\u00e3o da suspens\u00e3o das aulas e dos Calend\u00e1rios Acad\u00eamicos dos cursos presenciais por&nbsp;&hellip;<\/p>\n","protected":false},"author":24,"featured_media":4159,"parent":0,"menu_order":0,"comment_status":"closed","ping_status":"closed","template":"","meta":[],"_links":{"self":[{"href":"https:\/\/www2.uepg.br\/prograd\/wp-json\/wp\/v2\/pages\/4782"}],"collection":[{"href":"https:\/\/www2.uepg.br\/prograd\/wp-json\/wp\/v2\/pages"}],"about":[{"href":"https:\/\/www2.uepg.br\/prograd\/wp-json\/wp\/v2\/types\/page"}],"author":[{"embeddable":true,"href":"https:\/\/www2.uepg.br\/prograd\/wp-json\/wp\/v2\/users\/24"}],"replies":[{"embeddable":true,"href":"https:\/\/www2.uepg.br\/prograd\/wp-json\/wp\/v2\/comments?post=4782"}],"version-history":[{"count":50,"href":"https:\/\/www2.uepg.br\/prograd\/wp-json\/wp\/v2\/pages\/4782\/revisions"}],"predecessor-version":[{"id":4862,"href":"https:\/\/www2.uepg.br\/prograd\/wp-json\/wp\/v2\/pages\/4782\/revisions\/4862"}],"wp:featuredmedia":[{"embeddable":true,"href":"https:\/\/www2.uepg.br\/prograd\/wp-json\/wp\/v2\/media\/4159"}],"wp:attachment":[{"href":"https:\/\/www2.uepg.br\/prograd\/wp-json\/wp\/v2\/media?parent=4782"}],"curies":[{"name":"wp","href":"https:\/\/api.w.org\/{rel}","templated":true}]}}