{"id":7984,"date":"2024-04-17T14:28:52","date_gmt":"2024-04-17T17:28:52","guid":{"rendered":"https:\/\/www2.uepg.br\/prograd\/?page_id=7984"},"modified":"2026-03-24T11:28:00","modified_gmt":"2026-03-24T14:28:00","slug":"editais-pro-pet","status":"publish","type":"page","link":"https:\/\/www2.uepg.br\/prograd\/editais-pro-pet\/","title":{"rendered":"Editais PR\u00d3-PET"},"content":{"rendered":"<p>24\/03\/2026 <a href=\"http:\/\/www2.uepg.br\/prograd\/wp-content\/uploads\/sites\/19\/2026\/03\/SEI_UEPG-3043323-Edital.pdf\">EDITAL PROGRAD &#8211; N\u00ba 2026.259 CLASSIFICA\u00c7\u00c3O DE ACAD\u00caMICOS(AS) BOLSISTAS<\/a><\/p>\n<p><a href=\"http:\/\/www2.uepg.br\/prograd\/wp-content\/uploads\/sites\/19\/2025\/08\/EDITAL-PROGRAD-PRO-PET-n.-042025.pdf\">EDITAL PROGRAD PR\u00d3-PET n. 04\/2025 CLASSIFICA\u00c7\u00c3O DE ACAD\u00caMICOS\/AS BOLSISTAS<\/a><\/p>\n<p><a href=\"http:\/\/www2.uepg.br\/prograd\/wp-content\/uploads\/sites\/19\/2025\/04\/EDITAL_PROGRAD_PRO-PET-32025.pdf\">EDITAL PROGRAD PR\u00d3-PET N\u00ba 03\/2025 CLASSIFICA\u00c7\u00c3O DE ACAD\u00caMICOS(AS) BOLSISTAS<\/a><\/p>\n<p><a href=\"http:\/\/www2.uepg.br\/prograd\/wp-content\/uploads\/sites\/19\/2025\/03\/edital-pro-PET-UEPG-02-2025.pdf\">EDITAL PROGRAD PR\u00d3-PET N\u00ba 2\/2025 CLASSIFICA\u00c7\u00c3O DE ACAD\u00caMICOS\/AS BOLSISTAS<\/a><\/p>\n<p><a href=\"http:\/\/www2.uepg.br\/prograd\/wp-content\/uploads\/sites\/19\/2025\/02\/Edital-PROGRAD-139-2025-1.pdf\">Edital PROGRAD &#8211; N\u00ba 239\/2025 PR\u00d3-PET N\u00ba 001\/2025 PROGRAMA DE APOIO \u00c0 EDUCA\u00c7\u00c3O TUTORIAL PR\u00d3-PET SELE\u00c7\u00c3O DE ACAD\u00caMICOS\/AS BOLSISTAS<\/a><\/p>\n<p><a href=\"http:\/\/www2.uepg.br\/prograd\/wp-content\/uploads\/sites\/19\/2024\/11\/EDITAL-PROGRAD-PRO-PET-No-08-2024-Inter-Alfa-2024-Classificacao-Engenharia-de-Software.pdf\">EDITAL PROGRAD PRO-PET N\u00ba 08\/2024 &#8211; Inter Alfa 2024 Classifica\u00e7\u00e3o &#8211; Engenharia de Software<\/a><\/p>\n<p><a href=\"http:\/\/www2.uepg.br\/prograd\/wp-content\/uploads\/sites\/19\/2024\/11\/EDITAL-PROGRAD-PRO-PET-07-2024-INTERALFA-UEPG-SELECAO-DE-BOLSISTAS-ENG-SOFTWARE.pdf\">EDITAL PROGRAD PRO PET 07\/2024 &#8211; INTERALFA UEPG &#8211; SELE\u00c7\u00c3O DE BOLSISTAS ENG SOFTWARE<\/a><\/p>\n<p><a href=\"http:\/\/www2.uepg.br\/prograd\/wp-content\/uploads\/sites\/19\/2024\/10\/EDITAL-PROGRAD-PRO-PET-09-2024-Resultado-Final.pdf\">EDITAL PROGRAD PRO-PET 09\/2024 Resultado Final<\/a><\/p>\n<p><a href=\"http:\/\/www2.uepg.br\/prograd\/wp-content\/uploads\/sites\/19\/2024\/10\/EDITAL-PROGRAD-PRO-PET-08-2024-CLASSIFICACAO-DE-ACADEMICOS-BOLSISTAS.pdf\">EDITAL PROGRAD PRO-PET 08\/2024 CLASSIFICA\u00c7\u00c3O DE ACAD\u00caMICOS BOLSISTAS<\/a><\/p>\n<p><a href=\"http:\/\/www2.uepg.br\/prograd\/wp-content\/uploads\/sites\/19\/2024\/09\/EDITAL-PROGRAD-PRO-PET-No-072024-SELECAO-DE-ACADEMICOSAS-BOLSISTAS.pdf\">EDITAL N\u00ba 07\/2024 PROGRAD PR\u00d3-PET SELE\u00c7\u00c3O DE ACAD\u00caMICOSAS BOLSISTAS<\/a><\/p>\n<p><a href=\"http:\/\/www2.uepg.br\/prograd\/wp-content\/uploads\/sites\/19\/2024\/06\/EDITAL-006-2024-PROGRAD-PRO-PET-Resultado-Final.pdf\">EDITAL 006-2024 PROGRAD PRO-PET Resultado Final<\/a><\/p>\n<p><a href=\"http:\/\/www2.uepg.br\/prograd\/wp-content\/uploads\/sites\/19\/2024\/05\/EDITAL-05-2024-PROGRAD-PRO-PET-CLASSIFICACAO-DE-ACADEMICOS-BOLSISTAS.pdf\">EDITAL 05-2024 PROGRAD PRO-PET &#8211; CLASSIFICA\u00c7\u00c3O DE ACAD\u00caMICOS BOLSISTAS<\/a><\/p>\n<p><a href=\"http:\/\/www2.uepg.br\/prograd\/wp-content\/uploads\/sites\/19\/2024\/05\/EDITAL-04-2024-PRO-PET-UEPG-SELECAO-DE-BOLSISTAS.pdf\">EDITAL 04-2024 PRO PET UEPG &#8211; SELE\u00c7\u00c3O DE BOLSISTAS<\/a><\/p>\n<p><a href=\"http:\/\/www2.uepg.br\/prograd\/wp-content\/uploads\/sites\/19\/2024\/05\/EDITAL-03-2024-PRO-PET-UEPG-RESULTADO-FINAL-1a-retificacao.pdf\">EDITAL 03-2024 PRO PET UEPG &#8211; RESULTADO FINAL &#8211; 1\u00aa retifica\u00e7\u00e3o<\/a><\/p>\n<p><a href=\"http:\/\/www2.uepg.br\/prograd\/wp-content\/uploads\/sites\/19\/2024\/05\/EDITAL-03-2024-PRO-PET-UEPG-RESULTADO-FINAL.pdf\">EDITAL 03-2024 &#8211; PRO PET UEPG &#8211; RESULTADO FINAL<\/a><\/p>\n<p><a href=\"http:\/\/www2.uepg.br\/prograd\/wp-content\/uploads\/sites\/19\/2024\/05\/EDITAL-002-2024-PRO-PET-UEPG-RESULTADO-PRELIMINAR.pdf\">EDITAL 002-2024 PRO PET UEPG &#8211; RESULTADO PRELIMINAR<\/a><\/p>\n<p><a href=\"http:\/\/www2.uepg.br\/prograd\/wp-content\/uploads\/sites\/19\/2024\/05\/EDITAL-2a-Retificacao-Orientacoes-Complementares-PRO-PET-UEPG-01-2024.pdf\">EDITAL &#8211; 2a Retifica\u00e7\u00e3o Orienta\u00e7\u00f5es Complementares &#8211; PRO PET UEPG 01-2024<\/a><\/p>\n<p><a href=\"http:\/\/www2.uepg.br\/prograd\/wp-content\/uploads\/sites\/19\/2024\/04\/EDITAL-1a-Retificacao-Orientacoes-Complementares-PRO-PET-UEPG-01-2024.pdf\" target=\"_blank\" rel=\"noopener\">EDITAL &#8211; 1a Retifica\u00e7\u00e3o Orienta\u00e7\u00f5es Complementares &#8211; PRO PET UEPG 01-2024<\/a><\/p>\n<p><a href=\"http:\/\/www2.uepg.br\/prograd\/wp-content\/uploads\/sites\/19\/2024\/04\/EDITAL-PRO-PET-UEPG-01-2024-ANEXOS-.pdf\" target=\"_blank\" rel=\"noopener\">EDITAL PRO PET UEPG 01-2024 &#8211; ANEXOS &#8211;<\/a><\/p>\n<p><a href=\"http:\/\/www2.uepg.br\/prograd\/wp-content\/uploads\/sites\/19\/2024\/04\/EDITAL-n.-01-2024-PRO-PET-e-anexos.pdf\">EDITAL n. 01-2024 -PRO-PET e anexos<\/a><\/p>\n","protected":false},"excerpt":{"rendered":"<p>24\/03\/2026 EDITAL PROGRAD &#8211; N\u00ba 2026.259 CLASSIFICA\u00c7\u00c3O DE ACAD\u00caMICOS(AS) BOLSISTAS EDITAL PROGRAD PR\u00d3-PET n. 04\/2025 CLASSIFICA\u00c7\u00c3O DE ACAD\u00caMICOS\/AS BOLSISTAS EDITAL PROGRAD PR\u00d3-PET N\u00ba 03\/2025 CLASSIFICA\u00c7\u00c3O DE ACAD\u00caMICOS(AS) BOLSISTAS EDITAL PROGRAD PR\u00d3-PET N\u00ba 2\/2025 CLASSIFICA\u00c7\u00c3O DE ACAD\u00caMICOS\/AS BOLSISTAS Edital PROGRAD &#8211; N\u00ba 239\/2025 PR\u00d3-PET N\u00ba 001\/2025 PROGRAMA DE APOIO \u00c0 EDUCA\u00c7\u00c3O TUTORIAL PR\u00d3-PET SELE\u00c7\u00c3O DE ACAD\u00caMICOS\/AS&nbsp;&hellip;<\/p>\n","protected":false},"author":698,"featured_media":0,"parent":0,"menu_order":0,"comment_status":"closed","ping_status":"closed","template":"","meta":[],"_links":{"self":[{"href":"https:\/\/www2.uepg.br\/prograd\/wp-json\/wp\/v2\/pages\/7984"}],"collection":[{"href":"https:\/\/www2.uepg.br\/prograd\/wp-json\/wp\/v2\/pages"}],"about":[{"href":"https:\/\/www2.uepg.br\/prograd\/wp-json\/wp\/v2\/types\/page"}],"author":[{"embeddable":true,"href":"https:\/\/www2.uepg.br\/prograd\/wp-json\/wp\/v2\/users\/698"}],"replies":[{"embeddable":true,"href":"https:\/\/www2.uepg.br\/prograd\/wp-json\/wp\/v2\/comments?post=7984"}],"version-history":[{"count":38,"href":"https:\/\/www2.uepg.br\/prograd\/wp-json\/wp\/v2\/pages\/7984\/revisions"}],"predecessor-version":[{"id":9380,"href":"https:\/\/www2.uepg.br\/prograd\/wp-json\/wp\/v2\/pages\/7984\/revisions\/9380"}],"wp:attachment":[{"href":"https:\/\/www2.uepg.br\/prograd\/wp-json\/wp\/v2\/media?parent=7984"}],"curies":[{"name":"wp","href":"https:\/\/api.w.org\/{rel}","templated":true}]}}